-- Table structure for table `country`
--

CREATE TABLE `country` (
  `country_id` int(10) unsigned NOT NULL AUTO_INCREMENT COMMENT '6.0 국가',
  `country_name` varchar(100) DEFAULT NULL,
  `country_name_en` varchar(100) DEFAULT NULL,
  `currency_symbol` char(1) DEFAULT NULL,
  `currency` char(3) DEFAULT NULL,
  `pic_1` varchar(100) DEFAULT NULL,
  `pic_1_title` varchar(100) DEFAULT NULL,
  `pic_1_description` varchar(5000) DEFAULT NULL,
  `pic_2` varchar(100) DEFAULT NULL,
  `pic_3` varchar(100) DEFAULT NULL,
  `pic_3_title` varchar(100) DEFAULT NULL,
  `pic_3_description` varchar(5000) DEFAULT NULL,
  `pic_4` varchar(100) DEFAULT NULL,
  `pic_4_title` varchar(100) DEFAULT NULL,
  `price_1` varchar(100) DEFAULT '',
  `price_2` varchar(100) DEFAULT NULL,
  `price_3` varchar(100) DEFAULT NULL,
  `price_4` varchar(100) DEFAULT NULL,
  `price_5` varchar(100) DEFAULT NULL,
  `price_6` varchar(100) DEFAULT NULL,
  `price_7` varchar(100) DEFAULT NULL,
  `meta_title` varchar(500) DEFAULT NULL,
  `meta_title_2` varchar(500) DEFAULT NULL,
  `meta_description` varchar(500) DEFAULT NULL,
  `meta_description_2` varchar(500) DEFAULT NULL,
  `meta_keyword` varchar(500) DEFAULT NULL,
  `meta_keyword_2` varchar(500) DEFAULT NULL,
  `sort` int(10) unsigned NOT NULL DEFAULT '0',
  `created_at` timestamp NULL DEFAULT NULL,
  `updated_at` timestamp NULL DEFAULT NULL,
  `deleted_at` timestamp NULL DEFAULT NULL,
  PRIMARY KEY (`country_id`)
) ENGINE=InnoDB AUTO_INCREMENT=10 DEFAULT CHARSET=utf8;

--
-- Dumping data for table `country`
--

INSERT INTO `country` VALUES (1,'英國','uk','£','GBP','upload/country/5c13176bc75be.jpeg','英國','英語的發源地，教育的殿堂','upload/country/5c1244b18f756.jpeg','upload/country/5c13176bc8076.jpeg','英國','英語的發源地，教育的殿堂',NULL,NULL,'',NULL,NULL,NULL,NULL,NULL,NULL,NULL,NULL,NULL,NULL,NULL,NULL,0,NULL,'2018-12-16 07:19:46',NULL),(2,'加拿大','ca','$','CAD','upload/country/5c12ad57803c8.jpeg','加拿大','高水平的教育水準，最宜居的學習環境','upload/country/5c1244fd62b1a.jpeg','upload/country/5c131b5d4ea9d.jpeg','加拿大','高水平的教育水準，最宜居的學習環境',NULL,NULL,'',NULL,NULL,NULL,NULL,NULL,NULL,NULL,NULL,NULL,NULL,NULL,NULL,0,NULL,'2018-12-14 15:10:57',NULL),(3,'美國','us','$','USD','upload/country/5c132c326faf4.jpeg','美國','菁英教育的殿堂，世界人才的培育搖籃','upload/country/5c1243cb3e55e.jpeg','upload/country/5c132c3270566.jpeg','美國','菁英教育的殿堂，世界人才的培育搖籃',NULL,NULL,'',NULL,NULL,NULL,NULL,NULL,NULL,NULL,NULL,NULL,NULL,NULL,NULL,0,NULL,'2018-12-14 04:06:10',NULL),(4,'澳洲','au','$','AUD','upload/country/5bfd09f789b6d.jpeg','澳洲','政府支持的高水準教育品質','upload/country/5c1317063d5c1.jpeg','upload/country/5c133474e9fcb.jpeg','澳洲','政府支持的高水準教育品質',NULL,NULL,'',NULL,NULL,NULL,NULL,NULL,NULL,NULL,NULL,NULL,NULL,NULL,NULL,0,NULL,'2018-12-14 04:41:24',NULL),(5,'菲律賓','ph','₱','PHP','upload/country/5c1338939e299.jpeg','菲律賓','小資進修，衝刺英文的最好選擇','upload/country/5c1338939ebd1.jpeg','upload/country/5c133893c12df.jpeg','菲律賓','小資進修，衝刺英文的最好選擇',NULL,NULL,'',NULL,NULL,NULL,NULL,NULL,NULL,NULL,NULL,NULL,NULL,NULL,NULL,0,NULL,'2018-12-14 04:58:59',NULL),(6,'愛爾蘭','ie','€','EUR','upload/country/5c136067801cf.jpeg','愛爾蘭','語言與文化的雙併體驗','upload/country/5c1338b882ef4.jpeg','upload/country/5c136053a32b9.jpeg','愛爾蘭','語言與文化的雙併體驗',NULL,NULL,'',NULL,NULL,NULL,NULL,NULL,NULL,NULL,NULL,NULL,NULL,NULL,NULL,0,NULL,'2018-12-14 07:48:55',NULL),(7,'紐西蘭','nz','$','NZD','upload/country/5c133d1fd5ef5.jpeg','紐西蘭','豐富的自然環境，高品質的英語教育','upload/country/5c1362b99abcc.jpeg','upload/country/5c133d47b8b9f.jpeg','紐西蘭','豐富的自然環境，高品質的英語教育',NULL,NULL,'',NULL,NULL,NULL,NULL,NULL,NULL,NULL,NULL,NULL,NULL,NULL,NULL,0,NULL,'2018-12-14 07:58:49',NULL),(8,'馬爾他','mt','€','EUR','upload/country/5c1365b235df3.jpeg','馬爾他','地中海的心臟，徜徉在碧海藍天的學習環境','upload/country/5c133925e98f6.jpeg','upload/country/5c1365b236972.jpeg','馬爾他','地中海的心臟，徜徉在碧海藍天的學習環境',NULL,NULL,'',NULL,NULL,NULL,NULL,NULL,NULL,NULL,NULL,NULL,NULL,NULL,NULL,0,NULL,'2018-12-14 08:11:30',NULL);

--
-- Table structure for table `country_bak`
--

CREATE TABLE `country_bak` (
  `country_id` int(10) unsigned NOT NULL AUTO_INCREMENT,
  `country_name` varchar(100) DEFAULT NULL,
  `country_name_en` varchar(100) DEFAULT NULL,
  `currency_symbol` char(1) DEFAULT NULL,
  `currency` char(3) DEFAULT NULL,
  `pic_1` varchar(100) DEFAULT NULL,
  `pic_1_title` varchar(100) DEFAULT NULL,
  `pic_1_description` varchar(5000) DEFAULT NULL,
  `pic_2` varchar(100) DEFAULT NULL,
  `pic_3` varchar(100) DEFAULT NULL,
  `pic_3_title` varchar(100) DEFAULT NULL,
  `pic_3_description` varchar(5000) DEFAULT NULL,
  `pic_4` varchar(100) DEFAULT NULL,
  `pic_4_title` varchar(100) DEFAULT NULL,
  `price_1` varchar(100) DEFAULT '',
  `price_2` varchar(100) DEFAULT NULL,
  `price_3` varchar(100) DEFAULT NULL,
  `price_4` varchar(100) DEFAULT NULL,
  `price_5` varchar(100) DEFAULT NULL,
  `price_6` varchar(100) DEFAULT NULL,
  `price_7` varchar(100) DEFAULT NULL,
  `meta_title` varchar(500) DEFAULT NULL,
  `meta_title_2` varchar(500) DEFAULT NULL,
  `meta_description` varchar(500) DEFAULT NULL,
  `meta_description_2` varchar(500) DEFAULT NULL,
  `meta_keyword` varchar(500) DEFAULT NULL,
  `meta_keyword_2` varchar(500) DEFAULT NULL,
  `sort` int(10) unsigned NOT NULL DEFAULT '0',
  `created_at` timestamp NULL DEFAULT NULL,
  `updated_at` timestamp NULL DEFAULT NULL,
  `deleted_at` timestamp NULL DEFAULT NULL,
  PRIMARY KEY (`country_id`)
) ENGINE=InnoDB AUTO_INCREMENT=9 DEFAULT CHARSET=utf8;

--
-- Dumping data for table `country_bak`
--

INSERT INTO `country_bak` VALUES (1,'英國','uk','£','GBP','upload/country/5c13176bc75be.jpeg','英國','英語的發源地，教育的殿堂','upload/country/5c1244b18f756.jpeg','upload/country/5c13176bc8076.jpeg','英國','英語的發源地，教育的殿堂',NULL,NULL,'',NULL,NULL,NULL,NULL,NULL,NULL,NULL,NULL,NULL,NULL,NULL,NULL,0,NULL,'2018-12-16 07:19:46',NULL),(2,'加拿大','ca','$','CAD','upload/country/5c12ad57803c8.jpeg','加拿大','高水平的教育水準，最宜居的學習環境','upload/country/5c1244fd62b1a.jpeg','upload/country/5c131b5d4ea9d.jpeg','加拿大','高水平的教育水準，最宜居的學習環境',NULL,NULL,'',NULL,NULL,NULL,NULL,NULL,NULL,NULL,NULL,NULL,NULL,NULL,NULL,0,NULL,'2018-12-14 15:10:57',NULL),(3,'美國','us','$','USD','upload/country/5c132c326faf4.jpeg','美國','菁英教育的殿堂，世界人才的培育搖籃','upload/country/5c1243cb3e55e.jpeg','upload/country/5c132c3270566.jpeg','美國','菁英教育的殿堂，世界人才的培育搖籃',NULL,NULL,'',NULL,NULL,NULL,NULL,NULL,NULL,NULL,NULL,NULL,NULL,NULL,NULL,0,NULL,'2018-12-14 04:06:10',NULL),(4,'澳洲','au','$','AUD','upload/country/5bfd09f789b6d.jpeg','澳洲','政府支持的高水準教育品質','upload/country/5c1317063d5c1.jpeg','upload/country/5c133474e9fcb.jpeg','澳洲','政府支持的高水準教育品質',NULL,NULL,'',NULL,NULL,NULL,NULL,NULL,NULL,NULL,NULL,NULL,NULL,NULL,NULL,0,NULL,'2018-12-14 04:41:24',NULL),(5,'菲律賓','ph','₱','PHP','upload/country/5c1338939e299.jpeg','菲律賓','小資進修，衝刺英文的最好選擇','upload/country/5c1338939ebd1.jpeg','upload/country/5c133893c12df.jpeg','菲律賓','小資進修，衝刺英文的最好選擇',NULL,NULL,'',NULL,NULL,NULL,NULL,NULL,NULL,NULL,NULL,NULL,NULL,NULL,NULL,0,NULL,'2018-12-14 04:58:59',NULL),(6,'愛爾蘭','ie','€','EUR','upload/country/5c136067801cf.jpeg','愛爾蘭','語言與文化的雙併體驗','upload/country/5c1338b882ef4.jpeg','upload/country/5c136053a32b9.jpeg','愛爾蘭','語言與文化的雙併體驗',NULL,NULL,'',NULL,NULL,NULL,NULL,NULL,NULL,NULL,NULL,NULL,NULL,NULL,NULL,0,NULL,'2018-12-14 07:48:55',NULL),(7,'紐西蘭','nz','$','NZD','upload/country/5c133d1fd5ef5.jpeg','紐西蘭','豐富的自然環境，高品質的英語教育','upload/country/5c1362b99abcc.jpeg','upload/country/5c133d47b8b9f.jpeg','紐西蘭','豐富的自然環境，高品質的英語教育',NULL,NULL,'',NULL,NULL,NULL,NULL,NULL,NULL,NULL,NULL,NULL,NULL,NULL,NULL,0,NULL,'2018-12-14 07:58:49',NULL),(8,'馬爾他','mt','€','EUR','upload/country/5c1365b235df3.jpeg','馬爾他','地中海的心臟，徜徉在碧海藍天的學習環境','upload/country/5c133925e98f6.jpeg','upload/country/5c1365b236972.jpeg','馬爾他','地中海的心臟，徜徉在碧海藍天的學習環境',NULL,NULL,'',NULL,NULL,NULL,NULL,NULL,NULL,NULL,NULL,NULL,NULL,NULL,NULL,0,NULL,'2018-12-14 08:11:30',NULL);

--
-- Table structure for table `country_banner`
--

CREATE TABLE `country_banner` (
  `cb_id` int(10) unsigned NOT NULL AUTO_INCREMENT,
  `cm_id_1` int(10) unsigned NOT NULL DEFAULT '0',
  `cm_id_2` int(10) unsigned NOT NULL DEFAULT '0',
  `banner_pc` varchar(200) DEFAULT NULL,
  `banner_s` varchar(200) DEFAULT NULL,
  `title` varchar(200) DEFAULT NULL,
  `description_1` varchar(500) DEFAULT NULL,
  `description_2` varchar(500) DEFAULT NULL,
  `description_3` varchar(500) DEFAULT NULL,
  `description_4` varchar(500) DEFAULT NULL,
  `url` varchar(255) DEFAULT NULL,
  `date_s` timestamp NULL DEFAULT NULL,
  `date_e` timestamp NULL DEFAULT NULL,
  `sort` int(10) unsigned NOT NULL DEFAULT '0',
  `created_at` timestamp NULL DEFAULT NULL,
  `updated_at` timestamp NULL DEFAULT NULL,
  `deleted_at` timestamp NULL DEFAULT NULL,
  PRIMARY KEY (`cb_id`)
) ENGINE=InnoDB DEFAULT CHARSET=utf8 COMMENT='國家內圖文區塊';

--
-- Dumping data for table `country_banner`
--


--
-- Table structure for table `country_banner_detail`
--

CREATE TABLE `country_banner_detail` (
  `cbd_id` int(10) unsigned NOT NULL AUTO_INCREMENT,
  `cb_id` int(10) unsigned NOT NULL DEFAULT '0',
  `banner_pc` varchar(200) DEFAULT NULL,
  `banner_s` varchar(200) DEFAULT NULL,
  `title` varchar(200) DEFAULT NULL,
  `description_1` varchar(500) DEFAULT NULL,
  `description_2` varchar(500) DEFAULT NULL,
  `description_3` varchar(500) DEFAULT NULL,
  `url` varchar(255) DEFAULT NULL,
  `date_s` timestamp NULL DEFAULT NULL,
  `date_e` timestamp NULL DEFAULT NULL,
  `sort` int(10) unsigned NOT NULL DEFAULT '0',
  `created_at` timestamp NULL DEFAULT NULL,
  `updated_at` timestamp NULL DEFAULT NULL,
  `deleted_at` timestamp NULL DEFAULT NULL,
  PRIMARY KEY (`cbd_id`)
) ENGINE=InnoDB DEFAULT CHARSET=utf8 COMMENT='國家內圖文區塊-圖文內圖文';

--
-- Dumping data for table `country_banner_detail`
--


--
-- Table structure for table `country_detail`
--

CREATE TABLE `country_detail` (
  `cd_id` int(10) unsigned NOT NULL AUTO_INCREMENT,
  `country_id` int(10) unsigned NOT NULL DEFAULT '0',
  `cd_name` varchar(100) DEFAULT NULL,
  `url` varchar(100) DEFAULT NULL,
  `sort` int(10) unsigned NOT NULL DEFAULT '0',
  `created_at` timestamp NULL DEFAULT NULL,
  `updated_at` timestamp NULL DEFAULT NULL,
  `deleted_at` timestamp NULL DEFAULT NULL,
  `flag` tinyint(1) unsigned NOT NULL DEFAULT '0',
  PRIMARY KEY (`cd_id`)
) ENGINE=InnoDB DEFAULT CHARSET=utf8;

--
-- Dumping data for table `country_detail`
--


--
-- Table structure for table `country_list`
--

CREATE TABLE `country_list` (
  `country_uid` int(11) NOT NULL AUTO_INCREMENT,
  `code_domain` char(2) COLLATE utf8mb4_unicode_ci NOT NULL COMMENT '국가별 최상위 도메인',
  `code_num` char(3) COLLATE utf8mb4_unicode_ci NOT NULL DEFAULT '0' COMMENT 'ISO 3166-1 (국가코드 3자리)',
  `name_en` varchar(50) COLLATE utf8mb4_unicode_ci NOT NULL,
  `name_kr` varchar(50) COLLATE utf8mb4_unicode_ci NOT NULL,
  `name_tw` varchar(100) COLLATE utf8mb4_unicode_ci NOT NULL,
  `currency` char(3) COLLATE utf8mb4_unicode_ci NOT NULL COMMENT '국가 통화코드(KRW)',
  `symbol` char(1) COLLATE utf8mb4_unicode_ci NOT NULL DEFAULT '',
  `flag` varchar(100) COLLATE utf8mb4_unicode_ci NOT NULL DEFAULT '',
  `lineup` tinyint(4) NOT NULL DEFAULT '50' COMMENT '화면정렬순서',
  `display` enum('Y','N') COLLATE utf8mb4_unicode_ci NOT NULL DEFAULT 'Y' COMMENT '화면표시여부',
  `useful` enum('Y','N') COLLATE utf8mb4_unicode_ci NOT NULL DEFAULT 'Y' COMMENT '사용여부',
  PRIMARY KEY (`country_uid`),
  UNIQUE KEY `code_domain_UNIQUE` (`code_domain`),
  UNIQUE KEY `code_tel_UNIQUE` (`code_num`)
) ENGINE=InnoDB AUTO_INCREMENT=15 DEFAULT CHARSET=utf8mb4 COLLATE=utf8mb4_unicode_ci;

--
-- Dumping data for table `country_list`
--

INSERT INTO `country_list` VALUES (1,'kr','410','Korea','한국','韓國','KRW','₩','',12,'Y','Y'),(2,'uk','826','England','영국','英國','GBP','£','',2,'Y','Y'),(3,'ie','372','Ireland','아일랜드','愛爾蘭','EUR','€','',6,'Y','Y'),(4,'mt','470','Malta','몰타','馬爾他','EUR','€','',8,'Y','Y'),(5,'ph','608','Philippines','필리핀','菲律賓','PHP','₱','',5,'Y','Y'),(6,'us','840','America','미국','美國','USD','$','',1,'Y','Y'),(7,'ca','124','Canada','캐나다','加拿大','CAD','$','',3,'Y','Y'),(8,'au','036','Australia','호주','澳洲','AUD','$','',4,'Y','Y'),(9,'nz','554','NewZealand','뉴질랜드','紐西蘭','NZD','$','',7,'Y','Y'),(10,'ch','756','Switzerland','스위스','瑞式','CHF','','',9,'Y','Y'),(11,'nl','528','Netherlands','네덜란드','荷蘭','EUR','€','',10,'Y','Y'),(12,'sg','702','Singapore ','싱가포르','新加坡','SGD','$','',11,'Y','Y'),(13,'tw','158','Taiwan ','대만','台灣','TWD','$','',13,'Y','Y'),(14,'nn','999','etc','기타','其他','etc','','',14,'Y','Y');

--
-- Table structure for table `country_menu`
--

CREATE TABLE `country_menu` (
  `cm_id` int(10) unsigned NOT NULL AUTO_INCREMENT,
  `country_id` int(10) unsigned NOT NULL DEFAULT '0',
  `cm_type_id` int(10) unsigned NOT NULL DEFAULT '0',
  `cm_method_id` tinyint(1) unsigned NOT NULL DEFAULT '0',
  `cm_name` varchar(100) DEFAULT NULL,
  `cm_url` varchar(200) DEFAULT NULL COMMENT 'Routing URL',
  `sort` tinyint(1) unsigned NOT NULL DEFAULT '0',
  `is_hide` tinyint(1) unsigned NOT NULL DEFAULT '0',
  `created_at` timestamp NULL DEFAULT NULL,
  `updated_at` timestamp NULL DEFAULT NULL,
  `deleted_at` timestamp NULL DEFAULT NULL,
  `meta_title` varchar(255) DEFAULT NULL,
  `meta_keyword` varchar(500) DEFAULT NULL,
  `meta_description` varchar(1000) DEFAULT NULL,
  PRIMARY KEY (`cm_id`)
) ENGINE=InnoDB AUTO_INCREMENT=137 DEFAULT CHARSET=utf8;

--
-- Dumping data for table `country_menu`
--

INSERT INTO `country_menu` VALUES (1,1,1,1,'總覽',NULL,1,0,NULL,NULL,NULL,NULL,NULL,NULL),(2,1,1,2,'留學概要',NULL,2,0,NULL,'2019-08-08 11:00:09',NULL,'英國留學專業代辦《19年經驗4萬名學生》| ed:m 專業留學代辦','英國留學代辦、英國留學代辦推薦','英國留學代辦，推薦首選找 ed:m，我們擁有19年留遊學諮詢經驗，服務超過4萬名學生。ed:m 海外辦事處於全球主要城市共有12據點，包括倫敦、紐約、加拿大、溫哥華等，是您留遊學代辦第一首選'),(3,1,1,3,'課程概要',NULL,3,1,NULL,NULL,NULL,NULL,NULL,NULL),(4,1,1,4,'學校排名',NULL,4,1,NULL,NULL,NULL,NULL,NULL,NULL),(5,1,1,5,'推薦課程',NULL,5,1,NULL,NULL,NULL,NULL,NULL,NULL),(6,1,1,6,'獎學金資訊',NULL,6,1,NULL,'2018-12-13 21:42:12',NULL,NULL,NULL,NULL),(7,1,1,7,'住宿情報',NULL,7,0,NULL,'2020-04-22 10:28:17',NULL,'英國留學住宿情報| ed:m 留遊學','英國留學住宿','ed:m 留遊學，帶你深入理解英國留學住宿情報，無論是英國寄宿家庭、學生宿舍或是學生公寓，都能在這邊找到適合自己的住宿方式，每位學生的留遊學計畫ed:m都負責到底。'),(8,1,1,8,'簽證資訊',NULL,8,0,NULL,'2020-04-22 10:20:27',NULL,'英國留學簽證資訊| ed:m 留遊學','英國留學簽證,英國學生簽證,TIER4','ed:m 留遊學，帶你深入理解英國留學學生簽證(TIER4)資訊，每位學生的留遊學計畫ed:m都負責到底。'),(9,1,2,1,'總覽',NULL,1,0,NULL,'2018-12-06 07:14:18',NULL,NULL,NULL,NULL),(10,1,2,2,'生活概要',NULL,2,0,NULL,'2019-08-08 10:56:20',NULL,'英國遊學專業代辦《19年經驗4萬名學生》| ed:m 專業遊學代辦','英國遊學、英國遊學代辦、英國遊學推薦、英國遊學團','英國遊學代辦提供個人遊學、英國遊學團等，推薦首選找 ed:m，我們擁有19年留遊學諮詢經驗，服務超過4萬名學生。ed:m 海外辦事處於全球主要城市共有12據點，包括倫敦、紐約、加拿大、溫哥華等，是您留遊學代辦第一首選'),(11,1,2,3,'城市介紹',NULL,3,1,NULL,NULL,NULL,NULL,NULL,NULL),(12,1,2,4,'課程類型',NULL,4,1,NULL,NULL,NULL,NULL,NULL,NULL),(13,1,2,5,'推薦課程',NULL,5,1,NULL,'2018-12-01 08:39:14',NULL,NULL,NULL,NULL),(14,1,2,6,'學校優惠',NULL,6,1,NULL,'2018-12-13 21:42:12',NULL,NULL,NULL,NULL),(15,1,2,7,'住宿情報',NULL,7,0,NULL,'2020-04-22 09:57:10',NULL,'英國遊學住宿情報| ed:m 留遊學','英國寄宿家庭,英國遊學住宿','ed:m 留遊學，帶你深入理解英國遊學住宿情報，無論是英國寄宿家庭、語言學校提供的學生宿舍或是學生公寓，都能在這邊找到適合自己的住宿方式，每位學生的留遊學計畫ed:m都負責到底。'),(16,1,2,8,'簽證資訊',NULL,8,0,NULL,'2020-04-22 09:42:16',NULL,'英國簽證資訊 | ed:m 留遊學','英國簽證,英國學生簽證,英國免簽','ed:m 留遊學，帶你深入理解英國簽證資訊，無論是英國免簽證資格或是英國學生簽證，每位學生的留遊學計畫ed:m都負責到底。'),(17,2,1,1,'總覽',NULL,1,0,NULL,NULL,NULL,NULL,NULL,NULL),(18,2,1,2,'留學概要',NULL,2,0,NULL,'2019-08-08 10:57:51',NULL,'加拿大留學專業代辦《19年經驗4萬名學生》| ed:m 專業留學代辦','加拿大留學代辦、加拿大留學代辦推薦','加拿大留學代辦，留學遊學代辦，推薦首選找 ed:m，我們留學/遊學代辦中心擁有19年留遊學諮詢經驗，服務超過4萬名學生。ed:m 海外辦事處於全球主要城市共有12據點，包括倫敦、紐約、加拿大、溫哥華等，是您留遊學代辦第一首選'),(19,2,1,3,'課程概要',NULL,3,1,NULL,NULL,NULL,NULL,NULL,NULL),(20,2,1,4,'學校排名',NULL,4,1,NULL,'2018-11-27 09:07:59',NULL,NULL,NULL,NULL),(21,2,1,5,'推薦課程',NULL,5,1,NULL,NULL,NULL,NULL,NULL,NULL),(22,2,1,6,'獎學金資訊',NULL,6,1,NULL,'2018-11-27 09:07:59',NULL,NULL,NULL,NULL),(23,2,1,7,'住宿情報',NULL,7,0,NULL,'2020-04-22 10:27:09',NULL,'加拿大留學住宿情報| ed:m 留遊學','加拿大留學住宿','ed:m 留遊學，帶你深入理解加拿大留學住宿情報，無論是加拿大寄宿家庭、學生宿舍或是學生公寓，都能在這邊找到適合自己的住宿方式，每位學生的留遊學計畫ed:m都負責到底。'),(24,2,1,8,'簽證資訊',NULL,8,0,NULL,'2020-04-22 10:22:09',NULL,'加拿大留學簽證資訊| ed:m 留遊學','加拿大留學簽證,加拿大學生簽證','ed:m 留遊學，帶你深入理解加拿大留學學生簽證資訊，每位學生的留遊學計畫ed:m都負責到底。'),(25,2,2,1,'總覽',NULL,1,0,NULL,NULL,NULL,NULL,NULL,NULL),(26,2,2,2,'生活概要',NULL,2,0,NULL,'2019-08-08 10:58:26',NULL,'加拿大遊學專業代辦《19年經驗4萬名學生》| ed:m 專業遊學代辦','加拿大遊學、加拿大遊學代辦、加拿大遊學推薦、加拿大遊學團','加拿大遊學代辦提供個人遊學、加拿大遊學團等，推薦首選找 ed:m，我們擁有19年留遊學諮詢經驗，服務超過4萬名學生。ed:m 海外辦事處於全球主要城市共有12據點，包括倫敦、紐約、加拿大、溫哥華等，是您留遊學代辦第一首選'),(27,2,2,3,'城市介紹',NULL,3,1,NULL,NULL,NULL,NULL,NULL,NULL),(28,2,2,4,'課程類型',NULL,4,1,NULL,NULL,NULL,NULL,NULL,NULL),(29,2,2,5,'推薦課程',NULL,5,1,NULL,NULL,NULL,NULL,NULL,NULL),(30,2,2,6,'獎學金資訊',NULL,6,1,NULL,'2018-11-27 09:07:59',NULL,NULL,NULL,NULL),(31,2,2,7,'住宿情報',NULL,7,0,NULL,'2020-04-22 10:02:06',NULL,'加拿大遊學住宿情報| ed:m 留遊學','加拿大住宿,加拿大寄宿家庭','ed:m 留遊學，帶你深入理解加拿大遊學住宿情報，無論是加拿大寄宿家庭、語言學校提供的學生宿舍或是學生公寓，都能在這邊找到適合自己的住宿方式，每位學生的留遊學計畫ed:m都負責到底。'),(32,2,2,8,'簽證資訊',NULL,8,0,NULL,'2020-04-22 09:38:42',NULL,'加拿大簽證資訊 | ed:m 留遊學','加拿大簽證,加拿大學生簽證,加拿大ETA','ed:m 留遊學，帶你深入理解加拿大簽證資訊，無論是加拿大電子旅遊許可(ETA)或是加拿大學生簽證，每位學生的留遊學計畫ed:m都負責到底。'),(33,3,1,1,'總覽',NULL,1,0,NULL,NULL,NULL,NULL,NULL,NULL),(34,3,1,2,'留學概要',NULL,2,0,NULL,'2019-08-08 10:59:16',NULL,'美國留學專業代辦《19年經驗4萬名學生》| ed:m 專業留學代辦','美國留學代辦、美國留學代辦推薦','美國留學代辦，推薦首選找 ed:m，我們留學/遊學代辦中心擁有19年留遊學諮詢經驗，服務超過4萬名學生。ed:m 海外辦事處於全球主要城市共有12據點，包括倫敦、紐約、加拿大、溫哥華等，是您留遊學代辦第一首選'),(35,3,1,3,'課程概要',NULL,3,1,NULL,'2018-11-27 07:24:58',NULL,NULL,NULL,NULL),(36,3,1,4,'學校排名',NULL,4,1,NULL,'2018-11-27 07:24:58',NULL,NULL,NULL,NULL),(37,3,1,5,'推薦課程',NULL,5,1,NULL,NULL,NULL,NULL,NULL,NULL),(38,3,1,6,'獎學金資訊',NULL,6,1,NULL,'2018-11-27 07:24:58',NULL,NULL,NULL,NULL),(39,3,1,7,'住宿情報',NULL,7,0,NULL,'2020-04-22 10:29:16',NULL,'美國留學住宿情報| ed:m 留遊學','美國留學住宿','ed:m 留遊學，帶你深入理解美國留學住宿情報，無論是美國寄宿家庭、學生宿舍或是學生公寓，都能在這邊找到適合自己的住宿方式，每位學生的留遊學計畫ed:m都負責到底。'),(40,3,1,8,'簽證資訊',NULL,8,0,NULL,'2020-04-22 10:30:10',NULL,'美國留學簽證資訊| ed:m 留遊學','美國學生簽證,美國留學簽證','ed:m 留遊學，帶你深入理解美國留學學生簽證資訊，每位學生的留遊學計畫ed:m都負責到底。'),(41,3,2,1,'總覽',NULL,1,0,NULL,NULL,NULL,NULL,NULL,NULL),(42,3,2,2,'生活概要',NULL,2,0,NULL,'2019-08-08 10:59:41',NULL,'美國遊學專業代辦《19年經驗4萬名學生》| ed:m 專業遊學代辦','美國遊學、美國遊學代辦、美國遊學代辦推薦、美國遊學團','美國遊學代辦提供個人遊學、美國遊學團等，推薦首選找 ed:m，我們擁有19年留遊學諮詢經驗，服務超過4萬名學生。ed:m 海外辦事處於全球主要城市共有12據點，包括倫敦、紐約、加拿大、溫哥華等，是您留遊學代辦第一首選'),(43,3,2,3,'城市介紹',NULL,3,1,NULL,NULL,NULL,NULL,NULL,NULL),(44,3,2,4,'課程類型',NULL,4,1,NULL,NULL,NULL,NULL,NULL,NULL),(45,3,2,5,'推薦課程',NULL,5,1,NULL,NULL,NULL,NULL,NULL,NULL),(46,3,2,6,'學校優惠',NULL,6,1,NULL,'2018-11-27 07:24:58',NULL,NULL,NULL,NULL),(47,3,2,7,'住宿情報',NULL,7,0,NULL,'2020-04-22 10:01:40',NULL,'美國遊學住宿情報| ed:m 留遊學','美國住宿,美國寄宿家庭','ed:m 留遊學，帶你深入理解美國遊學住宿情報，無論是美國寄宿家庭、語言學校提供的學生宿舍或是學生公寓，都能在這邊找到適合自己的住宿方式，每位學生的留遊學計畫ed:m都負責到底。'),(48,3,2,8,'簽證資訊',NULL,8,0,NULL,'2020-04-22 09:43:51',NULL,'美國簽證資訊 | ed:m 留遊學','美國觀光簽證,美國ESTA,美國學生簽證','ed:m 留遊學，帶你深入理解美國簽證資訊，無論是美國觀光簽證(ESTA)或是美國學生簽證，每位學生的留遊學計畫ed:m都負責到底。'),(49,4,1,1,'總覽',NULL,1,0,NULL,'2018-12-25 02:34:29',NULL,NULL,NULL,NULL),(50,4,1,2,'留學概要',NULL,2,1,NULL,'2018-11-27 08:54:30',NULL,NULL,NULL,NULL),(51,4,1,3,'課程概要',NULL,3,1,NULL,'2018-11-27 08:54:30',NULL,NULL,NULL,NULL),(52,4,1,4,'學校排名',NULL,4,1,NULL,'2018-11-27 08:54:30',NULL,NULL,NULL,NULL),(53,4,1,5,'推薦課程',NULL,5,1,NULL,'2018-11-27 08:54:30',NULL,NULL,NULL,NULL),(54,4,1,6,'獎學金資訊',NULL,6,1,NULL,'2018-11-27 08:54:30',NULL,NULL,NULL,NULL),(55,4,1,7,'住宿情報',NULL,7,1,NULL,'2018-11-27 08:54:30',NULL,NULL,NULL,NULL),(56,4,1,8,'簽證資訊',NULL,8,1,NULL,'2018-12-09 12:24:32',NULL,NULL,NULL,NULL),(57,4,2,1,'總覽',NULL,1,0,NULL,'2018-12-18 03:24:12',NULL,NULL,NULL,NULL),(58,4,2,2,'生活概要',NULL,2,0,NULL,'2019-10-07 10:23:27',NULL,'澳洲留遊學專業代辦《19年經驗4萬名學生》| ed:m 專業留學代辦','澳洲遊學代辦','澳洲留遊學代辦，推薦首選找 ed:m，我們擁有19年留遊學諮詢經驗，服務超過4萬名學生。ed:m 海外辦事處於全球主要城市共有20據點，包括倫敦、紐約、柏克萊、溫哥華及雪梨等等，是您澳洲留學代辦第一首選'),(59,4,2,3,'城市介紹',NULL,3,1,NULL,'2018-12-06 17:30:28',NULL,NULL,NULL,NULL),(60,4,2,4,'課程類型',NULL,4,1,NULL,NULL,NULL,NULL,NULL,NULL),(61,4,2,5,'推薦課程',NULL,5,1,NULL,NULL,NULL,NULL,NULL,NULL),(62,4,2,6,'學校優惠',NULL,6,1,NULL,'2018-11-27 08:54:30',NULL,NULL,NULL,NULL),(63,4,2,7,'住宿情報',NULL,7,0,NULL,'2020-04-22 10:06:22',NULL,'澳洲遊學住宿情報| ed:m 留遊學','澳洲寄宿家庭','ed:m 留遊學，帶你深入理解澳洲遊學住宿情報，無論是澳洲寄宿家庭、語言學校提供的學生宿舍，都能在這邊找到適合自己的住宿方式，每位學生的留遊學計畫ed:m都負責到底。'),(64,4,2,8,'簽證資訊',NULL,8,0,NULL,'2020-04-22 09:39:58',NULL,'澳洲簽證資訊 | ed:m 留遊學','澳洲簽證,澳洲學生簽證','ed:m 留遊學，帶你深入理解澳洲簽證資訊，無論是澳洲電子旅遊許可(ETA)或是澳洲學生簽證，每位學生的留遊學計畫ed:m都負責到底。'),(65,5,1,1,'總覽',NULL,1,0,NULL,NULL,NULL,NULL,NULL,NULL),(66,5,1,2,'留學概要',NULL,2,1,NULL,'2018-11-27 09:12:01',NULL,NULL,NULL,NULL),(67,5,1,3,'課程概要',NULL,3,1,NULL,'2018-11-27 09:12:01',NULL,NULL,NULL,NULL),(68,5,1,4,'學校排名',NULL,4,1,NULL,'2018-11-27 09:12:01',NULL,NULL,NULL,NULL),(69,5,1,5,'推薦課程',NULL,5,1,NULL,'2018-11-27 09:12:01',NULL,NULL,NULL,NULL),(70,5,1,6,'獎學金資訊',NULL,6,1,NULL,'2018-11-27 09:12:01',NULL,NULL,NULL,NULL),(71,5,1,7,'住宿情報',NULL,7,1,NULL,'2018-11-27 09:12:01',NULL,NULL,NULL,NULL),(72,5,1,8,'簽證資訊',NULL,8,1,NULL,'2018-12-09 12:24:42',NULL,NULL,NULL,NULL),(73,5,2,1,'總覽',NULL,1,0,NULL,NULL,NULL,NULL,NULL,NULL),(74,5,2,2,'生活概要',NULL,2,0,NULL,'2019-10-07 10:10:14',NULL,'菲律賓遊學專業代辦《19年經驗4萬名學生》| ed:m 專業遊學代辦','菲律賓遊學團','菲律賓遊學代辦提供個人遊學、菲律賓遊學團等，推薦首選找 ed:m，我們擁有19年留遊學諮詢經驗，服務超過4萬名學生。ed:m 海外辦事處於全球主要城市共有12據點，包括倫敦、紐約、加拿大、溫哥華等，是您留遊學代辦第一首選'),(75,5,2,3,'城市介紹',NULL,3,1,NULL,'2018-11-27 09:12:01',NULL,NULL,NULL,NULL),(76,5,2,4,'課程類型',NULL,4,1,NULL,NULL,NULL,NULL,NULL,NULL),(77,5,2,5,'推薦課程',NULL,5,1,NULL,NULL,NULL,NULL,NULL,NULL),(78,5,2,6,'獎學金資訊',NULL,6,1,NULL,'2018-11-27 09:12:01',NULL,NULL,NULL,NULL),(79,5,2,7,'住宿情報',NULL,7,0,NULL,'2020-04-22 10:07:21',NULL,'菲律賓遊學住宿情報| ed:m 留遊學','菲律賓住宿,菲律賓宿舍','ed:m 留遊學，帶你深入理解菲律賓遊學住宿情報，無論是菲律賓寄宿家庭、語言學校提供的學生宿舍，都能在這邊找到適合自己的住宿方式，每位學生的留遊學計畫ed:m都負責到底。'),(80,5,2,8,'簽證資訊',NULL,8,0,NULL,'2020-04-22 09:46:23',NULL,'菲律賓簽證資訊 | ed:m 留遊學','菲律賓簽證,菲律賓紙本簽證,菲律賓電子旅遊許可','ed:m 留遊學，帶你深入理解菲律賓簽證資訊，無論是菲律賓電子旅遊許可(ETA)或是菲律賓紙本簽證，每位學生的留遊學計畫ed:m都負責到底。'),(81,6,1,1,'總覽',NULL,1,0,NULL,NULL,NULL,NULL,NULL,NULL),(82,6,1,2,'留學概要',NULL,2,1,NULL,'2018-11-27 09:18:01',NULL,NULL,NULL,NULL),(83,6,1,3,'課程概要',NULL,3,1,NULL,'2018-11-27 09:18:01',NULL,NULL,NULL,NULL),(84,6,1,4,'學校排名',NULL,4,1,NULL,'2018-11-27 09:18:01',NULL,NULL,NULL,NULL),(85,6,1,5,'推薦課程',NULL,5,1,NULL,'2018-11-27 09:18:01',NULL,NULL,NULL,NULL),(86,6,1,6,'獎學金資訊',NULL,6,1,NULL,'2018-11-27 09:18:01',NULL,NULL,NULL,NULL),(87,6,1,7,'住宿情報',NULL,7,1,NULL,'2018-11-27 09:18:01',NULL,NULL,NULL,NULL),(88,6,1,8,'簽證資訊',NULL,8,1,NULL,'2018-12-09 12:24:55',NULL,NULL,NULL,NULL),(89,6,2,1,'總覽',NULL,1,0,NULL,NULL,NULL,NULL,NULL,NULL),(90,6,2,2,'生活概要',NULL,2,0,NULL,'2020-04-22 09:31:01',NULL,'愛爾蘭遊學生活概要 | ed:m 留遊學','愛爾蘭遊學','ed:m 留遊學，帶你深入理解愛爾蘭遊學生活概要，每位學生的留遊學計畫ed:m都負責到底。'),(91,6,2,3,'城市介紹',NULL,3,1,NULL,'2018-11-27 09:18:01',NULL,NULL,NULL,NULL),(92,6,2,4,'課程類型',NULL,4,1,NULL,NULL,NULL,NULL,NULL,NULL),(93,6,2,5,'推薦課程',NULL,5,1,NULL,NULL,NULL,NULL,NULL,NULL),(94,6,2,6,'獎學金資訊',NULL,6,1,NULL,'2018-11-27 09:18:01',NULL,NULL,NULL,NULL),(95,6,2,7,'住宿情報',NULL,7,0,NULL,'2020-04-22 10:16:38',NULL,'愛爾蘭遊學住宿情報| ed:m 留遊學','愛爾蘭寄宿家庭','ed:m 留遊學，帶你深入理解愛爾蘭遊學住宿情報，無論是愛爾蘭寄宿家庭、語言學校提供的學生宿舍，都能在這邊找到適合自己的住宿方式，每位學生的留遊學計畫ed:m都負責到底。'),(96,6,2,8,'簽證資訊',NULL,8,0,NULL,'2020-04-22 09:45:07',NULL,'愛爾蘭簽證資訊 | ed:m 留遊學','愛爾蘭學生簽證','ed:m 留遊學，帶你深入理解愛爾蘭簽證資訊，無論是愛爾蘭免簽計畫資格或是愛爾蘭學生簽證，每位學生的留遊學計畫ed:m都負責到底。'),(97,7,1,1,'總覽',NULL,1,0,NULL,NULL,NULL,NULL,NULL,NULL),(98,7,1,2,'留學概要',NULL,2,1,NULL,'2018-11-27 09:20:38',NULL,NULL,NULL,NULL),(99,7,1,3,'課程概要',NULL,3,1,NULL,'2018-11-27 09:20:38',NULL,NULL,NULL,NULL),(100,7,1,4,'學校排名',NULL,4,1,NULL,'2018-11-27 09:20:38',NULL,NULL,NULL,NULL),(101,7,1,5,'推薦課程',NULL,5,1,NULL,'2018-11-27 09:20:38',NULL,NULL,NULL,NULL),(102,7,1,6,'獎學金資訊',NULL,6,1,NULL,'2018-11-27 09:20:38',NULL,NULL,NULL,NULL),(103,7,1,7,'住宿情報',NULL,7,1,NULL,'2018-11-27 09:20:38',NULL,NULL,NULL,NULL),(104,7,1,8,'簽證資訊',NULL,8,1,NULL,'2018-12-09 12:25:06',NULL,NULL,NULL,NULL),(105,7,2,1,'總覽',NULL,1,0,NULL,NULL,NULL,NULL,NULL,NULL),(106,7,2,2,'生活概要',NULL,2,0,NULL,'2019-10-24 07:01:59',NULL,'紐西蘭遊學 | ed:m 專業遊學代辦','紐西蘭遊學團','ed:m 提供紐西蘭遊學、紐西蘭遊學團，留學遊學代辦，我們留學/遊學代辦中心擁有19年留遊學諮詢經驗，服務超過4萬名學生。ed:m 海外辦事處於全球主要城市共有12據點，包括倫敦、紐約、加拿大、溫哥華等，是您紐西蘭遊學團第一首選。'),(107,7,2,3,'城市介紹',NULL,3,1,NULL,'2018-11-27 09:20:38',NULL,NULL,NULL,NULL),(108,7,2,4,'課程類型',NULL,4,1,NULL,NULL,NULL,NULL,NULL,NULL),(109,7,2,5,'推薦課程',NULL,5,1,NULL,NULL,NULL,NULL,NULL,NULL),(110,7,2,6,'獎學金資訊',NULL,6,1,NULL,'2018-11-27 09:20:38',NULL,NULL,NULL,NULL),(111,7,2,7,'住宿情報',NULL,7,0,NULL,'2019-10-24 07:02:45',NULL,'紐西蘭遊學 | ed:m 專業遊學代辦','紐西蘭遊學團','ed:m 提供紐西蘭遊學、紐西蘭遊學團，留學遊學代辦，我們留學/遊學代辦中心擁有19年留遊學諮詢經驗，服務超過4萬名學生。ed:m 海外辦事處於全球主要城市共有12據點，包括倫敦、紐約、加拿大、溫哥華等，是您紐西蘭遊學團第一首選。'),(112,7,2,8,'簽證資訊',NULL,8,0,NULL,'2019-10-24 07:03:07',NULL,'紐西蘭遊學 | ed:m 專業遊學代辦','紐西蘭遊學團','ed:m 提供紐西蘭遊學、紐西蘭遊學團，留學遊學代辦，我們留學/遊學代辦中心擁有19年留遊學諮詢經驗，服務超過4萬名學生。ed:m 海外辦事處於全球主要城市共有12據點，包括倫敦、紐約、加拿大、溫哥華等，是您紐西蘭遊學團第一首選。'),(113,8,1,1,'總覽',NULL,1,0,NULL,NULL,NULL,NULL,NULL,NULL),(114,8,1,2,'留學概要',NULL,2,1,NULL,'2018-11-27 09:21:41',NULL,NULL,NULL,NULL),(115,8,1,3,'課程概要',NULL,3,1,NULL,'2018-11-27 09:21:41',NULL,NULL,NULL,NULL),(116,8,1,4,'學校排名',NULL,4,1,NULL,'2018-11-27 09:21:41',NULL,NULL,NULL,NULL),(117,8,1,5,'推薦課程',NULL,5,1,NULL,'2018-11-27 09:21:41',NULL,NULL,NULL,NULL),(118,8,1,6,'獎學金資訊',NULL,6,1,NULL,'2018-11-27 09:21:41',NULL,NULL,NULL,NULL),(119,8,1,7,'住宿情報',NULL,7,1,NULL,'2018-11-27 09:21:41',NULL,NULL,NULL,NULL),(120,8,1,8,'簽證資訊',NULL,8,1,NULL,'2018-12-09 12:25:18',NULL,NULL,NULL,NULL),(121,8,2,1,'總覽',NULL,1,0,NULL,NULL,NULL,NULL,NULL,NULL),(122,8,2,2,'生活概要',NULL,2,0,NULL,'2020-04-22 09:28:52',NULL,'馬爾他遊學生活概要 | ed:m 留遊學','馬爾他遊學','ed:m 留遊學，帶你深入理解馬爾他遊學生活概要，每位學生的留遊學計畫ed:m都負責到底。'),(123,8,2,3,'城市介紹',NULL,3,1,NULL,'2018-11-27 09:21:41',NULL,NULL,NULL,NULL),(124,8,2,4,'課程類型',NULL,4,1,NULL,NULL,NULL,NULL,NULL,NULL),(125,8,2,5,'推薦課程',NULL,5,1,NULL,NULL,NULL,NULL,NULL,NULL),(126,8,2,6,'獎學金資訊',NULL,6,1,NULL,'2018-11-27 09:21:41',NULL,NULL,NULL,NULL),(127,8,2,7,'住宿情報',NULL,7,0,NULL,'2020-04-22 10:17:41',NULL,'馬爾他遊學住宿情報| ed:m 留遊學','馬爾他遊學住宿','ed:m 留遊學，帶你深入理解馬爾他遊學住宿情報，無論是馬爾他寄宿家庭、語言學校提供的學生宿舍，都能在這邊找到適合自己的住宿方式，每位學生的留遊學計畫ed:m都負責到底。'),(128,8,2,8,'簽證資訊',NULL,8,0,NULL,'2020-04-22 09:51:25',NULL,'馬爾他簽證資訊 | ed:m 留遊學','馬爾他簽證,馬爾他學生簽證','ed:m 留遊學，帶你深入理解馬爾他簽證資訊，無論是馬爾他免簽計畫或是馬爾他學生簽證，每位學生的留遊學計畫ed:m都負責到底。'),(129,3,3,1,'美國中學教育介紹','early-study-intro',1,0,'2019-10-02 15:48:53','2019-10-02 15:48:53',NULL,NULL,NULL,NULL),(130,3,3,2,'如何申請美國中學','early-study-admission',2,0,'2019-10-02 15:48:53','2019-10-02 15:48:53',NULL,NULL,NULL,NULL),(131,3,3,3,'學校介紹','early-study-school',3,1,'2019-10-02 15:48:53','2019-10-02 15:48:53',NULL,NULL,NULL,NULL),(132,3,3,4,'學生生活','early-study-life',4,1,'2019-10-02 15:48:53','2019-10-02 15:48:53',NULL,NULL,NULL,NULL),(133,3,3,5,'特別表現','early-study-feature',5,1,'2019-10-02 15:48:53','2019-10-02 15:48:53',NULL,NULL,NULL,NULL),(134,3,3,6,'課程類型','early-study-amerigo',6,0,'2019-10-02 15:48:53','2019-10-02 15:48:53',NULL,NULL,NULL,NULL);

--
-- Table structure for table `country_menu_1`
--

CREATE TABLE `country_menu_1` (
  `cm_id_1` int(10) unsigned NOT NULL AUTO_INCREMENT,
  `country_id` int(10) unsigned NOT NULL DEFAULT '0',
  `country_menu_category_id` int(10) unsigned NOT NULL DEFAULT '0',
  `menu_name` varchar(100) DEFAULT NULL,
  `title` varchar(200) DEFAULT NULL,
  `description` varchar(1000) DEFAULT NULL,
  `pic` varchar(100) DEFAULT NULL,
  `sort` int(10) unsigned NOT NULL DEFAULT '0',
  `created_at` timestamp NULL DEFAULT NULL,
  `updated_at` timestamp NULL DEFAULT NULL,
  `deleted_at` timestamp NULL DEFAULT NULL,
  `flag` tinyint(1) unsigned NOT NULL DEFAULT '0',
  PRIMARY KEY (`cm_id_1`)
) ENGINE=InnoDB AUTO_INCREMENT=4 DEFAULT CHARSET=utf8;

--
-- Dumping data for table `country_menu_1`
--

INSERT INTO `country_menu_1` VALUES (1,1,0,'留學概要','',NULL,NULL,0,NULL,NULL,NULL,0),(2,1,0,'課程概要',NULL,NULL,NULL,0,NULL,NULL,NULL,0),(3,1,0,'學校排名',NULL,NULL,NULL,0,NULL,NULL,NULL,0);

--
-- Table structure for table `country_menu_2`
--

CREATE TABLE `country_menu_2` (
  `cm_id_2` int(10) unsigned NOT NULL AUTO_INCREMENT,
  `cm_id_1` int(10) unsigned NOT NULL DEFAULT '0',
  `menu_name` varchar(100) DEFAULT NULL,
  `title` varchar(200) DEFAULT NULL,
  `description` varchar(1000) DEFAULT NULL,
  `sort` int(10) unsigned NOT NULL DEFAULT '0',
  `created_at` timestamp NULL DEFAULT NULL,
  `updated_at` timestamp NULL DEFAULT NULL,
  `deleted_at` timestamp NULL DEFAULT NULL,
  PRIMARY KEY (`cm_id_2`)
) ENGINE=InnoDB DEFAULT CHARSET=utf8;

--
-- Dumping data for table `country_menu_2`
--


--
-- Table structure for table `country_page`
--

CREATE TABLE `country_page` (
  `cp_id` int(10) unsigned NOT NULL AUTO_INCREMENT,
  `page_type_id` tinyint(1) unsigned NOT NULL DEFAULT '0',
  `page_id` tinyint(1) unsigned NOT NULL DEFAULT '0',
  `country_id` int(10) unsigned NOT NULL DEFAULT '0',
  `pic_1` varchar(100) DEFAULT NULL,
  `pic_2` varchar(100) DEFAULT NULL,
  `sort` int(10) unsigned NOT NULL DEFAULT '0',
  `created_at` timestamp NULL DEFAULT NULL,
  `updated_at` timestamp NULL DEFAULT NULL,
  `deleted_at` timestamp NULL DEFAULT NULL,
  `flag` tinyint(1) unsigned NOT NULL DEFAULT '0',
  PRIMARY KEY (`cp_id`)
) ENGINE=InnoDB DEFAULT CHARSET=utf8;

--
-- Dumping data for table `country_page`
--


--
-- Table structure for table `family_site`
--

CREATE TABLE `family_site` (
  `fs_id` int(10) unsigned NOT NULL AUTO_INCREMENT,
  `title` varchar(200) DEFAULT NULL,
  `url` varchar(255) DEFAULT NULL,
  `sort` int(10) unsigned NOT NULL DEFAULT '0',
  `created_at` timestamp NULL DEFAULT NULL,
  `updated_at` timestamp NULL DEFAULT NULL,
  `deleted_at` timestamp NULL DEFAULT NULL,
  PRIMARY KEY (`fs_id`)
) ENGINE=InnoDB DEFAULT CHARSET=utf8;

--
-- Dumping data for table `family_site`
--


--
-- Table structure for table `filter`
--

CREATE TABLE `filter` (
  `filter_id` int(10) unsigned NOT NULL AUTO_INCREMENT,
  `filter_type_id` tinyint(1) DEFAULT '0',
  `filter_name` varchar(100) DEFAULT NULL,
  `sort` int(10) DEFAULT '0',
  `created_at` timestamp NULL DEFAULT NULL,
  `updated_at` timestamp NULL DEFAULT NULL,
  `deleted_at` timestamp NULL DEFAULT NULL,
  PRIMARY KEY (`filter_id`)
) ENGINE=InnoDB AUTO_INCREMENT=15 DEFAULT CHARSET=utf8;

--
-- Dumping data for table `filter`
--

INSERT INTO `filter` VALUES (1,4,'123',0,'2018-11-18 08:52:47','2018-11-19 10:02:19','2018-11-19 10:02:19'),(2,4,'12',0,'2018-11-18 08:52:50','2018-11-19 10:02:22','2018-11-19 10:02:22'),(3,5,'2',0,'2018-11-18 08:53:03','2018-11-19 10:02:09','2018-11-19 10:02:09'),(4,5,'23',0,'2018-11-18 08:53:05','2018-11-19 10:02:12','2018-11-19 10:02:12'),(5,4,'英國',0,'2018-11-19 06:07:29','2018-11-19 10:07:59','2018-11-19 10:07:59'),(6,4,'美國',0,'2018-11-19 06:07:40','2018-11-19 10:08:02','2018-11-19 10:08:02'),(7,4,'加拿大',0,'2018-11-19 06:07:49','2018-11-19 10:08:04','2018-11-19 10:08:04'),(8,5,'ed:m最新消息',0,'2018-11-19 07:29:52','2018-11-19 10:12:32','2018-11-19 10:12:32'),(9,5,'留遊學新聞',0,'2018-11-19 07:30:09','2018-11-19 10:12:29','2018-11-19 10:12:29'),(10,4,'國家',0,'2018-11-19 10:08:10','2018-11-19 10:08:10',NULL),(11,5,'國家',0,'2018-11-19 10:12:41','2018-11-19 16:14:33',NULL),(12,4,'test',0,'2018-11-19 17:21:12','2018-11-20 04:21:48','2018-11-20 04:21:48'),(13,4,'123',0,'2018-12-05 03:43:03','2018-12-05 03:43:43','2018-12-05 03:43:43'),(14,5,'123',0,'2018-12-13 03:20:45','2018-12-13 03:22:05','2018-12-13 03:22:05');

--
-- Table structure for table `filter_detail`
--

CREATE TABLE `filter_detail` (
  `fd_id` int(10) unsigned NOT NULL AUTO_INCREMENT,
  `filter_id` int(10) DEFAULT '0',
  `fd_name` varchar(100) DEFAULT NULL,
  `sort` int(10) DEFAULT '0',
  `created_at` timestamp NULL DEFAULT NULL,
  `updated_at` timestamp NULL DEFAULT NULL,
  `deleted_at` timestamp NULL DEFAULT NULL,
  PRIMARY KEY (`fd_id`)
) ENGINE=InnoDB AUTO_INCREMENT=33 DEFAULT CHARSET=utf8;

--
-- Dumping data for table `filter_detail`
--

INSERT INTO `filter_detail` VALUES (1,3,'英國',0,'2018-11-18 08:56:33','2018-11-18 15:59:34',NULL),(2,3,'美國',0,'2018-11-18 15:59:42','2018-11-18 15:59:42',NULL),(3,2,'1',0,'2018-11-19 02:57:49','2018-11-19 02:57:49',NULL),(4,2,'12',0,'2018-11-19 02:57:52','2018-11-19 02:57:52',NULL),(5,1,'3',0,'2018-11-19 02:57:59','2018-11-19 09:34:06',NULL),(6,1,'34',0,'2018-11-19 02:58:01','2018-11-19 02:58:01',NULL),(7,5,'英國',0,'2018-11-19 10:07:42','2018-11-19 10:07:42',NULL),(8,10,'英國',0,'2018-11-19 10:08:21','2018-11-19 10:08:21',NULL),(9,10,'美國',0,'2018-11-19 10:08:28','2018-11-19 10:08:28',NULL),(10,10,'加拿大',0,'2018-11-19 10:08:33','2018-11-19 10:08:33',NULL),(11,11,'英國',0,'2018-11-19 10:12:49','2018-11-19 10:12:49',NULL),(12,11,'美國',0,'2018-11-19 10:12:55','2018-11-19 10:12:55',NULL),(13,11,'加拿大',0,'2018-11-19 10:13:02','2018-11-19 10:13:02',NULL),(14,12,'aa',0,'2018-11-19 17:21:33','2018-11-19 17:21:33',NULL),(15,12,'bbb',0,'2018-11-19 17:21:39','2018-11-19 17:21:39',NULL),(16,10,'55',0,'2018-11-19 17:22:09','2018-11-20 04:21:20','2018-11-20 04:21:20'),(17,13,'1',0,'2018-12-05 03:43:14','2018-12-05 03:43:14',NULL),(18,13,'2',0,'2018-12-05 03:43:19','2018-12-05 03:43:19',NULL),(19,13,'3',0,'2018-12-05 03:43:22','2018-12-05 03:43:22',NULL),(20,11,'愛爾蘭',0,'2018-12-07 03:55:06','2018-12-07 03:55:06',NULL),(21,11,'共同消息',0,'2018-12-07 04:09:52','2018-12-07 04:09:52',NULL),(22,14,'1',0,'2018-12-13 03:21:03','2018-12-13 03:21:54','2018-12-13 03:21:54'),(23,14,'2',0,'2018-12-13 03:21:08','2018-12-13 03:21:52','2018-12-13 03:21:52'),(24,10,'菲律賓',0,'2019-01-15 02:25:29','2019-01-15 02:25:29',NULL),(25,10,'愛爾蘭',0,'2019-01-16 10:28:26','2019-01-16 10:28:26',NULL),(26,10,'澳洲',0,'2019-01-17 07:55:50','2019-01-17 07:55:50',NULL),(27,11,'澳洲',0,'2019-04-03 08:05:31','2019-04-03 08:05:31',NULL),(28,11,'菲律賓',0,'2019-04-24 09:02:20','2019-04-24 09:02:20',NULL),(29,11,'馬爾他',0,'2019-04-30 02:36:56','2019-04-30 02:36:56',NULL),(30,11,'紐西蘭',0,'2019-04-30 10:50:04','2019-04-30 10:50:04',NULL),(31,11,'遊學',0,'2019-06-20 05:01:07','2019-06-20 05:01:07',NULL),(32,11,'留學',0,'2019-06-20 05:01:13','2019-06-20 05:01:13',NULL);

--
-- Table structure for table `footer_detail`
--

CREATE TABLE `footer_detail` (
  `fd_id` int(10) unsigned NOT NULL AUTO_INCREMENT,
  `fm_id` int(10) unsigned NOT NULL DEFAULT '0',
  `title` varchar(200) DEFAULT NULL,
  `url` varchar(255) DEFAULT NULL,
  `sort` int(10) unsigned NOT NULL DEFAULT '0',
  `created_at` timestamp NULL DEFAULT NULL,
  `updated_at` timestamp NULL DEFAULT NULL,
  `deleted_at` timestamp NULL DEFAULT NULL,
  PRIMARY KEY (`fd_id`)
) ENGINE=InnoDB DEFAULT CHARSET=utf8;

--
-- Dumping data for table `footer_detail`
--


--
-- Table structure for table `footer_main`
--

CREATE TABLE `footer_main` (
  `fm_id` int(10) unsigned NOT NULL AUTO_INCREMENT,
  `title` varchar(200) DEFAULT NULL,
  `url` varchar(255) DEFAULT NULL,
  `sort` int(10) unsigned NOT NULL DEFAULT '0',
  `created_at` timestamp NULL DEFAULT NULL,
  `updated_at` timestamp NULL DEFAULT NULL,
  `deleted_at` timestamp NULL DEFAULT NULL,
  PRIMARY KEY (`fm_id`)
) ENGINE=InnoDB DEFAULT CHARSET=utf8;

--
-- Dumping data for table `footer_main`
--


--
-- Table structure for table `global_country`
--

CREATE TABLE `global_country` (
  `gc_id` int(10) unsigned NOT NULL AUTO_INCREMENT,
  `gc_name` varchar(100) DEFAULT NULL,
  `sort` int(10) unsigned NOT NULL DEFAULT '0',
  `created_at` timestamp NULL DEFAULT NULL,
  `updated_at` timestamp NULL DEFAULT NULL,
  `deleted_at` timestamp NULL DEFAULT NULL,
  PRIMARY KEY (`gc_id`)
) ENGINE=InnoDB AUTO_INCREMENT=17 DEFAULT CHARSET=utf8;

--
-- Dumping data for table `global_country`
--

INSERT INTO `global_country` VALUES (1,'英國',1,'2018-11-09 15:54:42','2018-11-17 05:04:59',NULL),(2,'加拿大',2,'2018-11-18 14:23:00','2018-11-18 14:23:00',NULL),(3,'美國',3,'2018-11-19 05:25:39','2018-11-19 05:25:39',NULL),(4,'澳洲',4,'2018-11-19 05:26:04','2022-03-22 02:38:40','2022-03-22 02:38:40'),(5,'韓國',5,'2018-11-19 05:26:26','2018-11-19 05:26:26',NULL),(6,'666',7,'2018-11-20 04:16:00','2018-12-03 13:21:04','2018-12-03 13:21:04'),(7,'test',14,'2018-11-28 22:56:55','2018-11-28 23:18:18','2018-11-28 23:18:18'),(8,'test',434,'2018-11-28 23:18:52','2018-11-28 23:19:03','2018-11-28 23:19:03'),(9,'ffff',111,'2018-11-28 23:26:18','2018-11-28 23:26:27','2018-11-28 23:26:27'),(10,'dddd',22,'2018-11-28 23:27:27','2018-11-28 23:27:36','2018-11-28 23:27:36'),(11,'sssss',111,'2018-11-28 23:28:24','2018-11-28 23:28:32','2018-11-28 23:28:32'),(12,'fdfgfgd',1111,'2018-11-28 23:30:04','2018-11-28 23:30:12','2018-11-28 23:30:12'),(13,'dddd',22,'2018-11-28 23:32:34','2018-11-28 23:32:42','2018-11-28 23:32:42'),(14,'tttt',111,'2018-11-28 23:34:03','2018-11-28 23:34:13','2018-11-28 23:34:13'),(15,'tttt',111,'2018-12-03 12:53:04','2018-12-03 12:59:25','2018-12-03 12:59:25'),(16,'澳洲',16,'2022-08-04 03:33:39','2022-08-08 07:33:41',NULL);

--
-- Table structure for table `global_country_city`
--

CREATE TABLE `global_country_city` (
  `gcc_id` int(10) unsigned NOT NULL AUTO_INCREMENT,
  `gc_id` int(10) unsigned NOT NULL DEFAULT '0',
  `gcc_name` varchar(100) DEFAULT NULL,
  `pic_1` varchar(100) DEFAULT NULL,
  `contact` varchar(500) DEFAULT NULL,
  `phone` varchar(50) DEFAULT NULL,
  `open` varchar(500) DEFAULT NULL,
  `address` varchar(100) DEFAULT NULL,
  `title` varchar(100) DEFAULT NULL,
  `description` varchar(1000) DEFAULT NULL,
  `is_hide` tinyint(1) unsigned NOT NULL DEFAULT '0',
  `pic_2` varchar(100) DEFAULT NULL,
  `description_2` varchar(1000) DEFAULT NULL,
  `pic_3` varchar(100) DEFAULT NULL,
  `description_3` varchar(1000) DEFAULT NULL,
  `pic_4` varchar(100) DEFAULT NULL,
  `description_4` varchar(1000) DEFAULT NULL,
  `meta_title` varchar(100) DEFAULT NULL,
  `meta_description` varchar(500) DEFAULT NULL,
  `meta_keyword` varchar(500) DEFAULT NULL,
  `sort` int(10) unsigned NOT NULL DEFAULT '0',
  `created_at` timestamp NULL DEFAULT NULL,
  `updated_at` timestamp NULL DEFAULT NULL,
  `deleted_at` timestamp NULL DEFAULT NULL,
  PRIMARY KEY (`gcc_id`)
) ENGINE=InnoDB AUTO_INCREMENT=21 DEFAULT CHARSET=utf8;

--
-- Dumping data for table `global_country_city`
--

INSERT INTO `global_country_city` VALUES (1,1,'倫敦','upload/about/5c110588905ca.jpeg','倫敦辦事處','44-20-7580-1521','<p>週一到週五：08：30－17：30<br> 週一到週五(夏季)：09：00－18：00 <br>週六：採預約制</p>','4th Floor (West), 17-18 Margaret Street,London, W1W 8RP','辦事處介紹','<p>「您好，我是 ed:m 英國辦事處組長孫周延」。</p><p>我會像朋友一樣親切，像母親一樣細心，像老師一樣為獨自在異鄉唸書的學生們，提供最專業的諮詢，最安心的陪伴。</p><p>\r\n\r\n\r\n英國留學最重要的是要有確實的目標和規劃，以及能提供及協助的辦事處，ed:m 倫敦辦事處位於市中心的Margaret Street，致力於讓學生的留遊學生活更加精彩，並給予最完善的支援與照護，做每位學生在海外的避風港。</p>',0,'upload/about/5bf24d2051246.jpeg','<p></p><p></p><p></p><p></p><h6><b>主要經歷</b></h6><p>居住在倫敦10年以上，畢業於Goldsmiths, University of London MA Screen Studies </p><h6><br><b>協助升學案例</b></h6><p>Imperial College London, UCL, Queen Mary, University of London, AA School, Brunel University, Goldsmiths, University of London, Camberwell College of Art 等多校</p><h6 style=\"color: rgb(0, 0, 0);\"><span style=\"font-weight: 700;\"><br></span></h6><h6 style=\"\"><b>青少年留學協助升學案例</b><br></h6><p>Battle Abbey School, St Teresa’s School, King’s School Rochester, CATS College London, King’s School Rochester 等多校</p><p><br></p><p></p><p></p>','upload/about/5c061a3dbf60b.jpeg','在地服務<br><br>\r\n倫敦辦事處為提供多元的在地服務，例如英國文化、學校生活、休閒娛樂、旅遊等多樣的生活諮詢，且若學業上有任何疑問或需求都可向 ed:m 尋求協助哦！','upload/about/5c061a3dce78c.jpeg','生活安頓指南<br><br>\r\n倫敦辦事處每週舉辦新生座談會，為您提供銀行帳戶開設、電話號碼申辦、醫院掛號、周邊藝廊導覽等各項資訊，幫助您的英國生活能更快上軌道。','ed:m 全球網絡英國倫敦辦事處| ed:m 留遊學','ed:m 倫敦辦事處致力於讓學生的留遊學生活更加精彩，並給予最完善的支援與照護，成為每位學生海外避風港，提供多元的在地服務，如：英國留遊學課程諮詢、生活安頓指南、旅遊及文化等課後活動等，若有任何疑問或需求都可向 ed:m 倫敦辦事處尋求協助哦！','英國遊學,英國留學,edm,倫敦辦事處',1,'2018-11-09 16:27:59','2020-04-23 10:36:57',NULL),(2,1,'1234',NULL,'dffdfd',NULL,'dfdf','fdfdf','dfdf','dfd',0,NULL,'dfdf',NULL,NULL,NULL,'dfdf',NULL,NULL,NULL,1,'2018-11-18 14:22:22','2018-11-18 14:22:22','2018-11-19 06:42:17'),(3,2,'test',NULL,NULL,NULL,NULL,NULL,NULL,NULL,0,NULL,NULL,NULL,NULL,NULL,NULL,NULL,NULL,NULL,1,'2018-11-19 06:42:17','2018-11-19 06:42:17','2018-11-19 06:42:17'),(5,2,'test',NULL,NULL,NULL,NULL,NULL,NULL,NULL,0,NULL,NULL,NULL,NULL,NULL,NULL,NULL,NULL,NULL,1,'2018-11-19 06:42:43','2018-11-19 06:42:43','2018-11-19 06:42:17'),(6,2,'溫哥華','upload/about/5c0621de36938.png','溫哥華辦事處','1-604-558-3306','<p>週一到週五：10：00－18：00<br >六日與國定假日：休息','#401-698 Seymour St. Vancouver，BC. Canada V6B 3K6','辦事處介紹','<p>「您好～我們是 ed:m 加拿大溫哥華辦事處！」我們將會致力於協助及鼓勵學生，確保每位來到溫哥華的學生有安心且豐富愉快的生活。</p><p>溫哥華辦事處位於溫哥華市中心，從學生們抵達溫哥華的那刻到回國的那天，都將給予最細心和專業的支援，針對每位學生的個人目標提供專業諮詢。此外，也提供寄宿家庭安排、機場接送服務以及在地生活情報。</p>',0,'upload/about/5c0622175241e.jpeg','<p>溫哥華辦事處為了讓學生的海外生活能更快上軌道，溫哥華辦事處職員將會親切地從旁協助生活起居及學業諮詢，成為學生們最堅強的後盾。</p>','upload/about/5c0621de62cbd.jpeg','在地服務<br><br>為了讓學生的海外生活能更快上軌道，溫哥華辦事處職員將會親切地從旁協助生活起居及學業諮詢，成為學生們最堅強的後盾。','upload/about/5c0621de6b7f4.jpeg','生活安頓指南<br><br>溫哥華辦事處每天會為當天抵達的學生進行新生座談會，並提供銀行開戶、手機號碼開通、學生證辦理等多元的資訊和服務，並與其他留學生相見歡。','ed:m 全球網絡加拿大溫哥華辦事處| ed:m 留遊學','溫哥華辦事處從學生們抵達溫哥華的那刻到回國的那天，都將給予最細心和專業的支援，依據每位學生的學習目標提供專業諮詢，亦提供留遊學課程諮詢、寄宿家庭安排、旅遊行程規畫等，讓學生的海外生活能更快上軌道，成為學生們最堅強的後盾。','加拿大遊學,溫哥華遊學,溫哥華留學,溫哥華辦事處',0,'2018-11-19 06:49:43','2020-04-23 10:37:33',NULL),(7,2,'多倫多','upload/about/5c0622c5e0577.png','多倫多辦事處','1-416-962-8868','<p>週一到週五：10：00－18：00<br>六日與國定假日：休息</p>','#405-1240 Bay Street, Toronto, ON M5R 2A7','辦事處介紹','<p>「您好～我是加拿大多倫多辦事處的經理Ted」<br>我們會竭盡全力協助每位學生實現懷抱的夢想，保障學生有安全的海外生活，自在地學習及體驗</p><p>加拿大多倫多辦事處致力於提供留學生們最好的諮詢服務，已協助過數千名學生學成歸國。親切的諮詢顧問將透過自身專業的知識和經驗，提供學生簽證、住宿、醫療保險申請等各種便利的生活情報以及代辦服務，遊學延長諮詢、2年制學院、大學申請、寄宿家庭安排等都是我們提供的服務項目。</p>',0,'upload/about/5c0f1d909b664.jpeg','<h6 style=\"color: rgb(0, 0, 0);\"><span style=\"font-weight: 700;\">主要經歷</span></h6><p>居住在加拿大14年以上，加拿大公民<br>B.C Nanaimo : Malaspina University ESL<br>ON George Brown College Hotel Management<br>George Brown College Dean’s Award for Leadership<br></p><h6 style=\"color: rgb(0, 0, 0);\"><br><span style=\"font-weight: 700;\">大學升學案例</span></h6><p>Toronto University MBA, PHD, Undergraduate／Waterloo University PHD, Ryerson University, York University, George Brown College, Seneca College, Centennial College,  Humber College</p><h6 style=\"\"><br><b>青少年留學協助升學案例</b></h6><p style=\"\">Toronto District School Board, York Regional District School Borard, Toronto Catholic School Board, York Catholic School Board, Waterloo School Board, Waterloo Catholic School Board</p>','upload/about/5c0622c618069.jpeg','在地服務<br><br>為了讓學生的海外生活能更快上軌道，多倫多辦事處顧問將會親切地從旁協助生活起居及學業諮詢，成為學生們最堅強的後盾。','upload/about/5c0622c61e571.jpeg','生活安頓指南<br><br>多倫多辦事處每天會為當天抵達的學生進行新生座談會，並提供銀行開戶、電話號碼開通、學生證辦理等多元的資訊和服務，並與其他留學生相見歡。','ed:m 全球網絡加拿大多倫多辦事處| ed:m 留遊學','多倫多辦事處竭盡全力協助學生實現夢想，保障學生安全的海外生活。提供學生們最好的留遊學諮詢、學生簽證、住宿、醫療保險申請等各種生活情報及代辦服務：學生簽證延簽、2年制學院、大學申請、寄宿家庭安排等，edm多倫多辦事處皆可提供您完善的諮詢與協助。','多倫多遊學,多倫多留學,加拿大遊學,多倫多辦事處',0,'2018-11-19 09:32:23','2020-04-23 10:38:37',NULL),(8,3,'紐約','upload/about/5c0624d531c09.png','紐約辦事處','1-347-850-7942','週一到週五 : 09：30－18：00<br>六日與國定假日：採預約制','470 7th Ave Suite 303 New York，NY 10018','辦事處介紹','「您好，我是 ed:m 美國紐約辦事處的 John Park」透過多年美國在地經驗及專業知識，我們將竭盡全力協助各位的留學夢成真！<p></p><p>美國紐約辦事處提供寄宿家庭安排，機場接送等生活安頓相關的服務和緊急協助，為了讓每位學生在學業上能有良好的發展，我們將以自身的教育經驗以及資訊為基礎，從遊學課程到大學課程申請，我們都將盡全力協助您完成理想的升學規劃。</p>',0,'upload/about/5bf28d9073dee.jpeg','<h6><b>主要經歷</b></h6><p>漢陽大學畢業，1年美國語言研習經驗 New School University 研究所畢業。居住在美國16年以上，留學諮詢經歷13年以上 2500個諮詢案例經驗</p><h6><br><b>大學升學案例</b></h6><p>Columbia University, University of Michigan, New York University, University of Illinois, Boston College等協助學生取得100多所社區大學及大學共600個以上入學許可</p><h6 style=\"color: rgb(0, 0, 0);\"><br><b>青少年協助升學案例</b></h6><p>The Master School, Olney Friends School, Oakwood School, Houghton School, MacDuffie School, Hoosac School, Darrow School等</p>','upload/about/5c0624d55d8ae.jpeg','機場接送及住宿指南<br><br>ed:m紐約辦事提供機場接送服務及寄宿家庭安排，或可信任的房仲資訊，保障每位學生的安全。','upload/about/5c0624d5635a5.jpeg','生活安頓及新生座談會<br><br>紐約辦事處每周舉辦新生座談會，提供當地銀行開戶、電話號碼開通、緊急狀況及當地醫院掛號、大眾交通指南、生活英語、美國文化理解、升學資訊等情報。','ed:m全球網絡美國紐約辦事處| ed:m 留遊學','美國紐約辦事處提供寄宿家庭安排、機場接送、緊急狀況協助等生活安頓服務，為了讓每位學生在學業上能有良好的發展，我們以自身的教育經驗及資訊為基礎，從遊學課程到大學學位留學課程申請，我們都將盡全力協助您完成理想的升學規劃。','紐約遊學,紐約留學,美國遊學,紐約辦事處',0,'2018-11-19 10:16:48','2020-04-23 10:39:35',NULL),(9,3,'波士頓','upload/about/5c0626ad1c388.png','波士頓辦事處','1-781-216-8658','<p>週一至週五：09:30－17:30<br>六日與國定假日：採預約制</p>','8th Floor，745 Atlantic Ave． Boston，MA 02111','辦事處介紹','「您好！我是 ed:m美國波士頓辦事處的Jennife」波士頓辦事處的專業顧問將竭盡所能解決您的疑難雜症</p><p>波士頓辦事處提供寄宿家庭安排、課外活動、升學諮詢等等協助學生的服務，讓學生能心無旁騖地在波士頓學習！',0,'upload/about/5c0626ad47bc4.jpeg','<h6><b>大學升學案例</b></h6><p>Cornell University, Brandeis, UC Santa Cruz, UC Davis, UC San Diego, Boston University, University of Illinois Urbana-Champaign, Syracuse University,RISD, Savannah College of Art and Design, Penn State University, Ohio State University, Stony Brook University</p><h6><b><br></b><b>青少年留學升學案例</b></h6><p>Waldorf High School of Massachusetts Bay, Our Lady\'s Academy, Matignon High School, Saint Joseph Prepatory, Glenelg Country School, Allentown Central Catholic High School, The Hill School, Pennington School, Aquinas High School, Bishop Montgomery High School, Mountain View Academy, Trinity Christian High School, Thornton Academy, Ribet Academy</p>','upload/about/5c0626ad500b3.jpeg','在地服務<br><br>為了讓每位學生能更快速適應波士頓生活，辦事處提供機場接送、寄宿家庭安排、新生座談會等等服務，出了國之後也持續照顧您。','upload/about/5c0626ad5ad14.jpeg','生活安頓指南<br><br>波士頓辦事處舉辦的新生座談會會提供銀行帳戶開設、醫療保險等美國生活須知，幫助海外學子的生活快速上軌道。','ed:m全球網絡美國波士頓','edm留遊學波士頓辦事處，專業顧問將竭盡所能解決您的疑難雜症，讓您能更快速適應波士頓生活，辦事處提供機場接送、寄宿家庭安排、新生座談會、課外活動、升學諮詢等服務，讓學生能心無旁騖地在波士頓學習，出了國後edm也持續照顧您。','波士頓遊學,波士頓留學,波士頓升學',0,'2018-11-20 02:55:17','2019-06-27 04:26:01','2019-06-27 04:26:01'),(10,3,'舊金山','upload/about/5c0628365f2f6.png','舊金山辦事處','1-510-981-8001','週一至週五：09:00－18:00<br>六日與國定假日：休息','2150 Shattuck Ave #725 Berkeley CA，USA 94704','辦事處介紹','<p>「您好，我們是ed:m 美國舊金山、柏克萊辦事處！」我們將以累積多年的經驗和專業知識，做您最堅實的後盾</p><p>美國舊金山、柏克萊辦事處從抵達時提供的機場接送、住宿安排，客製化升學諮詢到各種實習、志工活動資訊，希望豐富每位學生的海外生活，並協助他們能探索並完成升學夢！</p>',0,'upload/about/5c0628368bb78.jpeg','<h6><b>大學升學案例</b></h6><p>UC Berkeley, UCLA, UC SanDiego, UC Davis, UC Irvine, UC Riveside, UC Santa Barbara, UC Santa Crus, USC, University of Michigan, Columbia University, University of Chicago, University of Washigton, Yale University, New York University</p><p><br></p><h6><b>青少年留學升學案例</b></h6><p>The Harker School, Head-Royce School, The Athenian School, Quarry Lane School, Redwood Christian School, St. Philip Lutheran School, Phillips Academy in Andover</p>','upload/about/5c06283691ff8.jpeg','在地服務<br><br>為了讓每位學生能更快速適應舊金山和柏克萊生活，辦事處提供機場接送、寄宿家庭安排、新生座談會等等服務，出了國之後也持續照顧您。','upload/about/5c0628369ba34.jpeg','生活安頓指南<br><br>舊金山、柏克萊辦事處舉辦的新生座談會提供銀行帳戶開設、醫療保險等美國生活須知，幫助海外學子的生活快速上軌道。','ed:m全球網絡美國舊金山辦事處| ed:m 留遊學','舊金山、柏克萊辦事處從抵達時提供的機場接送、住宿安排，銀行帳戶開設、醫療保險、客製化留遊學諮詢到各種實習、志工活動資訊，希望豐富每位學生的海外生活，並協助他們能探索並完成升學夢！','舊金山遊學,舊金山留學,柏克萊遊學,舊金山辦事處',0,'2018-11-20 03:24:56','2020-04-23 10:39:56',NULL),(11,3,'聖地牙哥','upload/about/5c0628f65b4d8.png','聖地牙哥辦事處','1-619-955-0300','<p>週一至週五： 10:00－18:00<br >六日與國定假日：採預約制</p>','600B St. San Diego CA， 92101 (C3 - 107)<br>(Wework 3樓 107號)','辦事處介紹','<p>「您好，我是ed:m 美國聖地牙哥辦事處經理 Crystal Shin！」<br>希望能透過在地經驗和專業教育知識，做每位學生最大的後援，幫助他們實現升學夢。</p><p>當您對未來感到迷惘，需要任何指導和建議時，都歡迎來聖地牙哥辦事處諮詢，擁有美國學歷的當地資深顧問將會和每位學生討論最適合自己的方案，並提供實習、志工服務等等課外活動的情報，除了語言能力和專業領域知識，還能累積實務經驗和人文素養，讓您的海外生活更加豐富充實。</p>',0,'upload/about/5c0628f688003.jpeg','<h6><b>學經歷</b></h6><p>UCLA(MDE)、韓國梨花女大教育系畢業、聯合國兒童基金會講師</p><p><br></p><h6><b>協助升學案例</b></h6><p>New York University(NYU), Purdue University, UCLA, UC Berkeley, Duke University, Cornell University, San Diego State University</p><p><br></p><h6><b>青少年留學協助升學案例</b></h6><p>La Jolly Country Day School, Bishop School, Calvin christian School, The Rock Academy, Warren Walker School, Phillips Academy in Andover, St. Paul\'s school, Francis Parker, Cathedral Catholic High, Santa Fe Christian School, Maranatha Christian School, Christian Junior/High School, Foothills Christian High</p>','upload/about/5c0628f689a6a.jpeg','在地服務<br><br>為了讓每位學生能更快速適應聖地牙哥的生活，辦事處提供機場接送、寄宿家庭安排、新生座談會等等服務，出了國之後也持續照顧您。','upload/about/5c0628f692d6e.jpeg','生活安頓指南<br><br>聖地牙哥辦事處舉辦的新生座談會會提供銀行帳戶開設、醫療保險等美國生活須知，幫助海外學子的生活快速上軌道。','ed:m全球網絡美國聖地牙哥辦事處| ed:m 留遊學','聖地牙哥辦事處諮詢，擁有美國學歷的當地資深顧問將會和每位學生討論最適合留遊學方案，並提供實習、志工服務等等課外活動的情報，並舉辦新生座談會會提供銀行帳戶開設、醫療保險等美國生活須知，幫助海外學子的生活快速上軌道。','聖地牙哥遊學,聖地牙哥留學,edm留遊學,聖地牙哥辦事處',0,'2018-11-20 03:42:32','2020-04-23 10:40:26',NULL),(12,6,'1',NULL,'1','1','1',NULL,'1','1',0,NULL,'1',NULL,'1',NULL,'1','1',NULL,NULL,1,'2018-12-03 13:20:42','2018-12-03 13:20:42',NULL),(13,1,'1111',NULL,NULL,NULL,NULL,NULL,NULL,NULL,0,NULL,NULL,NULL,NULL,NULL,NULL,NULL,NULL,NULL,0,'2018-12-07 04:33:06','2018-12-09 03:19:16','2018-12-09 03:19:16'),(14,5,'首爾','upload/about/5c0f1ba8d4df5.png','首爾辦事處','61-2-8094-9252','<p>週一至週五：10:00－18:00<br>六日及國定假日：採預約制</p><p><br></p>','11th Floor,55, Seocho-daero 77-gil, Seocho-gu, Seoul,Republic of Korea','公司介紹','<p>「ed:m 致力於提供完善的教育整合服務，陪伴每位學生描繪美好人生藍圖。」</p><p>ed:m掌握個人學習需求，提供以學生為導向的諮詢服務，並創造一個熱誠又鼓舞人心的學習環境ed:m核心宗旨「鼓勵學生不斷追尋自己的夢想」，2000年創立以來服務過超過4萬名學生，傾聽學生的需求，協助規劃最適合的升學計畫，近20年來不忘初衷，持續發展成為國內教育諮詢業領導品牌。</p><p>ed:m在韓國有10個辦公室及2個藝術留學諮詢中心，並以極高的自有資本率保障財務金流安全且設立海外辦事處，為了提供學生更好的服務而努力。在2008年成為第一個榮獲 LTM Star Awards Asia Agency(亞洲第一留遊學顧問公司大獎)的韓國企業，受到國際肯定，為亞洲最佳品牌的認證。</p>',0,'upload/about/5c10cab5e1f58.jpeg','<h6><b>獲獎紀錄</b></h6><ul><li>韓國最佳品牌：連續8年教育諮詢領域獲獎</li><li>英國文化協會：專業教育諮詢合格顧問數全國第一</li><li>學生升學案例：國外大學/研究所申請成功件數達5936件(2013-2017，5年內)、國外藝術領域升學申請成功件數達81個學校，807件 (2016-2017，2年內)<br></li></ul>','upload/about/5c0eeccf7a34e.jpeg','亞洲第一教育諮詢品牌<br><br>ed:m 在韓國連續8年獲得政府頒發之最佳品牌認證，不僅在國內屢獲獎項，在2008 更成為第一個獲得LTM Star Awards Asia Agency(亞洲第一留遊學顧問公司大獎)的韓國企業，並受到各國合作夥伴肯定，榮獲各項國際認證。','upload/about/5c0eeccf7a52e.jpeg','以卓越成果佐證的專業度<br><br>ed:m在2013-17年間的申請海外大學/研究所成功案例高達5936件，申請藝術學院成功案例共807件，為韓國國內第一。此外，ed:m的專業顧問群也不斷充實自己，每年皆參加英國文化協會所舉辦的認證考試，並獲得合格證書，為了提供學生更專業的服務持續努力。','ed:m 全球網絡韓國辦事處| ed:m 留遊學','ed:m 核心宗旨「鼓勵學生不斷追尋自己的夢想」，2000年以來服務過超過四萬名學生，傾聽每位學生的需求，並協助規劃最適合的升學計畫，近20年不忘初衷，持續發展成為國內教育諮詢業領導品牌。ed:m 留遊學致力於提供完善的教育整合服務，陪伴每位學生描繪美好人生藍圖，並掌握學習需求，提供以學生為導向的諮詢服務，創造熱誠又鼓舞人心的學習環境。','edm遊學,edm留學,edm,韓國辦事處',0,'2018-12-10 22:46:39','2020-04-23 10:42:49',NULL),(15,16,'雪梨','upload/about/62fb137328b46.png','雪梨辦事處','+61-2-8252 7688','<p>週一至週五：10:00－18:30<br><br></p>','Shop10 /107 Quay Street, Haymarket, NSW 2000 Australia',NULL,'<p><br></p>',1,'upload/about/5c109ac071410.jpeg','<h6><br></h6>','upload/about/5c10bc4cb0e2a.jpeg','在地生活支援服務<br><br>\r\n為了讓每位學生能更快速適應雪梨當地生活，辦事處提供機場接送、寄宿家庭安排、新生座談會等等服務，出了國之後也持續照顧您。','upload/about/5c10bc4cb4d12.jpeg','生活安頓指南<br><br>\r\n雪梨辦事處會在每位學生抵達以後舉行新生座談會，提供手機門號申請、銀行帳戶開設、TNF申請、交通、澳洲法規等等生活資訊，幫助學生的生活能盡早上軌道。','ed:m 全球網絡澳洲雪梨辦事處| ed:m 留遊學','edm留遊學澳洲合作辦事處從學生們抵達墨爾本的那刻到回國，都將給予最細心和專業的支援，依據每位學生的需求提供行前說明會、寄宿家庭安排、接機服務、銀行開戶、電話卡辦理、保險與簽證協助，讓學生的海外生活能更快上軌道，成為學生們最堅強的後盾。','澳洲遊學,雪梨遊學,澳洲留學,雪梨辦事處',4,'2018-12-11 01:36:09','2022-08-16 03:48:03',NULL),(16,16,'墨爾本','upload/about/62fb1344c1153.png','墨爾本辦事處','+61-3-9663-6448','<p>週一至五：10:00 – 19:30<br>週六：11:00-19:30<br>周日：11:00-16:00<br></p>','248 Swanston Street, Victoria 3000 Australia',NULL,NULL,1,NULL,NULL,NULL,NULL,NULL,NULL,'ed:m 全球網絡澳洲墨爾本辦事處| ed:m 留遊學','edm留遊學澳洲合作辦事處從學生們抵達墨爾本的那刻到回國，都將給予最細心和專業的支援，依據每位學生的需求提供行前說明會、寄宿家庭安排、接機服務、銀行開戶、電話卡辦理、保險與簽證協助，讓學生的海外生活能更快上軌道，成為學生們最堅強的後盾。','澳洲遊學,墨爾本遊學,墨爾本留學,墨爾本辦事處',0,'2022-08-04 03:40:48','2022-08-16 03:47:16',NULL),(18,16,'布里斯本','upload/about/62fb135db1d29.png','布里斯本辦事處','+61-7-3210-6033','<p>週一至五：10:00 – 19:30<br>週六：11:00-19:30<br>周日：11:00-16:00<br></p>','125 Queen Street, Brisbane Queensland 4000',NULL,NULL,1,NULL,NULL,NULL,NULL,NULL,NULL,'ed:m 全球網絡澳洲布里斯本辦事處| ed:m 留遊學','edm留遊學澳洲合作辦事處從學生們抵達布里斯本的那刻，將給予最細心和專業的支援，依據每位學生的需求提供行前說明會、寄宿家庭安排、接機服務、銀行開戶、電話卡辦理、保險與簽證協助，讓學生的海外生活能更快上軌道，成為學生們最堅強的後盾。','澳洲遊學,布里斯本遊學,布里斯本留學,布里斯本辦事處',1,'2022-08-04 04:41:02','2022-08-16 03:47:41',NULL),(20,16,'黃金海岸','upload/about/62fb136946cab.png','黃金海岸辦公室','+61-7-5518-7888','<p>週一至五：09:00 – 17:30 <br></p>','38 Nerang Street, Southport Queensland 4215 Australia',NULL,NULL,1,NULL,NULL,NULL,NULL,NULL,NULL,'ed:m 全球網絡澳洲黃金海岸辦事處| ed:m 留遊學','edm留遊學澳洲合作辦事處從學生們抵達黃金海岸的那刻到回國，都將給予最細心和專業的支援，依據每位學生的需求提供行前說明會、寄宿家庭安排、接機服務、銀行開戶、電話卡辦理、保險與簽證協助，讓學生的海外生活能更快上軌道，成為學生們最堅強的後盾。','澳洲遊學,黃金海岸遊學,黃金海岸留學,黃金海岸辦事處',3,'2022-08-04 04:52:40','2022-08-16 03:47:53',NULL);

--
-- Table structure for table `index_banner`
--

CREATE TABLE `index_banner` (
  `id` int(10) unsigned NOT NULL AUTO_INCREMENT,
  `title` varchar(200) DEFAULT NULL,
  `description` varchar(2000) DEFAULT NULL,
  `url` varchar(255) DEFAULT NULL,
  `pic` varchar(255) DEFAULT NULL,
  `pic_m` varchar(255) DEFAULT NULL,
  `sort` int(10) unsigned NOT NULL DEFAULT '0',
  `created_at` timestamp NULL DEFAULT NULL,
  `updated_at` timestamp NULL DEFAULT NULL,
  `deleted_at` timestamp NULL DEFAULT NULL,
  PRIMARY KEY (`id`)
) ENGINE=InnoDB AUTO_INCREMENT=134 DEFAULT CHARSET=utf8;

--
-- Dumping data for table `index_banner`
--

INSERT INTO `index_banner` VALUES (10,'ed:m 開幕慶','優惠滿載！！超過20萬遊學獎金，等你來拿','https://www.edmtw.com/news/post/89','upload/index/5c00a40499b9c.jpeg','upload/index/5c06a6a524561.jpeg',0,'2018-11-29 08:23:33','2019-01-02 00:54:33','2019-01-02 00:54:33'),(11,'PICK！短期遊學','#累積人生經驗值 #短期進修 #重新出發','https://www.edmtw.com/news/post/90','upload/index/5c00a62240051.jpeg','upload/index/5c06a713bf6a2.jpeg',1,'2018-11-30 02:53:22','2019-01-02 01:34:16','2019-01-02 01:34:16'),(12,'ed:m 精選學校優惠','優惠滿載！！超過20萬遊學獎金，等你來拿','https://www.edmtw.com/news/post/82','upload/index/5c00a66d7cd63.jpeg','upload/index/5c06a6ff20cff.jpeg',2,'2018-11-30 02:54:37','2019-01-02 01:35:23','2019-01-02 01:35:23'),(13,'遊學人氣城市TOP4','#用心感受 #體驗生活','https://www.edmtw.com/countries/language-recommand-courses/1/5','upload/index/5c00a69d3eb6c.jpeg','upload/index/5c06a7287a3e0.jpeg',3,'2018-11-30 02:55:25','2019-01-02 01:35:50','2019-01-02 01:35:50'),(14,'1','1','1',NULL,NULL,1,'2018-12-02 08:12:19','2018-12-02 08:12:49','2018-12-02 08:12:49'),(15,'1','1','1',NULL,NULL,1,'2018-12-02 08:12:57','2018-12-04 06:07:53','2018-12-04 06:07:53'),(16,'2','2','2','upload/index/5c061970294d8.jpeg',NULL,1,'2018-12-04 06:06:40','2018-12-04 16:07:11','2018-12-04 16:07:11'),(17,'1','1','1','upload/index/5c06a64fc5f81.jpeg',NULL,1,'2018-12-04 16:07:43','2018-12-10 08:11:22','2018-12-10 08:11:22'),(18,'test1209','ffdjflkfjdlfjdljfldfj\r\n你好你好你好','https://www.google.com/','upload/index/5c0ca6db40b8e.jpeg','upload/index/5c0ca6db410f7.jpeg',0,'2018-12-09 05:23:39','2018-12-10 08:11:29','2018-12-10 08:11:29'),(19,'2019 新年遊學趣 edm留遊學為你錙「豬」必較！','歐美遊學$375/hr 起！再享機票補助、8大好禮！','https://www.edmtw.com/news/post/111','upload/index/5c2c0b4bb6947.jpeg','upload/index/5c2c0b4bd3562.jpeg',5,'2019-01-02 00:52:27','2019-03-04 09:55:40','2019-03-04 09:55:40'),(20,'PICK！短期遊學','#累積人生經驗值 #短期進修 #重新出發','https://www.edmtw.com/news/post/90','upload/index/5c2c0eda71e9d.jpeg','upload/index/5c2c0e86387cd.jpeg',2,'2019-01-02 01:06:14','2019-01-02 01:08:39','2019-01-02 01:08:39'),(21,'ed:m 精選學校優惠','優惠滿載！！超過20萬遊學獎金，等你來拿','https://www.edmtw.com/news/post/82','upload/index/5c2c104e3b688.jpeg','upload/index/5c2c104e5153b.jpeg',2,'2019-01-02 01:11:35','2019-01-02 01:14:13','2019-01-02 01:14:13'),(22,'PICK！短期遊學','#累積人生經驗值 #短期進修 #重新出發','https://www.edmtw.com/news/post/90','upload/index/5c2c149870b59.jpeg','upload/index/5c2c149886188.jpeg',2,'2019-01-02 01:32:08','2019-01-02 01:32:51','2019-01-02 01:32:51'),(23,'PICK！短期遊學','#累積人生經驗值 #短期進修 #重新出發','https://www.edmtw.com/news/post/90','upload/index/5c2c150757020.jpeg','upload/index/5c2c15076c7fb.jpeg',5,'2019-01-02 01:33:59','2019-03-29 09:08:08','2019-03-29 09:08:08'),(24,'ed:m 精選學校優惠','優惠滿載！！超過20萬遊學獎金，等你來拿','https://www.edmtw.com/news/post/82','upload/index/5c2c15330b2af.jpeg','upload/index/5c2c153321337.jpeg',3,'2019-01-02 01:34:43','2019-01-02 01:34:49','2019-01-02 01:34:49'),(25,'歐美語言學校推薦《2019精選學校》','根據學校特色、師資評鑑、學生回饋等，為您從上百間學校精選出熱門歐美語言學校','https://www.edmtw.com/news/post/82','upload/index/5c2c1552c793e.jpeg','upload/index/5c2c1552dd35a.jpeg',8,'2019-01-02 01:35:14','2020-01-02 10:58:23','2020-01-02 10:58:23'),(26,'菲律賓語言學校推薦《2020精選學校》','根據學校特色、師資評鑑、學生回饋及推薦課程等，為您從上百間學校精選出熱門菲律賓語言學校','https://www.edmtw.com/news/post/253','upload/index/5d75fe69dc7f0.jpeg','upload/index/5d75fe69f002f.jpeg',7,'2019-01-02 01:35:44','2020-03-25 10:49:21','2020-03-25 10:49:21'),(27,'edm線上諮詢不打烊，過年期間讓你想問就問！','歡迎加入Line : @edmedutw 進行免費諮詢','https://www.edmtw.com/news/post/128','upload/index/5c4ed5d13f6dc.jpeg','upload/index/5c4ed58173703.jpeg',1,'2019-01-28 09:56:52','2019-02-27 06:18:06','2019-02-27 06:18:06'),(28,'好評再加碼！報名即可抽海外來回機票！','通通有獎！機票、秘密優惠、星巴克禮券！','https://www.edmtw.com/news/post/141','upload/index/5ca3e7f652f5c.jpeg','upload/index/5ca3ea9e39b94.jpeg',2,'2019-02-27 06:19:35','2019-04-23 06:42:40','2019-04-23 06:42:40'),(29,'ed:m 遊學教育展，登錄抽免費遊學1個月','2019年度最強！ed:m 遊學教育展！送你免費遊學１個月，現場報名再享多項好禮！只有 14 天 錯過等明年！','https://www.edmtw.com/news/post/142','upload/index/5c7f568d12a89.jpeg','upload/index/5c7f568d18b71.jpeg',2,'2019-03-06 05:10:44','2019-03-06 05:12:36','2019-03-06 05:12:36'),(30,'ed:m 遊學教育展 立即抽免費課程！','登錄立即抽免費遊學１個月，現場報名再享多項好禮！只有 14 天 錯過等明年！','https://www.edmtw.com/news/post/142','upload/index/5c7f74d50f8da.jpeg','upload/index/5c7f74d529af6.jpeg',2,'2019-03-06 07:20:53','2019-03-18 07:43:04','2019-03-18 07:43:04'),(31,'短期遊學驚喜包！','ed:m短期遊學生專屬驚喜包！各國費用都在這！','https://www.edmtw.com/news/post/156','upload/index/5c9d910cc7108.jpeg','upload/index/5c9d910d32c31.jpeg',4,'2019-03-28 09:33:43','2019-05-22 04:33:06','2019-05-22 04:33:06'),(32,'PICK 短期遊學！','遊學一定要以「月」為單位嗎？ No！We always have a choice！課程最短從2週、14天起！','https://www.edmtw.com/news/post/158','upload/index/5d75ffa4e6099.jpeg','upload/index/5d75ffa4f3cf8.jpeg',5,'2019-04-01 02:58:33','2020-09-29 02:26:45','2020-09-29 02:26:45'),(33,'美國 / 加拿大實習課程','不只是提升英語實力，也想要擁有海外工作經驗、增加專業能力、職場競爭力嗎？','https://www.edmtw.com/news/post/159','upload/index/5ca1f58eddb31.jpeg','upload/index/5ca1f58fb458a.jpeg',4,'2019-04-01 11:27:11','2020-02-24 03:47:27','2020-02-24 03:47:27'),(34,'edm 超特惠遊學','想去英語系國家遊學？加拿大、英國、美國、澳洲超特惠遊學介紹！','https://www.edmtw.com/news/post/165','upload/index/5ca4738b390d8.jpeg','upload/index/5ca4738bacf69.jpeg',4,'2019-04-03 08:49:15','2019-05-22 04:33:03','2019-05-22 04:33:03'),(35,'來就送！海外機票補助、星巴克禮券！','100%贈送！立即預約來訪即可獲得！','https://www.edmtw.com/news/post/173','upload/index/5cb556e180cf6.jpeg','upload/index/5cb556ad9c9f2.jpeg',4,'2019-04-16 04:14:37','2019-05-06 05:19:39','2019-05-06 05:19:39'),(36,'加拿大遊學講座 X Tamwood 遊學團','05/18 一場準備遊學的你，必須參加的講座！免費報名，參加講座再贈1000元機票補助金','https://www.edmtw.com/news/post/178','upload/index/5cbebd1207272.jpeg','upload/index/5cbebd121497b.jpeg',2,'2019-04-23 07:21:54','2019-05-22 04:30:43','2019-05-22 04:30:43'),(37,'海外遊學必看懶人包','學校、住宿、機票、簽證、生活費通通都整理好！一步步教你如何準備出國遊學','https://www.edmtw.com/news/study-news?page=1','upload/index/5cc7c690d946a.jpeg','upload/index/5cc7c690e711b.jpeg',3,'2019-04-30 03:52:48','2019-11-14 07:35:22','2019-11-14 07:35:22'),(38,'預約諮詢，立即贈最高10000元機票補助金',NULL,'https://www.edmtw.com/channel/appointment','upload/index/5ccfbd56d2701.png','upload/index/5ccfbd56db79f.png',2,'2019-05-06 04:39:28','2019-09-02 04:04:50','2019-09-02 04:04:50'),(39,'限時優惠！報名再抽免費遊學1個月','立即預約諮詢！海外機票補助金、加拿大免費接機服務、學費7折起等你拿！','https://www.edmtw.com/news/post/196','upload/index/5cd1089cb1ded.jpeg','upload/index/5cd1085e67f3f.jpeg',0,'2019-05-07 04:23:38','2019-05-30 03:52:46','2019-05-30 03:52:46'),(40,'7/31截止！100% 贈機票補助金 再抽免費遊學4週',NULL,'https://www.edmtw.com/news/post/213','upload/index/5cf0ac29e85fc.jpeg','upload/index/5cf0ac2a03d4b.jpeg',0,'2019-05-31 04:22:36','2019-08-01 06:50:03','2019-08-01 06:50:03'),(41,'06/29 職場競爭力UP！加拿大遊學打工講座','海外工作經驗、有薪實習一次Get！參加再獲高達萬元優惠！','https://www.edmtw.com/news/post/220','upload/index/5cf8f4ed09571.jpeg','upload/index/5cf8f4eda9c54.jpeg',1,'2019-06-06 11:10:19','2019-07-01 06:18:27','2019-07-01 06:18:27'),(42,'0719 加拿大留學專家ILAC來介紹：2+3公立學院留學講座','用60萬學費Get 加拿大公立學院證書+3年工作簽證','https://www.edmtw.com/news/post/230','upload/index/5d19e81511ee1.jpeg','upload/index/5d19e815b6122.jpeg',1,'2019-07-01 10:51:55','2019-07-22 04:42:20','2019-07-22 04:42:20'),(43,'《環歐首選》愛爾蘭遊學打工半年學費僅14萬？','實惠的價格實踐夢想：學習x打工x旅遊一次Get！','https://www.edmtw.com/news/post/209','upload/index/5d355436d222b.png','upload/index/5d3554371b03f.png',2,'2019-07-22 04:56:04','2020-09-29 02:26:43','2020-09-29 02:26:43'),(44,'08/17 立馬GO！愛爾蘭遊學打工 講座','只要14萬學費，25周課程、8個月全程打工，學英語、賺錢、歐洲旅行一次GET！','https://www.edmtw.com/news/post/241','upload/index/5d3e9e9dcb9df.png','upload/index/5d3e9e9ddd260.png',1,'2019-07-29 07:22:05','2019-08-20 02:54:22','2019-08-20 02:54:22'),(45,'edm遊學特派員招募中，遊學再賺旅遊補助金！','限時招募中，來訪諮詢100%贈好禮！','https://www.edmtw.com/news/post/243','upload/index/5d7092c24be25.jpeg','upload/index/5d7092c277516.jpeg',0,'2019-08-01 08:18:46','2019-10-02 07:47:49','2019-10-02 07:47:49'),(46,'10.05 小留學生美國名校升學說明會','百大名校升學保證，全方位學術生活輔導','https://www.edmtw.com/news/post/254','upload/index/5d78602164b98.jpeg','upload/index/5d78600ae32da.jpeg',2,'2019-09-11 02:46:34','2019-10-05 07:32:45','2019-10-05 07:32:45'),(47,'10/26 加拿大留學專家ILAC來介紹：2+3公立學院留學講座','2年證書課程+3年工作簽證=5年工作機會\r\n海外就業、工作機會、續留加拿大就這麼簡單！','https://www.edmtw.com/news/post/230','upload/index/5d933372b18f3.jpeg','upload/index/5d933372c59d4.jpeg',1,'2019-10-01 11:03:29','2019-10-28 02:29:47','2019-10-28 02:29:47'),(48,'歡慶1歲週年慶 不可錯過年度最強優惠！','5大歡慶活動 30萬生日金大放送 越早報名優惠越多','https://www.edmtw.com/promotion/','upload/index/5d985161841f1.jpeg','upload/index/5d9851797f3e3.jpeg',0,'2019-10-05 04:40:55','2019-11-07 02:41:11','2019-11-07 02:41:11'),(49,'11/17 愛爾蘭遊學打工講座：學英語、賺錢、歐洲旅行一次全包！','學費14萬Get！25周課程、8個月打工','https://www.edmtw.com/news/post/241','upload/index/5da6e7e2b187a.png','upload/index/5da6e7e2bf69a.png',2,'2019-10-16 09:40:02','2019-11-27 06:20:24','2019-11-27 06:20:24'),(50,'edm遊學特派員招募中，遊學再賺旅遊補助金！','edm學員們注意！為旅程留下豐富的紀錄，賺點旅遊補助金趁現在！','https://www.edmtw.com/news/post/273','upload/index/5dc2832510f17.jpeg','upload/index/5dc2832524936.jpeg',3,'2019-11-06 08:24:05','2020-09-29 02:26:49','2020-09-29 02:26:49'),(51,'加拿大熱門遊學打工：學英文x賺補貼 Co-op課程','豐富履歷、有薪實習、雇主推薦信一次GET!','https://www.edmtw.com/news/post/197','upload/index/5dcd0469eee27.jpeg','upload/index/5dcd046a17a0e.jpeg',1,'2019-11-14 07:36:51','2020-09-29 02:26:54','2020-09-29 02:26:54'),(52,'英國遊學年終限時優惠，語言學校學費65折起！','年度最狂的優惠來囉！明年出發現在準備剛剛好','https://www.edmtw.com/news/post/276','upload/index/5ddf7bed1248f.jpeg','upload/index/5ddf7bed2d3b2.jpeg',1,'2019-11-28 07:34:21','2020-01-02 09:16:38','2020-01-02 09:16:38'),(53,'【2020 英國遊學攻略】短期遊學費用/住宿/簽證/語言學校',NULL,'https://www.edmtw.com/news/post/176','upload/index/5def430c8423c.jpeg','upload/index/5def430d3563f.jpeg',3,'2019-12-10 07:02:37','2020-09-29 02:26:37','2020-09-29 02:26:37'),(54,'《2020》 ed:m 留遊學精選推薦語言學校','真心推薦學生好評語言學校，美國、英國、加拿大、愛爾蘭遊學課程住宿費用全在這！','https://www.edmtw.com/news/post/82','upload/index/5e13f2a173d6a.jpeg','upload/index/5e13f2a1876d5.jpeg',1,'2020-01-07 02:53:21','2020-08-05 07:47:45','2020-08-05 07:47:45'),(55,'【2020】暑假遊學完整攻略！暑假遊學GO！','遊學團選擇、暑期推薦遊學國家、遊學費用準備','https://www.edmtw.com/news/post/300','upload/index/5e1c476fb48ad.jpeg','upload/index/5e1c476fc8d57.jpeg',3,'2020-01-13 10:22:19','2020-03-25 10:50:12','2020-03-25 10:50:12'),(56,'《2020》 ed:m 留遊學春季限時優惠','立即享！免費諮詢+學校7折起優惠+超值遊學福袋','https://www.edmtw.com/news/post/301','upload/index/5e219268917d6.jpeg','upload/index/5e219285d5a1c.jpeg',1,'2020-01-17 10:54:32','2020-02-27 03:25:03','2020-02-27 03:25:03'),(57,'03/07 加拿大遊學打工 Co-op講座','100%有薪工作安排、全方位職業培訓、24hr當地辦事處緊急協助','https://www.edmtw.com/news/post/306','upload/index/5e41377b7b1e0.jpeg','upload/index/5e41377c876c0.jpeg',1,'2020-02-10 04:00:01','2020-03-10 07:15:07','2020-03-10 07:15:07'),(58,'Covid-19 最新出入境、隔離政策、疫苗施打資訊','完整整理疫情間學校開課資訊、簽證申請狀態、出入境、隔離政策與國際生疫苗施打等資訊','https://www.edmtw.com/news/post/307','upload/index/60f9105644467.jpeg','upload/index/60f910565c87f.jpeg',6,'2020-02-10 09:59:50','2022-12-09 01:51:57','2022-12-09 01:51:57'),(59,'3/21 加拿大留遊學講座：遊學打工 VS 公立學院2+3留學','夢想道路該如何抉擇 哪條路適合我呢？','https://www.edmtw.com/news/post/309','upload/index/5e5348538946b.jpeg','upload/index/5e534853a65f9.jpeg',1,'2020-02-24 03:51:47','2020-03-21 08:31:41','2020-03-21 08:31:41'),(60,'《2020》 線上遊學展 ed:m留遊學專屬優惠','精選學費7折起、免費諮詢規劃報價、報名再抽免費遊學1個月課程','https://www.edmtw.com/promotion/','upload/index/5e573df68c28e.jpeg','upload/index/5e573df6af85c.jpeg',1,'2020-02-27 03:50:11','2020-03-31 06:47:54','2020-03-31 06:47:54'),(61,'最夯！課程銜接職場：加拿大2+3公立學院留學','2年證書課程+3年工作簽證=5年工作機會','https://www.edmtw.com/news/post/231','upload/index/5e7c2fee40fb2.jpeg','upload/index/5e7c2fee5fa6a.jpeg',5,'2020-03-26 04:30:38','2020-10-12 02:19:47','2020-10-12 02:19:47'),(62,'04/17 Live 線上講座：美國企業實習直播講座','打造黃金履歷、踏入美國職場就這麼簡單！','https://www.edmtw.com/news/post/314','upload/index/5e8440808b008.jpeg','upload/index/5e8440809c863.jpeg',0,'2020-04-01 07:15:01','2020-04-17 06:16:13','2020-04-17 06:16:13'),(63,'04/29 Live 線上講座：加拿大遊學打工Coop','打造歐美求職完美履歷、全方位職業培訓、保證工作面試','https://www.edmtw.com/news/post/315','upload/index/5e9408d0405ee.jpeg','upload/index/5e9408d064423.jpeg',0,'2020-04-13 06:38:08','2020-04-30 07:36:47','2020-04-30 07:36:47'),(64,'edm 線上遊學展 限時專屬優惠開跑中','限時學費7折、預約諮詢100%贈好禮，再抽1個月遊學課程','https://www.edmtw.com/promotion/','upload/index/5e998595bdc22.jpeg','upload/index/5e998595dab1c.jpeg',1,'2020-04-17 10:31:49','2020-06-10 10:27:15','2020-06-10 10:27:15'),(65,'05/20 加拿大遊學打工Coop 線上講座','100%有薪工作安排、全方位職業培訓、再享4周免費英文課程','https://www.edmtw.com/news/post/306','upload/index/5ebd015d7ddb1.jpeg','upload/index/5ebcff11c1534.jpeg',0,'2020-05-05 09:37:20','2020-05-20 06:36:53','2020-05-20 06:36:53'),(66,'06/10 加拿大留遊學講座：遊學打工 VS 公立學院2+3留學','想累積海外工作經驗，哪個才是真正適合我的呢？','https://www.edmtw.com/news/post/309','upload/index/5ecce5a10116a.jpeg','upload/index/5ecce5a12529e.jpeg',0,'2020-05-26 09:44:20','2020-06-10 10:27:13','2020-06-10 10:27:13'),(67,'ed:m海外留遊學手冊《歡迎免費索取》','最詳細的海外留遊學資訊都在這，豐富內容讓你即刻找到留遊學方向，快來免費索取吧！','https://www.edmtw.com/news/post/339','upload/index/5ee1b0a9483aa.jpeg','upload/index/5ee1b09017fab.jpeg',2,'2020-06-11 04:13:45','2020-10-12 02:19:33','2020-10-12 02:19:33'),(68,'7/11 留遊學講座：別讓疫情影響海外留遊學計畫','各國疫情現況、學校簽證開放狀況、該怎麼超前佈署為留遊學鋪路呢？立即報名瞭解','https://www.edmtw.com/news/post/346','upload/index/5ef2c1a5263e6.jpeg','upload/index/5ef2c1a534127.jpeg',0,'2020-06-24 02:59:49','2020-07-11 05:50:19','2020-07-11 05:50:19'),(69,'8/13 美國名校留學講座 踏入名校關鍵秘訣大公開','低入學門檻、全方位升學輔導、轉入美國理想大學機率高、再享高達24萬獎學金','https://www.edmtw.com/news/post/364','upload/index/5f1ff12d7629d.jpeg','upload/index/5f1ff12d97dac.jpeg',0,'2020-07-28 09:34:37','2020-08-18 02:32:02','2020-08-18 02:32:02'),(70,'【10 分鐘完整上手】  英國留學準備攻略:申請、費用、簽證準備','英國留學攻略，英國留學如何準備、留學申請手續、英國留學簽證準備，ed:m 留遊學一次幫你整理齊全。','https://www.edmtw.com/news/post/261','upload/index/5f2a65110ddd4.jpeg','upload/index/5f2a6511c9395.jpeg',3,'2020-08-05 07:49:29','2020-10-12 02:19:45','2020-10-12 02:19:45'),(71,'【10 分鐘完整上手】 美國留學準備攻略:申請、費用、簽證準備','美國留學攻略，美國留學如何準備、美學申請手續、美國留學簽證準備，ed:m 留遊學一次幫你整理齊全。','https://www.edmtw.com/news/post/262','upload/index/5f6c069bca9c0.jpeg','upload/index/5f6c069bde6a0.jpeg',4,'2020-09-24 02:36:23','2020-10-12 02:19:43','2020-10-12 02:19:43'),(72,'【加拿大留學】加拿大公立學院就業與移民','加拿大熱門科系、就業狀況、移民完整收錄！','https://www.edmtw.com/news/post/234','upload/index/5f729dc317f58.jpeg','upload/index/5f729dc37406c.jpeg',6,'2020-09-29 02:36:51','2020-10-12 02:19:41','2020-10-12 02:19:41'),(73,'10/24 留學講座：英國頂尖商學院碩士保證入學','英文不好、GPA太差也能進英國頂尖名校？立即報名講座當天告訴你！','https://www.edmtw.com/news/post/393','upload/index/5f7d352312304.jpeg','upload/index/5f7d3523521a9.jpeg',0,'2020-10-07 03:25:23','2020-10-24 08:48:41','2020-10-24 08:48:41'),(74,'ed:m 秋季留學講座一覽','不藏私大公開！美國、英國、加拿大最新留學資訊、升學途徑、學校/簽證資訊','https://www.edmtw.com/news/post/394','upload/index/5f7d86b0e27b4.jpeg','upload/index/5f7d86b109781.jpeg',2,'2020-10-07 09:13:21','2020-12-12 07:56:52','2020-12-12 07:56:52'),(75,'【海外留學】海外大學升學特別企劃','完整公開美國、英國、加拿大、海外升學策略，再享2周年慶優惠！','https://www.edmtw.com/news/post/396','upload/index/5f83c22a9061a.jpeg','upload/index/5f83bf4678012.jpeg',3,'2020-10-12 02:28:22','2021-04-08 06:40:17','2021-04-08 06:40:17'),(76,'【英國留學】不可不讀！英國大學錄取秘訣','edm留遊學透過落點分析、高效率時間管理協助學生順利進入理想的大學！','https://www.edmtw.com/news/post/397','upload/index/5f83c1df44b71.jpeg','upload/index/5f83c1df6538b.jpeg',5,'2020-10-12 02:32:53','2021-04-28 08:04:05','2021-04-28 08:04:05'),(77,'【美國留學】美國最佳留學升學途徑','一起透過學生的實際案例瞭解美國大學與最佳升學途徑','https://www.edmtw.com/news/post/398','upload/index/5f83c418e0638.jpeg','upload/index/5f83c4190bb4d.jpeg',6,'2020-10-12 02:48:57','2021-04-28 08:03:47','2021-04-28 08:03:47'),(78,'【海外留學】美國、英國留學與實習就業','完整收納！美國、英國、加拿大海外留學與實習就業資訊','https://www.edmtw.com/news/post/395','upload/index/5f83c574031e2.jpeg','upload/index/5f83c57421fcb.jpeg',7,'2020-10-12 02:54:44','2021-07-22 04:59:43','2021-07-22 04:59:43'),(79,'【海外留學】海外醫學、藥學、護理學留學途徑','美國、英國醫學院留學途徑大公開，edm留遊學為你整理醫學院升學途徑、推薦學校！','https://www.edmtw.com/news/post/399','upload/index/5f83c73927bea.jpeg','upload/index/5f83c6eebb6d8.jpeg',8,'2020-10-12 03:01:02','2021-04-28 08:03:56','2021-04-28 08:03:56'),(80,'10/31（已額滿）UIC伊利諾大學芝加哥分校 免GRE/GMAT碩士入學','2021年春秋季班碩士入學免GRE/GMAT，對於GRE/GMAT苦惱的學生們，千萬不能錯過這場講座！','https://www.edmtw.com/news/post/400','upload/index/5f8546671ba27.jpeg','upload/index/5f8546674fb53.jpeg',0,'2020-10-13 06:15:54','2020-10-31 06:59:54','2020-10-31 06:59:54'),(81,'【英國留學】英國研究所碩士完整攻略','英國碩士優點/選校諮詢/申請流程不藏私大公開','https://www.edmtw.com/news/post/401','upload/index/5f910487623a8.jpeg','upload/index/5f910487767f0.jpeg',3,'2020-10-22 04:03:19','2021-07-22 06:09:23','2021-07-22 06:09:23'),(82,'美國名校留學諮詢服務','10分鐘快速上手！edm留遊學為你完整整理美國名校諮詢流程，選校諮詢、申請代辦服務、獎學金等','https://www.edmtw.com/news/post/402','upload/index/6107cc4f6f9f5.jpeg','upload/index/6107cc4fa9bff.jpeg',12,'2020-10-24 08:48:09','2022-12-09 02:30:55',NULL),(83,'11/14 留學講座：University of Bristol  大學保證入學方案','出國前先取得「布里斯托大學條件式入學許可」、大學保證入學詳細解說，千萬別錯過這場講座！','https://www.edmtw.com/news/post/403','upload/index/5f9939aa454d7.jpeg','upload/index/5f9939aa7b328.jpeg',1,'2020-10-28 09:28:10','2020-11-16 06:01:58','2020-11-16 06:01:58'),(84,'12/5 留學講座：TOP50美國名校UW-Madison大學部保證入學','UW-Madison大學課程保證入學方案、美國超夯的轉學升學途徑，千萬別錯過進入美國頂尖名校的機會！','https://www.edmtw.com/news/post/405','upload/index/5fb4ab908e1b4.jpeg','upload/index/5fb4ab909ad6f.jpeg',0,'2020-11-18 05:03:52','2020-12-07 02:15:06','2020-12-07 02:15:06'),(85,'12/12 英國留學講座：Durham University 杜倫大學碩士保證入學計畫','學術成績不好、低GPA也能進入英國人公認最頂尖名校「杜倫大學」碩士保證入學計畫','https://www.edmtw.com/news/post/406','upload/index/5fc1d333a1621.png','upload/index/5fc1d333ea063.png',0,'2020-11-28 04:26:34','2020-12-12 07:56:41','2020-12-12 07:56:41'),(86,'美國、英國、加拿大留學申請服務方案','立即預約免費諮詢服務，由我們顧問協助您規劃留學時程、選校選系、文件輔導等','https://www.edmtw.com/news/post/407','upload/index/5fec090fe2c5a.jpeg','upload/index/5fec091002014.jpeg',2,'2020-12-30 04:55:14','2021-05-14 09:23:59','2021-05-14 09:23:59'),(87,'留學『免代辦費』再贈『IELTS雅思線上課程』','報名享免代辦費，價值2萬的IELTS線上講座課程、100%擬真模擬試題、線上題型解析、解題技巧，讓你短時間內提高雅思備戰力！','https://www.edmtw.com/news/post/409','upload/index/60013daaec1dc.png','upload/index/60013dab5746e.png',1,'2021-01-15 07:00:59','2021-03-12 03:46:50','2021-03-12 03:46:50'),(88,'02/27 加拿大2+3留學 公立學院講座：英文、學術成績不好也能GO！','2年證書課程+3年工作簽證=5年工作機會\r\n海外就業、工作機會、續留加拿大就這麼簡單！','https://www.edmtw.com/news/post/411','upload/index/601ce7c117342.jpeg','upload/index/601ce675b1d8c.png',0,'2021-02-05 06:27:18','2021-02-27 07:23:43','2021-02-27 07:23:43'),(89,'ed:m春季留遊學優惠','預約抽『機票補助金」報名享『edm學員獎學金』\r\n機會難得的學校高額獎學金、寬鬆入學方案，把握機會僅有今年才有！','https://www.edmtw.com/promotion/','upload/index/604867ebce70a.jpeg','upload/index/604867ebe70c3.jpeg',0,'2021-03-10 06:23:01','2021-04-30 03:51:51','2021-04-30 03:51:51'),(90,'03/27 留學講座：英國高中全額獎學金計畫','牛津、劍橋名校獎學金　 學費食宿全包　最高多達10萬英鎊　全方位英國預備課程協助你進入名校','https://www.edmtw.com/news/post/416','upload/index/604ae4822e39f.png','upload/index/604ae4826667f.png',0,'2021-03-12 03:44:01','2021-03-27 06:37:58','2021-03-27 06:37:58'),(91,'留學『免代辦費』再贈『IELTS雅思線上課程』','報名留學課程雅思考官線上課程免費贈：180天無限制觀看、100%擬真模擬試題、個人學習程度分析！','https://www.edmtw.com/news/post/409','upload/index/604ee1117d74b.png','upload/index/604ee111e8be3.png',7,'2021-03-15 04:22:41','2021-07-22 05:00:33','2021-07-22 05:00:33'),(92,'加拿大留學、遊學打工 前哨站－線上英文課程','實體課程費用50% off、免簽證免住宿、免雅思直接銜接入學，報名再享早鳥獨家優惠','https://www.edmtw.com/news/post/417','upload/index/606451033daa3.jpeg','upload/index/606451034e490.jpeg',9,'2021-03-31 10:32:58','2021-12-28 09:32:20','2021-12-28 09:32:20'),(93,'英國碩士留學雅思救星 - 英文預備課程(Pre-sessional)','拿到學校入學許可但雅思一直無法達標？就讓英文預備課程(Pre-sessional)拯救你！','https://www.edmtw.com/news/post/418','upload/index/609e45ef6f3b5.jpeg','upload/index/606c1afe6cd72.jpeg',8,'2021-04-06 08:25:34','2021-06-22 03:48:36','2021-06-22 03:48:36'),(94,'04/24 美國留學講座：STEM！抗疫情的跨科系碩士課程','美國碩士選對科系，直接享有美國3年工作簽證！ ','https://www.edmtw.com/news/post/419','upload/index/606ea63c461c8.jpeg','upload/index/606ea58892012.jpeg',0,'2021-04-08 06:41:12','2021-04-26 08:33:53','2021-04-26 08:33:53'),(95,'【加拿大遊學打工】有薪實習Coop遊學打工課程','加拿大遊學打工職業課程讓你邊學習英語專業知識、邊增加海外工作/打工經驗！','https://www.edmtw.com/news/post/197','upload/index/60f90f1823ac3.jpeg','upload/index/60f90f183bb45.jpeg',7,'2021-04-28 07:52:57','2022-12-09 02:29:22',NULL),(96,'各國留學COVID-19疫苗施打資訊','全球疫苗施打逐漸普及，美國、英國、加拿大也開放境內國際留學生們進行疫苗施打，edm留遊學為你詳細整理疫苗接種預約方式、接種醫院、注意事項等。','https://www.edmtw.com/news/post/420','upload/index/608a5e12615d2.jpeg','upload/index/608a5e1278825.jpeg',0,'2021-04-29 07:14:36','2021-05-12 09:26:48','2021-05-12 09:26:48'),(97,'06/09 線上講座：加拿大遊學打工Coop講座','後疫情加拿大就業趨勢、疫情後逆勢成長產業：UI/UX、網站開發、數位行銷','https://www.edmtw.com/news/post/421','upload/index/60b1e67fcd219.jpeg','upload/index/60b1e680a4544.jpeg',1,'2021-05-05 09:11:32','2021-06-15 03:00:19','2021-06-15 03:00:19'),(98,'【加拿大留學】公立學院 2+3留學、學制、學費、工作等完整解析','課程銜接職場、高就業率、熱門科系完整收錄','https://www.edmtw.com/news/post/323/','upload/index/609e467fc0665.jpeg','upload/index/609e467fd7937.jpeg',7,'2021-05-14 09:28:29','2022-03-03 06:37:23','2022-03-03 06:37:23'),(99,'Covid-19最新辦公室防疫措施','edm留遊學將配合政府採取人流管制防疫措施，並提供安心線上諮詢服務、所有訪客將採預約制，建議學生先來電與我們預約哦!','https://www.edmtw.com/news/post/423','upload/index/60a348c4e5b36.jpeg','upload/index/60a348c5d8930.jpeg',4,'2021-05-18 04:55:33','2021-08-18 02:28:05','2021-08-18 02:28:05'),(100,'《edm留遊學展》Let\'s Go 抓準申請最佳時機！','優惠倒數至8/31止！報名留遊學課程享多重優惠、免代辦費、雅思考官線上課程、選校及熱門科系分析、外師文件輔導等','https://www.edmtw.com/promotion','upload/index/60b0a2de6063a.jpeg','upload/index/60b0a2de9088b.jpeg',0,'2021-05-28 07:49:21','2021-09-01 03:52:43','2021-09-01 03:52:43'),(101,'07/13 英國留學線上講座 南安普頓碩士保證入學','世界排名#77 x 英國排名#15 x 不藏私公開》華麗轉身入英國頂尖名校秘技','https://www.edmtw.com/news/post/425','upload/index/60d58dd994569.jpeg','upload/index/60d58dd9ba181.jpeg',0,'2021-06-25 08:01:33','2021-07-14 10:59:02','2021-07-14 10:59:02'),(102,'海外留遊學主題研討會','2021年最受學生歡迎、最即時、最具特色的留學遊學主題課程全收錄，立即預約免費諮詢瞭解！','https://www.edmtw.com/news/post/426','upload/index/60dd6686db4a8.jpeg','upload/index/60dd66870ba02.jpeg',2,'2021-07-01 06:50:05','2021-10-07 07:48:22','2021-10-07 07:48:22'),(103,'2023英國碩士申請途徑、學費、科系全收錄','【10 分鐘完整上手】英國碩士申請途徑、學費、科系完整收錄備等，ed:m 留遊學一次幫你整理齊全。','https://www.edmtw.com/news/post/229/','upload/index/60f90d0ac4114.jpeg','upload/index/60f90d0ae10e5.jpeg',10,'2021-07-22 06:15:38','2022-12-09 02:30:07',NULL),(104,'08/21英國留學線上講座:杜倫大學無背景行銷碩士申請方案','英國排名#12  英國行銷排名#7  無背景也能申請》 立即免費報名了解','https://www.edmtw.com/news/post/443','upload/index/6103d0adc3e2c.jpeg','upload/index/6103d0ae31fed.jpeg',2,'2021-07-30 10:13:02','2021-08-23 02:07:48','2021-08-23 02:07:48'),(105,'荷蘭留學！不可不知的5大推薦理由','前進世界頂尖大學，兼具教育品質與CP值的歐洲留學！\r\n高英語使用率、合理留學費用、教育水平高、當地就業易','https://www.edmtw.com/countries/netherlands','upload/index/610a0575d810c.jpeg','upload/index/610a057625bb7.jpeg',13,'2021-08-04 03:11:50','2022-12-09 02:31:25',NULL),(106,'09/25英國留學講座：University of Glasgow格拉斯哥碩士保證入學','世界排名#77、英國排名#11、英國第二大商學院、格拉斯哥碩士銜接課程達到指定成績，即可保證進入英國排名第11名的格拉斯哥大學！','https://www.edmtw.com/news/post/454','upload/index/613b161bb85b9.jpeg','upload/index/613b161bc7172.jpeg',0,'2021-09-10 08:23:55','2021-09-27 03:20:40','2021-09-27 03:20:40'),(107,'ed:m留遊學 Covid19 防疫及諮詢預約政策','由於近期疫情狀況與加強防疫政策，edm留遊學將配合政府採取人流管制防疫措施，並提供安心線上諮詢服務、所有訪客將採預約制，建議學生先來電與我們預約哦!','https://www.edmtw.com/news/post/423','upload/index/613b258de721b.jpeg','upload/index/613b258e01327.jpeg',1,'2021-09-10 09:29:50','2021-09-28 02:31:14','2021-09-28 02:31:14'),(108,'ed:m留遊學周年慶 超強留遊學紓困計畫 | 萬元起圓夢獎學金','好評再延長，留學、遊學、遊學打工0元起代辦費、限時學費9折起、留學服務升級免加價、再加碼獨家獎學金','https://www.edmtw.com/promotion/3rd-anniversary','upload/index/6140298231348.jpeg','upload/index/6140298241087.jpeg',0,'2021-09-14 04:24:34','2021-12-01 07:48:19','2021-12-01 07:48:19'),(109,'【遊學/遊學打工攻略】2023遊學費用、語言學校推薦、遊學代辦服務','2023年準備出國遊學的你，千萬不能錯過這篇超值優惠遊學資訊\r\n#長期學生加碼獎學金','https://www.edmtw.com/news/post/463','upload/index/6141be1e67729.jpeg','upload/index/6141be1e77131.jpeg',4,'2021-09-15 09:34:22','2022-12-09 02:28:13',NULL),(110,'10/23英國留學講座：University of Sheffield 雪菲爾碩士保證入學計畫','世界排名#93 x 英國排名#16 x 100%保證入學計畫 90分鐘講座帶您掌握英國名校必勝關鍵','https://www.edmtw.com/news/post/462','upload/index/615c210acf313.jpeg','upload/index/615c210adc66d.jpeg',0,'2021-10-05 09:48:23','2021-10-25 07:14:45','2021-10-25 07:14:45'),(111,'【愛爾蘭遊學打工攻略】遊學費用/住宿/簽證/語言學校','愛爾蘭遊學打工看這一篇就足夠！愛爾蘭遊學打工準備、費用、簽證準備等相關資訊一應俱全。','https://www.edmtw.com/news/post/183','upload/index/615eb1b0aa6e5.jpeg','upload/index/615eb1b0bbbe9.jpeg',9,'2021-10-07 08:18:33','2021-10-25 07:15:04','2021-10-25 07:15:04'),(112,'11/13英國留學講座：Newcastle University 世界TOP1%頂尖商學院 碩士保證入學','世界排名#152x英國排名#22x世界TOP1%頂尖商學院 \r\n大學非本科/GPA不佳也有機會進名校，免費報名了解！','https://www.edmtw.com/news/post/464','upload/index/617914bc1c56c.jpeg','upload/index/617914bc2ec65.jpeg',0,'2021-10-27 08:54:07','2021-11-15 03:26:54','2021-11-15 03:26:54'),(113,'12/04 美國留學線上講座：TOP50美國頂尖名校 UIC 研究所入學計劃','全美排名#36 x 最佳公立大學#11 x 最具價值院校#8，高學術品質x含金量高的美國頂尖UIC碩士申請祕笈》立即報名了解','https://www.edmtw.com/news/post/465','upload/index/619233e54337f.jpeg','upload/index/619233e551d07.jpeg',0,'2021-11-15 10:18:13','2021-12-06 02:06:16','2021-12-06 02:06:16'),(114,'edm遊學特派員招募中，遊學再賺旅遊補助金！','把握年底最佳折扣季 x edm加碼遊學特派員獎學金 》》免費諮詢了解','https://www.edmtw.com/news/post/273','upload/index/61a9f4dd0f143.jpeg','upload/index/61a9f4dd1d8cb.jpeg',5,'2021-12-03 10:41:13','2022-12-09 02:28:29',NULL),(115,'edm 最新留學榜單','edm留學放榜囉！2021年留學申請學生中，目前已有高達89%學生獲得理想學校錄取，現在申請明年入學還來的及哦 》》立即預約免費諮詢','https://www.edmtw.com/news/post/466','upload/index/61aed776356c1.jpeg','upload/index/61aed77644acb.jpeg',11,'2021-12-07 03:39:34','2022-12-09 02:30:28',NULL),(116,'美國、英國、加拿大留學大學/研究所代辦方案','edm留學代辦致力於提供學生完善留學申請服務、協助學生進入理想名校，edm留學申請準備、流程規劃、代辦申請方案完整收錄','https://www.edmtw.com/news/post/407','upload/index/61af114f20b87.jpeg','upload/index/61af114f2eebb.jpeg',6,'2021-12-07 07:46:23','2022-07-11 07:31:45','2022-07-11 07:31:45'),(117,'把握最後！2022英國留學申請末班車','2022年英國碩士秋季班，現在申請還來的及！選校選系 x 文件準備 x 雙語外籍編輯，edm 全方位諮詢服務協助您順利錄取理想名校','https://www.edmtw.com/news/post/467','upload/index/61b0841ab83fa.jpeg','upload/index/61b0841ac6afc.jpeg',1,'2021-12-08 10:08:26','2022-02-16 07:53:50','2022-02-16 07:53:50'),(118,'春季留遊學展》優惠倒數','優惠至4/30止。遊學享0元學費預付、享最高萬元獎學金、免費更改出發日，留學錄取初估、個人化升學規劃、雅思考官備考祕笈》立即瞭解','https://www.edmtw.com/promotion/spring-fair','upload/index/624ff7f7d2b84.jpeg','upload/index/624ff7f800a8c.jpeg',0,'2022-01-05 07:24:38','2022-05-03 04:50:39','2022-05-03 04:50:39'),(119,'02/10 加拿大遊學打工線上講座','打造求職完美履歷 x 全方位職業培訓 x 保證工作面試！\r\n不藏私分享疫情後加拿大遊學打工趨勢課程、就業現況、申請流程/費用/薪資結構、超值優惠！','https://www.edmtw.com/news/post/471','upload/index/61efbd2b30438.jpeg','upload/index/61efbd2b45ce3.jpeg',0,'2022-01-25 09:01:04','2022-02-11 03:28:36','2022-02-11 03:28:36'),(120,'【愛爾蘭遊學打工】遊學費用/住宿/簽證/學校','愛爾蘭遊學打工如何準備、遊學打工費用、簽證準備等，ed:m 留遊學推薦您必看本篇，相關資訊一應俱全。','https://www.edmtw.com/news/post/183','upload/index/62297e217da25.jpeg','upload/index/62297e218eecd.jpeg',14,'2022-03-10 04:24:41','2022-12-09 02:32:10',NULL),(121,'【加拿大留學】2年制公立學院留學完整解析','完整解析加拿大2年制公立學院留學、學制、學費、加拿大6+6遊學打工與2年制公立學院比較。','https://www.edmtw.com/news/post/323/','upload/index/622980b9f2fc5.jpeg','upload/index/622980ba0e024.jpeg',8,'2022-03-10 04:34:02','2022-12-09 02:29:35',NULL),(122,'ed:m 海外遊學打工專案','加拿大 vs 愛爾蘭遊學打工該如何選擇？edm遊學準備詳細的門檻、費用、課程介紹等資訊，還有高額遊學特派員獎學金等著你唷》立即了解','https://www.edmtw.com/promotion/study_work','upload/index/626b7766823ad.jpeg','upload/index/626b7766b3af3.jpeg',6,'2022-04-29 05:28:06','2022-12-09 02:28:50',NULL),(123,'05/28美國留學講座：高效率取得名校工程碩士','高效率、省時省荷包美國名校碩士：一年即可畢業的工程碩士學位・在台取得美國名校電腦工程碩士學位，詳細資訊將於講座當天分享！立即報名講座》','https://www.edmtw.com/news/post/478','upload/index/6278daecbae19.jpeg','upload/index/6278daecdd0a8.jpeg',0,'2022-05-09 09:12:12','2022-05-30 06:05:16','2022-05-30 06:05:16'),(124,'6/18 英國留學講座：Sheffield 雪菲爾大學碩士保證入學計畫','非本科、低GPA也有機會進入英國名校碩士，講座不藏私分享『低GPA英國名校申請秘笈』、『無背景跨領域推薦科系』》免費報名了解','https://www.edmtw.com/news/post/462','upload/index/6294935e02c1d.jpeg','upload/index/6294935e1c37a.jpeg',0,'2022-05-30 09:41:03','2022-06-20 06:33:39','2022-06-20 06:33:39'),(125,'海外遊學推薦城市與課程','海外遊學城市、課程怎麼選？透過4大常見人格特質分析，來選擇適合你的遊學城市與課程吧！','https://www.edmtw.com/promotion/language_course_promotion','upload/index/62b01c724b717.jpeg','upload/index/62b01c7266f68.jpeg',3,'2022-06-20 07:02:52','2022-09-02 02:03:50',NULL),(126,'07/09 加拿大遊學打工Coop 線上講座','不藏私分享 後疫情加拿大遊學打工求職趨勢、職業培訓課程介紹、學生畢業工作發展、100%有薪工作安排資訊》立即報名','https://www.edmtw.com/news/post/306','upload/index/62b43815773a9.jpeg','upload/index/62b438158c325.jpeg',0,'2022-06-23 09:53:25','2022-07-11 04:34:40','2022-07-11 04:34:40'),(127,'ed:m 海外名校留學申請','ed:m獨家留學優惠、代辦方案、國家選擇、申請時程等完整收錄》立即查看','https://www.edmtw.com/promotion/prestigious_school','upload/index/62cbd1d1e4b70.jpeg','upload/index/62cbd1d2186c8.jpeg',9,'2022-07-11 07:31:30','2022-12-09 02:29:51',NULL),(128,'ed:m留遊學周年慶','留遊學年末超值優惠 \r\n留遊學5折起優惠 \r\n今年報名獎學金再加碼','https://www.edmtw.com/promotion/4th-anniversary','upload/index/63115f465c910.jpeg','upload/index/63115f46723c9.jpeg',2,'2022-09-02 01:41:26','2023-03-14 05:15:58','2023-03-14 05:15:58'),(129,'ed:m留遊學真心對待我們每一位客戶','COVID-19 Pandemic Report \r\n             疫情應對報告','https://www.edmtw.com/promotion/pandemic-report','upload/index/639298f918d77.png','upload/index/639298fadae1f.png',2,'2022-12-09 02:10:02','2023-03-03 13:15:03',NULL),(130,'The Best Offer -------- edm春季留遊學優惠','最優質的海外教育機會\r\n預約諮詢取得最佳優惠!!!!','https://www.edmtw.com/promotion/edu-fair','upload/index/6401f22e3c23e.jpeg','upload/index/6401f32290d64.jpeg',0,'2023-03-03 13:12:14','2023-03-24 05:30:12',NULL),(131,'04/15 加拿大遊學打工Coop 實體講座：行銷、IT、數據分析專業證書、100%有薪工作安排、全方位職業培訓','4/15 (六) 下午2:00-4:30  \r\ned:m 留遊學台北辦公室','https://www.edmtw.com/news/post/481','upload/index/64194171d32eb.jpeg','upload/index/641941722008f.jpeg',0,'2023-03-21 05:32:34','2023-03-21 05:46:23','2023-03-21 05:46:23'),(132,'4/15 加拿大遊學打工Coop 實體講座：行銷、IT、數據分析專業證書、100%有薪工作安排、全方位職業培訓','4/15 (六) 下午2:00-4:30  \r\ned:m 留遊學台北辦公室','https://www.edmtw.com/news/post/481',NULL,NULL,0,'2023-03-21 05:55:49','2023-03-21 06:25:14','2023-03-21 06:25:14'),(133,'4/15 加拿大遊學打工Coop 實體講座：行銷、IT、數據分析專業證書、100%有薪工作安排、全方位職業培訓','4/15 (六) 下午2:00-4:30  \r\ned:m 留遊學台北辦公室','https://www.edmtw.com/news/post/481','upload/index/6419519cb9124.jpeg','upload/index/6419519cc3aac.jpeg',0,'2023-03-21 06:30:00','2023-03-21 06:41:32',NULL);

--
-- Table structure for table `index_country`
--

CREATE TABLE `index_country` (
  `country_id` int(10) unsigned NOT NULL AUTO_INCREMENT,
  `country_name` varchar(100) DEFAULT NULL,
  `pic` varchar(100) DEFAULT NULL,
  `sort` int(10) unsigned NOT NULL DEFAULT '0',
  `created_at` timestamp NULL DEFAULT NULL,
  `updated_at` timestamp NULL DEFAULT NULL,
  `deleted_at` timestamp NULL DEFAULT NULL,
  PRIMARY KEY (`country_id`)
) ENGINE=InnoDB AUTO_INCREMENT=10 DEFAULT CHARSET=utf8;

--
-- Dumping data for table `index_country`
--

INSERT INTO `index_country` VALUES (1,'英國','',1,NULL,'2018-11-28 11:18:22',NULL),(2,'加拿大','',2,NULL,'2018-11-27 09:07:59',NULL),(3,'美國','',3,NULL,'2018-11-27 09:09:15',NULL),(4,'澳洲','',4,NULL,'2018-11-27 09:10:15',NULL),(5,'菲律賓','',6,NULL,'2018-11-27 09:12:01',NULL),(6,'愛爾蘭','',5,NULL,'2018-11-27 09:18:01',NULL),(7,'紐西蘭','',8,NULL,'2018-11-28 11:48:02',NULL),(8,'馬爾他','',7,NULL,'2018-11-28 11:54:20',NULL);

--
-- Table structure for table `index_country_detail`
--

CREATE TABLE `index_country_detail` (
  `icd_id` int(10) unsigned NOT NULL AUTO_INCREMENT,
  `country_id` int(10) DEFAULT '0',
  `title` varchar(100) DEFAULT NULL,
  `url` varchar(255) DEFAULT NULL,
  `sort` int(10) DEFAULT '0',
  `created_at` timestamp NULL DEFAULT NULL,
  `updated_at` timestamp NULL DEFAULT NULL,
  `deleted_at` timestamp NULL DEFAULT NULL,
  PRIMARY KEY (`icd_id`)
) ENGINE=InnoDB AUTO_INCREMENT=29 DEFAULT CHARSET=utf8;

--
-- Dumping data for table `index_country_detail`
--

INSERT INTO `index_country_detail` VALUES (1,1,'122','3',3,'2018-11-29 09:22:12','2018-12-04 12:14:31','2018-12-04 12:14:31'),(2,1,'生活概要','https://www.edmtw.com/countries/language-life/1',0,'2018-11-30 04:29:14','2018-12-17 08:39:20',NULL),(3,4,'生活概要','https://www.edmtw.com/countries/language-life/4',1,'2018-11-30 04:29:56','2018-12-17 08:42:22',NULL),(4,7,'生活概要','https://www.edmtw.com/countries/language-life/7',0,'2018-11-30 04:30:16','2018-12-17 08:46:09',NULL),(5,1,'英國留學','https://www.edmtw.com/countries/study-des/1',1,'2018-12-02 08:41:58','2018-12-17 08:39:28',NULL),(6,2,'生活概要','https://www.edmtw.com/countries/language-life/2',0,'2018-12-02 08:42:11','2018-12-17 08:40:18',NULL),(7,8,'生活概要','https://www.edmtw.com/countries/language-life/8',0,'2018-12-04 23:43:19','2018-12-17 08:46:59',NULL),(8,1,'語言課程','https://www.edmtw.com/countries/language-courses-type/1',2,'2018-12-10 08:54:42','2018-12-17 08:39:35',NULL),(9,2,'加拿大留學','https://www.edmtw.com/countries/study-des/2',0,'2018-12-10 08:56:55','2018-12-17 08:40:27',NULL),(10,2,'語言課程','https://www.edmtw.com/countries/language-courses-type/2',0,'2018-12-10 08:57:31','2018-12-17 08:40:33',NULL),(11,3,'生活概要','https://www.edmtw.com/countries/language-life/3',0,'2018-12-10 08:58:22','2018-12-17 08:41:01',NULL),(12,3,'美國留學','https://www.edmtw.com/countries/study-des/3',0,'2018-12-10 08:58:48','2018-12-17 08:41:08',NULL),(13,3,'語言課程','https://www.edmtw.com/countries/language-courses-type/3',0,'2018-12-10 08:59:26','2018-12-17 08:41:15',NULL),(14,4,'推薦課程','https://www.edmtw.com/countries/language-recommand-courses/4',1,'2018-12-10 09:00:39','2018-12-17 08:42:30',NULL),(15,4,'簽證資訊','https://www.edmtw.com/countries/language-visa/4',1,'2018-12-10 09:00:50','2018-12-17 08:42:36',NULL),(16,5,'生活概要','https://www.edmtw.com/countries/language-life/5',0,'2018-12-10 09:08:59','2018-12-17 08:42:59',NULL),(17,6,'生活概要','https://www.edmtw.com/countries/language-life/6',1,'2018-12-10 09:09:26','2018-12-17 08:44:05',NULL),(18,6,'推薦課程','https://www.edmtw.com/countries/language-recommand-courses/6',1,'2018-12-10 09:09:53','2018-12-17 08:44:13',NULL),(19,6,'簽證資訊','https://www.edmtw.com/countries/language-visa/6',1,'2018-12-10 09:10:26','2018-12-17 08:44:20',NULL),(20,7,'推薦課程','https://www.edmtw.com/countries/language-recommand-courses/7',1,'2018-12-10 09:12:01','2018-12-17 08:46:18',NULL),(21,7,'簽證資訊','https://www.edmtw.com/countries/language-visa/7',1,'2018-12-10 09:12:12','2018-12-17 08:46:26',NULL),(22,8,'推薦課程','https://www.edmtw.com/countries/language-recommand-courses/8',1,'2018-12-10 09:13:17','2018-12-17 08:47:06',NULL),(23,1,'簽證資訊','https://www.edmtw.com/countries/language-visa/1',3,'2018-12-10 16:21:16','2018-12-17 08:39:42',NULL),(24,2,'簽證資訊','https://www.edmtw.com/countries/language-visa/2',0,'2018-12-10 16:23:03','2018-12-17 08:40:39',NULL),(25,3,'簽證資訊','https://www.edmtw.com/countries/language-visa/3',0,'2018-12-10 16:24:32','2018-12-17 08:41:23',NULL),(26,5,'推薦課程','https://www.edmtw.com/countries/language-recommand-courses/5',0,'2018-12-10 16:26:23','2018-12-17 08:43:06',NULL),(27,5,'簽證資訊','https://www.edmtw.com/countries/language-visa/5',0,'2018-12-10 16:26:35','2018-12-17 08:43:13',NULL),(28,8,'簽證資訊','https://www.edmtw.com/countries/language-visa/8',0,'2018-12-10 16:29:28','2018-12-17 08:47:12',NULL);

--
-- Table structure for table `index_course`
--

CREATE TABLE `index_course` (
  `ic_id` int(10) unsigned NOT NULL AUTO_INCREMENT,
  `id` int(10) DEFAULT '0',
  `title` varchar(100) DEFAULT NULL,
  `description` varchar(2000) DEFAULT NULL,
  `url` varchar(255) DEFAULT NULL,
  `pic` varchar(100) DEFAULT NULL,
  `sort` int(10) DEFAULT '0',
  `created_at` timestamp NULL DEFAULT NULL,
  `updated_at` timestamp NULL DEFAULT NULL,
  `deleted_at` timestamp NULL DEFAULT NULL,
  PRIMARY KEY (`ic_id`)
) ENGINE=InnoDB AUTO_INCREMENT=52 DEFAULT CHARSET=utf8;

--
-- Dumping data for table `index_course`
--

INSERT INTO `index_course` VALUES (1,1,'英國 | 倫敦遊學推薦','#英國#遊學#倫敦#英語學習','https://sanbox.edmtw.com/countries/language-recommand-courses/1','upload/index/5c00ad7e609a4.jpeg',6,'2018-11-29 09:13:02','2018-12-14 12:28:57','2018-12-14 12:28:57'),(2,1,'人氣遊學城市 TOP4','#英國#美國#澳洲#紐西蘭#馬爾他#遊學#熱門城市','https://sanbox.edmtw.com/countries/language-recommand-courses/1/5','upload/index/5c00adb3b892c.jpeg',2,'2018-11-30 03:25:39','2018-12-14 12:28:58','2018-12-14 12:28:58'),(3,1,'美國 | 名校遊學','#美國#大學校園#校園生活#遊學','https://sanbox.edmtw.com/countries/language-recommand-courses/3/11','upload/index/5c00addc6bf27.jpeg',3,'2018-11-30 03:26:20','2018-12-14 12:29:00','2018-12-14 12:29:00'),(4,1,'加拿大 | 加拿大實習計劃','#加拿大#打工遊學#專業證照+實習','https://sanbox.edmtw.com/countries/language-recommand-courses/2/2','upload/index/5c00ae04c86d1.jpeg',4,'2018-11-30 03:27:00','2018-12-14 12:29:14','2018-12-14 12:29:14'),(5,1,'英語+專長/興趣課程','#小確幸遊學#英語學習#我的興趣','https://sanbox.edmtw.com/countries/language-courses-type/2/7','upload/index/5c00ae2f181e9.jpeg',5,'2018-11-30 03:27:43','2018-12-14 12:29:16','2018-12-14 12:29:16'),(6,1,'美國UCSC證照課程+企業實習','#職業導向#企業實習#有薪工作OPT','https://sanbox.edmtw.com/countries/language-recommand-courses/3/10','upload/index/5c00ae5d745ee.jpeg',6,'2018-11-30 03:28:29','2018-12-14 12:29:17','2018-12-14 12:29:17'),(7,1,'愛爾蘭 | 打工遊學課程','#愛爾蘭#遊學#打工#環歐旅行','https://sanbox.edmtw.com/countries/language-recommand-courses/6','upload/index/5c00ae867475a.jpeg',7,'2018-11-30 03:29:10','2018-12-14 12:29:19','2018-12-14 12:29:19'),(8,1,'ed:m 精選學校優惠','#優惠滿載#開心出發遊學去','https://www.edmtw.com/news/post/82','upload/index/5c00aeaf8f09f.jpeg',0,'2018-11-30 03:29:51','2018-12-17 08:26:42',NULL),(9,2,'英國 | 倫敦遊學推薦','#英國#遊學#倫敦#英語學習','https://www.edmtw.com/countries/language-recommand-courses/1/3','upload/index/5c00af0cdebf8.jpeg',0,'2018-11-30 03:31:24','2018-12-17 08:30:49',NULL),(10,2,'英國 | 小資遊學','#英國#遊學#省錢#高CP值','https://www.edmtw.com/countries/language-recommand-courses/1/4','upload/index/5c00af3215192.jpeg',1,'2018-11-30 03:32:02','2018-12-17 08:31:42',NULL),(11,2,'人氣遊學城市 TOP4','#英國#美國#澳洲#紐西蘭#馬爾他#遊學#熱門城市','https://www.edmtw.com/countries/language-recommand-courses/1/5','upload/index/5c00af5e95e78.jpeg',2,'2018-11-30 03:32:46','2018-12-17 08:27:34',NULL),(12,2,'雙城遊學 | 菲律賓+加拿大','#菲律賓#加拿大#遊學','https://www.edmtw.com/countries/language-recommand-courses/5/17','upload/index/5c0e975b2b9b1.jpeg',3,'2018-11-30 03:33:25','2018-12-17 08:32:10',NULL),(13,2,'雙城遊學 | 菲律賓+澳洲','#菲律賓#澳洲#遊學','https://www.edmtw.com/countries/language-recommand-courses/5/16','upload/index/5c0e97ad0f43c.jpeg',4,'2018-11-30 03:34:02','2018-12-17 08:32:42',NULL),(14,2,'菲律賓 | 宿霧 vs.碧瑶','#菲律賓#宿霧#碧瑶#遊學','https://www.edmtw.com/countries/language-recommand-courses/5/26','upload/index/5c0e978f5d519.jpeg',5,'2018-11-30 03:34:44','2018-12-17 08:33:09',NULL),(15,2,'紐西蘭 | 奧克蘭精選學校','#紐西蘭#奧克蘭#學校推薦#遊學','https://www.edmtw.com/countries/language-recommand-courses/7/21','upload/index/5c00afd4c9206.jpeg',5,'2018-11-30 03:34:44','2018-12-17 08:33:35',NULL),(16,2,'馬爾他 | 精選學校推薦','#馬爾他#度假#學校推薦#遊學','https://www.edmtw.com/countries/language-recommand-courses/8/24','upload/index/5c00aff8abd34.jpeg',7,'2018-11-30 03:35:20','2018-12-17 08:34:05',NULL),(17,3,'英國 | 倫敦遊學推薦','#英國#遊學#倫敦#英語學習','https://www.edmtw.com/countries/language-recommand-courses/1/3','upload/index/5c00b055ed242.jpeg',0,'2018-11-30 03:36:53','2018-12-17 08:30:57',NULL),(18,3,'美國 | 名校遊學','#美國#大學校園#校園生活#遊學','https://www.edmtw.com/countries/language-recommand-courses/3/11','upload/index/5c00b0766a48a.jpeg',1,'2018-11-30 03:37:26','2018-12-17 08:28:08',NULL),(19,3,'紐西蘭 | 奧克蘭精選學校','#紐西蘭#奧克蘭#學校推薦#遊學','https://www.edmtw.com/countries/language-recommand-courses/7/21','upload/index/5c00b0a4c4ec4.jpeg',2,'2018-11-30 03:38:12','2018-12-17 08:33:42',NULL),(20,3,'菲律賓 | 精選課程推薦','#菲律賓#宿霧#學校推薦#遊學','https://www.edmtw.com/countries/language-recommand-courses/8/24','upload/index/5c00b0d8728d6.jpeg',3,'2018-11-30 03:39:04','2018-12-17 08:35:03',NULL),(21,3,'馬爾他 | 精選學校推薦','#馬爾他#度假#學校推薦#遊學','https://www.edmtw.com/countries/language-recommand-courses/8/24','upload/index/5c00b0fa9412c.jpeg',4,'2018-11-30 03:39:38','2018-12-17 08:34:33',NULL),(22,3,'菲律賓 | 宿霧 vs.碧瑶','#菲律賓#宿霧#碧瑶#遊學','https://www.edmtw.com/countries/language-recommand-courses/5/26','upload/index/5c00b11b1f3f3.jpeg',5,'2018-11-30 03:40:11','2018-12-17 08:33:15',NULL),(23,3,'雙城遊學 | 菲律賓+加拿大','#菲律賓#加拿大#遊學','https://www.edmtw.com/countries/language-recommand-courses/5/17','upload/index/5c00b1634c92d.jpeg',6,'2018-11-30 03:41:23','2018-12-17 08:32:17',NULL),(24,3,'雙城遊學 | 菲律賓+澳洲','#菲律賓#澳洲#遊學','https://www.edmtw.com/countries/language-recommand-courses/5/16','upload/index/5c00b188b9e94.jpeg',7,'2018-11-30 03:42:00','2018-12-17 08:32:49',NULL),(25,4,'人氣遊學城市 TOP4','#英國#美國#澳洲#紐西蘭#馬爾他#遊學#熱門城市','https://www.edmtw.com/countries/language-recommand-courses/1/5','upload/index/5c00b1eaeb233.jpeg',0,'2018-11-30 03:43:38','2018-12-17 08:27:41',NULL),(26,4,'紐西蘭 | 奧克蘭精選學校','#紐西蘭#奧克蘭#學校推薦#遊學','https://www.edmtw.com/countries/language-recommand-courses/7/21','upload/index/5c00b2199ab2f.jpeg',1,'2018-11-30 03:44:25','2018-12-17 08:33:49',NULL),(27,4,'馬爾他 | 精選學校推薦','#馬爾他#度假#學校推薦#遊學','https://www.edmtw.com/countries/language-recommand-courses/8/24','upload/index/5c00b24122713.jpeg',2,'2018-11-30 03:45:05','2018-12-17 08:34:20',NULL),(28,4,'英國 | 倫敦遊學推薦','#英國#遊學#倫敦#英語學習','https://www.edmtw.com/countries/language-recommand-courses/1/3','upload/index/5c00b27069cc0.jpeg',3,'2018-11-30 03:45:52','2018-12-17 08:31:04',NULL),(29,4,'加拿大 | 加拿大實習計劃','#加拿大#打工遊學#專業證照+實習','https://www.edmtw.com/countries/language-recommand-courses/2/2','upload/index/5c00b2a7bee54.jpeg',4,'2018-11-30 03:46:47','2018-12-17 08:28:58',NULL),(30,4,'澳洲 | 英語+咖啡師課程','#澳洲#打工遊學#英語學習#咖啡師',NULL,'upload/index/5c00b2cb60447.jpeg',6,'2018-11-30 03:47:23','2018-11-30 03:52:29','2018-11-30 03:52:29'),(31,4,'愛爾蘭 | 打工遊學課程','#愛爾蘭#遊學#打工#環歐旅行',NULL,'upload/index/5c00b2ecbb563.jpeg',7,'2018-11-30 03:47:56','2018-11-30 03:52:26','2018-11-30 03:52:26'),(32,4,'澳洲 | 英語+飯店實習','#澳洲#打工遊學#英語學習#飯店實習',NULL,'upload/index/5c00b336d6030.jpeg',5,'2018-11-30 03:49:10','2018-11-30 03:52:22','2018-11-30 03:52:22'),(33,4,'澳洲 | 英語+飯店實習','#澳洲#打工遊學#英語學習#飯店實習','https://www.edmtw.com/countries/language-recommand-courses/4/13','upload/index/5c00b425131cd.jpeg',5,'2018-11-30 03:53:09','2021-03-31 09:01:16','2021-03-31 09:01:16'),(34,4,'澳洲 | 英語+咖啡師課程','#澳洲#打工遊學#英語學習#咖啡師','https://www.edmtw.com/countries/language-recommand-courses/4/14','upload/index/5c00b448556a1.jpeg',6,'2018-11-30 03:53:44','2018-12-17 08:35:55',NULL),(35,4,'愛爾蘭 | 打工遊學課程','#愛爾蘭#遊學#打工#環歐旅行','https://www.edmtw.com/countries/language-recommand-courses/6','upload/index/5c00b4700a4ef.jpeg',7,'2018-11-30 03:54:24','2018-12-17 08:30:27',NULL),(36,5,'英國 | 大學銜接課程','#英國#大學課程#條件式入學','https://www.edmtw.com/countries/study-recommand-courses/1','upload/index/5c00b4ac6d7b3.jpeg',0,'2018-11-30 03:55:24','2018-12-17 08:37:26',NULL),(37,5,'英國 | 碩士先修課程','#英國#碩士課程#條件式入學','https://www.edmtw.com/countries/study-recommand-courses/1/4','upload/index/5c00b4d33e19c.jpeg',1,'2018-11-30 03:56:03','2018-12-17 08:37:36',NULL),(38,5,'加拿大 | 2年制學院入學攻略','#加拿大#職涯增值#畢業後工作簽證計畫','https://www.edmtw.com/countries/study-recommand-courses/2/2','upload/index/5c00b4f7a5a39.jpeg',2,'2018-11-30 03:56:39','2018-12-17 08:37:49',NULL),(39,5,'美國 | 社區大學轉學攻略','#美國#GO2UC#社區大學轉學#美國名校','https://www.edmtw.com/countries/study-recommand-courses/2/2','upload/index/5c00b519a6937.jpeg',3,'2018-11-30 03:57:13','2018-12-17 08:38:01',NULL),(40,5,'美國 | UW-Madison 轉學課程','#美國# UW-Madison#社區大學轉學#美國名校','https://www.edmtw.com/countries/study-recommand-courses/3/7','upload/index/5c00b5405c99c.jpeg',4,'2018-11-30 03:57:52','2018-12-17 08:38:16',NULL),(41,5,'美國 | 美國名校轉學計畫','#美國#社區大學轉學#美國名校','https://www.edmtw.com/countries/study-recommand-courses/3/6','upload/index/5c00b57215c33.jpeg',5,'2018-11-30 03:58:42','2018-12-17 08:38:29',NULL),(42,5,'加拿大 | 4年制大學轉學課程','#加拿大#2年制學院轉學#加拿大名校','https://www.edmtw.com/countries/study-recommand-courses/2/1','upload/index/5c00b59abdf62.jpeg',6,'2018-11-30 03:59:22','2018-12-17 08:38:40',NULL),(43,5,'美國 | 名校遊學','#美國#大學校園#校園生活#遊學','https://www.edmtw.com/countries/language-recommand-courses/3/11','upload/index/5c00b5c0e1f2f.jpeg',7,'2018-11-30 04:00:00','2018-12-17 08:28:21',NULL),(44,1,'1','1','1',NULL,1,'2018-12-04 23:38:54','2018-12-04 23:39:16','2018-12-04 23:39:16'),(45,1,'人氣遊學城市 TOP4','#英國#美國#澳洲#紐西蘭#馬爾他#遊學#熱門城市','https://www.edmtw.com/countries/language-recommand-courses/1/5','upload/index/5c13a23e5aea4.jpeg',0,'2018-12-14 12:29:50','2018-12-17 08:27:27',NULL),(46,1,'美國 | 名校遊學','#美國#大學校園#校園生活#遊學','https://www.edmtw.com/countries/language-recommand-courses/3/11','upload/index/5c13a25ecb0ac.jpeg',0,'2018-12-14 12:30:22','2018-12-17 08:27:58',NULL),(47,1,'加拿大 | 加拿大實習計劃','#加拿大#打工遊學#專業證照+實習','https://www.edmtw.com/countries/language-recommand-courses/2/2','upload/index/5c13a27740f83.jpeg',0,'2018-12-14 12:30:47','2018-12-17 08:28:48',NULL),(48,1,'英語+專長/興趣課程','#小確幸遊學#英語學習#我的興趣','https://www.edmtw.com/countries/language-courses-type/2/7','upload/index/5c13a2af6fa07.jpeg',0,'2018-12-14 12:31:43','2018-12-17 08:29:13',NULL),(49,1,'美國UCSC證照課程+企業實習','#職業導向#企業實習#有薪工作OPT','https://www.edmtw.com/countries/language-recommand-courses/3/10','upload/index/5c13a2d4c46e4.jpeg',0,'2018-12-14 12:32:20','2018-12-17 08:29:47',NULL),(50,1,'愛爾蘭 | 打工遊學課程','#愛爾蘭#遊學#打工#環歐旅行','https://www.edmtw.com/countries/language-recommand-courses/6','upload/index/5c13a2ed67d3d.jpeg',0,'2018-12-14 12:32:45','2018-12-17 08:30:14',NULL),(51,1,'英國 | 倫敦遊學推薦','#英國#遊學#倫敦#英語學習','https://www.edmtw.com/countries/language-recommand-courses/1/3','upload/index/5c13a3062d063.jpeg',0,'2018-12-14 12:33:10','2018-12-17 08:30:43',NULL);

--
-- Table structure for table `index_course_tab`
--

CREATE TABLE `index_course_tab` (
  `id` int(10) unsigned NOT NULL AUTO_INCREMENT,
  `title` varchar(100) DEFAULT NULL,
  `sort` int(10) unsigned NOT NULL DEFAULT '0',
  `created_at` timestamp NULL DEFAULT NULL,
  `updated_at` timestamp NULL DEFAULT NULL,
  `deleted_at` timestamp NULL DEFAULT NULL,
  PRIMARY KEY (`id`)
) ENGINE=InnoDB AUTO_INCREMENT=6 DEFAULT CHARSET=utf8;

--
-- Dumping data for table `index_course_tab`
--

INSERT INTO `index_course_tab` VALUES (1,'所有課程',1,'2018-11-29 09:10:52','2018-11-30 03:23:17',NULL),(2,'各國精選城市',1,'2018-11-30 03:30:30','2018-11-30 03:30:30',NULL),(3,'英語進修課程',2,'2018-11-30 03:35:52','2018-11-30 03:35:52',NULL),(4,'打工遊學課程',3,'2018-11-30 03:42:23','2018-11-30 03:42:23',NULL),(5,'條件式入學',4,'2018-11-30 03:42:41','2018-11-30 03:42:41',NULL);

--
-- Table structure for table `index_header_banner`
--

CREATE TABLE `index_header_banner` (
  `id` int(10) unsigned NOT NULL AUTO_INCREMENT,
  `country_id` int(10) DEFAULT '0',
  `title` varchar(200) DEFAULT NULL,
  `url` varchar(255) DEFAULT NULL,
  `pic` varchar(255) DEFAULT NULL,
  `sort` int(10) unsigned NOT NULL DEFAULT '0',
  `created_at` timestamp NULL DEFAULT NULL,
  `updated_at` timestamp NULL DEFAULT NULL,
  `deleted_at` timestamp NULL DEFAULT NULL,
  PRIMARY KEY (`id`)
) ENGINE=InnoDB AUTO_INCREMENT=28 DEFAULT CHARSET=utf8;

--
-- Dumping data for table `index_header_banner`
--

INSERT INTO `index_header_banner` VALUES (1,1,'1','234','upload/index/5c0bdfcf45133.png',1,'2018-12-08 15:14:23','2018-12-08 15:23:49','2018-12-08 15:23:49'),(2,1,'1','234','upload/index/5c0bdfd2f3353.png',1,'2018-12-08 15:14:26','2018-12-08 15:23:59','2018-12-08 15:23:59'),(3,1,'【英國留學】準備攻略:申請、費用、簽證準備','https://www.edmtw.com/news/post/261/','upload/index/609356fad17cb.jpeg',0,'2018-12-09 05:30:08','2021-05-06 02:41:36',NULL),(4,2,'【加拿大公立學院】學制、學費、申請流程等完整解析','https://www.edmtw.com/news/post/323/','upload/index/5c0f452f95fb6.jpeg',0,'2018-12-09 05:30:37','2022-03-03 06:32:35',NULL),(5,1,'【英國碩士】完整攻略：選校諮詢/申請代辦服務','https://www.edmtw.com/news/post/401/','upload/index/5c0f44eac6f50.jpeg',0,'2018-12-10 07:05:10','2021-05-06 02:41:49',NULL),(6,1,'【英國遊學攻略】短期遊學費用/住宿/簽證/語言學校','https://www.edmtw.com/news/post/176/','upload/index/5c0f450ac594f.jpeg',0,'2018-12-10 07:06:47','2021-05-06 02:41:11',NULL),(7,2,'加拿大公立學院就業與移民','https://www.edmtw.com/news/post/234/','upload/index/5c0f454a0f2d0.jpeg',0,'2018-12-10 07:14:51','2022-03-03 06:32:11','2022-03-03 06:32:11'),(8,2,'【加拿大遊學打工】有薪實習Co-op遊學打工課程','https://www.edmtw.com/news/post/197','upload/index/5c0f4560190f6.jpeg',0,'2018-12-10 07:15:17','2021-05-06 02:45:07',NULL),(9,3,'【美國留學】完整解析：學校挑選、申請流程、留學費用、簽證辦理','https://www.edmtw.com/news/post/262/','upload/index/5c0f47ba2ac4c.jpeg',0,'2018-12-10 07:16:38','2021-05-06 02:46:29',NULL),(10,3,'【美國留學】大學留學最佳升學途徑','https://www.edmtw.com/news/post/398/','upload/index/5c0f47c1cbb1a.jpeg',0,'2018-12-10 07:17:42','2021-05-06 02:48:49',NULL),(11,3,'【美國遊學攻略】短期遊學費用/住宿/簽證/語言學校','https://www.edmtw.com/news/post/175/','upload/index/5c12458b05495.jpeg',0,'2018-12-10 07:18:12','2021-05-06 02:48:22',NULL),(12,4,'【澳洲遊學攻略】遊學費用/住宿/簽證/語言學校','https://www.edmtw.com/news/post/185/','upload/index/5c0f47d53685f.jpeg',0,'2018-12-10 07:18:59','2021-05-06 02:50:00',NULL),(13,4,'【澳洲遊學打工】熱門遊學打工課程','https://www.edmtw.com/news/post/387/','upload/index/5c0f47e37d58b.jpeg',0,'2018-12-10 07:19:34','2021-05-06 02:50:55',NULL),(14,4,'英語+飯店實習','https://www.edmtw.com/countries/language-recommand-courses/4/13','upload/index/5c0f47f06fd19.jpeg',0,'2018-12-10 07:20:01','2021-03-31 09:12:05','2021-03-31 09:12:05'),(15,7,'【紐西蘭遊學攻略】遊學費用/住宿/簽證/語言學校','https://www.edmtw.com/news/post/191/','upload/index/5c0f48e18e38e.jpeg',0,'2018-12-10 07:26:12','2021-05-06 02:56:34',NULL),(16,7,'Covid-19 留遊學疫情影響：最新學校、出入境、簽證資訊','https://www.edmtw.com/news/post/307','upload/index/60935b549a046.jpeg',0,'2018-12-10 07:26:50','2021-05-06 02:58:28',NULL),(17,5,'宿霧 vs. 碧瑤','https://www.edmtw.com/countries/language-recommand-courses/5/26','upload/index/5c0f482c88cc0.jpeg',0,'2018-12-10 07:31:04','2018-12-17 08:03:50',NULL),(18,5,'菲律賓精選課程','https://www.edmtw.com/countries/language-recommand-courses/5/25','upload/index/5c0f4b285fc96.jpeg',0,'2018-12-10 08:02:27','2018-12-17 08:04:03',NULL),(19,6,'【愛爾蘭遊學打工攻略】遊學費用/住宿/簽證/語言學校','https://www.edmtw.com/news/post/183/','upload/index/5c0f48b79688f.jpeg',0,'2018-12-10 08:03:08','2021-05-06 02:53:16',NULL),(20,8,'【馬爾他遊學攻略】遊學費用/住宿/簽證/語言學校','https://www.edmtw.com/news/post/188/','upload/index/5c1339412ba62.jpeg',0,'2018-12-10 08:04:24','2021-05-06 02:59:11',NULL),(21,5,'菲律賓+加拿大雙城遊學','https://www.edmtw.com/countries/language-recommand-courses/5/17','upload/index/5c0f486768023.jpeg',0,'2018-12-11 05:17:27','2018-12-17 08:04:13',NULL),(22,4,'【澳洲遊學】澳洲打工遊學vs打工度假','https://www.edmtw.com/news/post/383/','upload/index/609359ceec7dd.jpeg',0,'2021-05-06 02:51:59','2021-05-06 02:51:59',NULL),(23,6,'【愛爾蘭遊學打工】 25+8 遊學打工課程介紹','https://www.edmtw.com/news/post/368/','upload/index/60935a6291eaa.jpeg',0,'2021-05-06 02:54:26','2021-05-06 02:54:26',NULL),(24,6,'【愛爾蘭遊學】愛爾蘭打工遊學vs愛爾蘭打工度假','https://www.edmtw.com/news/post/367/','upload/index/60935a9d47d71.jpeg',0,'2021-05-06 02:55:25','2021-05-06 02:55:25',NULL),(25,7,'各國留學COVID-19疫苗施打資訊','https://www.edmtw.com/news/post/420','upload/index/60935b6390846.jpeg',0,'2021-05-06 02:58:43','2021-05-06 02:58:43',NULL),(26,8,'各國留學COVID-19疫苗施打資訊','https://www.edmtw.com/news/post/420','upload/index/60935b95d5fbc.jpeg',1,'2021-05-06 02:59:33','2021-05-06 02:59:33',NULL),(27,8,'Covid-19 留遊學疫情影響：最新學校、出入境、簽證資訊','https://www.edmtw.com/news/post/307','upload/index/60935bb650ef4.jpeg',0,'2021-05-06 03:00:06','2021-05-06 03:00:06',NULL);

--
-- Table structure for table `index_office`
--

CREATE TABLE `index_office` (
  `id` int(10) unsigned NOT NULL AUTO_INCREMENT,
  `pic` varchar(100) DEFAULT NULL,
  `sort` int(10) unsigned NOT NULL DEFAULT '0',
  `created_at` timestamp NULL DEFAULT NULL,
  `updated_at` timestamp NULL DEFAULT NULL,
  `deleted_at` timestamp NULL DEFAULT NULL,
  PRIMARY KEY (`id`)
) ENGINE=InnoDB AUTO_INCREMENT=2 DEFAULT CHARSET=utf8;

--
-- Dumping data for table `index_office`
--

INSERT INTO `index_office` VALUES (1,NULL,0,NULL,NULL,NULL);

--
-- Table structure for table `index_office_detail`
--

CREATE TABLE `index_office_detail` (
  `iod_id` int(10) unsigned NOT NULL AUTO_INCREMENT,
  `title` varchar(100) DEFAULT NULL,
  `description` varchar(1000) DEFAULT NULL,
  `url` varchar(255) DEFAULT NULL,
  `sort` int(10) unsigned NOT NULL DEFAULT '0',
  `created_at` timestamp NULL DEFAULT NULL,
  `updated_at` timestamp NULL DEFAULT NULL,
  `deleted_at` timestamp NULL DEFAULT NULL,
  PRIMARY KEY (`iod_id`)
) ENGINE=InnoDB AUTO_INCREMENT=14 DEFAULT CHARSET=utf8;

--
-- Dumping data for table `index_office_detail`
--

INSERT INTO `index_office_detail` VALUES (1,'倫敦','聯絡資訊：\r\n4th Floor (West)17-18 Margaret Street, London, W1W 8RP\r\n44-20-7580-1521\r\n\r\n營業時間：\r\n平日：08:30~17:30\r\n日光節約時間：09:00~18:00\r\n週六：預約制','https://www.edmtw.com/about/global-office',1,'2018-12-04 11:50:48','2018-12-17 08:22:57',NULL),(2,'溫哥華','聯絡資訊：\r\n#401-698 Seymour St.Vancouver, BC. Canada V6B3K6\r\n1-604-558-3306\r\n\r\n營業時間：\r\n平日：10:00~18:00\r\n周末/國定假日：休息','https://www.edmtw.com/about/global-office/2',0,'2018-12-04 11:50:57','2018-12-17 08:23:05',NULL),(3,'多倫多','聯絡資訊：\r\n#405-1240 Bay Street, Toronto, ON M5R 2A7\r\n1-416-962-8868\r\n\r\n營業時間：\r\n平日：10:00~18:00\r\n周末/國定假日：休息','https://www.edmtw.com/about/global-office/2/7',0,'2018-12-04 23:17:43','2018-12-17 08:23:22',NULL),(4,'紐約','聯絡資訊：\r\n470 7th Ave Suite 303 New York, NY 10018\r\n1-347-850-7942\r\n\r\n營業時間：\r\n平日：09:30~18:00\r\n其他時間：預約制','https://www.edmtw.com/about/global-office/3',0,'2018-12-04 23:18:02','2018-12-17 08:23:41',NULL),(5,'波士頓','聯絡資訊：\r\n8th Floor, 745 Atlantic Ave. Boston, MA 02111\r\n1-781-216-8658\r\n\r\n營業時間：\r\n平日：09:30~18:00\r\n其他時間：預約制','https://www.edmtw.com/about/global-office/3/9',0,'2018-12-04 23:18:20','2019-06-27 04:24:25','2019-06-27 04:24:25'),(6,'舊金山 & 柏克萊','聯絡資訊：\r\n2150 Shattuck Ave #725 Berkeley CA, USA 9470\r\n41-510-981-8001\r\n\r\n營業時間：\r\n平日：09:00~18:00\r\n周末/國定假日：休息','https://www.edmtw.com/about/global-office/3/10',0,'2018-12-04 23:18:49','2018-12-17 08:24:01',NULL),(7,'聖地牙哥','聯絡資訊：\r\n600B St. San Diego CA, 92101 (C3 - 107)\r\n1-619-955-0300\r\n\r\n營業時間：\r\n平日：10:00~18:00\r\n其他時間：預約制','https://www.edmtw.com/about/global-office/3/11',0,'2018-12-04 23:19:07','2018-12-17 08:24:07',NULL),(8,'雪梨','聯絡資訊：\r\nSuite1101 LV11 370 pitt st.Sydney NSW 2000\r\n61-2-8094-9252\r\n\r\n營業時間：\r\n平日：10:00~18:00\r\n其他時間：預約制','https://www.edmtw.com/about/global-office/4',0,'2018-12-04 23:19:26','2022-03-18 06:17:00','2022-03-18 06:17:00'),(9,'首爾','聯絡資訊：\r\n55, Seocho-daero77-gil, Seocho-gu, Seoul, Republic of Korea\r\n82-2-595-5092\r\n\r\n營業時間：\r\n平日：10:00~18:00\r\n週六：10:00~14:00\r\n平日晚上/週六下午：預約制','https://www.edmtw.com/about/global-office/5',0,'2018-12-04 23:19:52','2018-12-17 08:24:21',NULL),(10,'1','你好\r\n123\r\n\r\n456',NULL,0,'2018-12-04 23:20:02','2018-12-05 15:43:53','2018-12-05 15:43:53'),(11,'1','11',NULL,1,'2018-12-06 02:10:48','2018-12-06 02:10:52','2018-12-06 02:10:52'),(12,'111','111',NULL,0,'2018-12-09 05:42:33','2018-12-09 05:51:30','2018-12-09 05:51:30'),(13,'111','<p>1111</p><p>111</p>',NULL,0,'2018-12-09 13:25:01','2018-12-09 13:25:37','2018-12-09 13:25:37');

--
-- Table structure for table `index_title_banner`
--

CREATE TABLE `index_title_banner` (
  `id` int(10) unsigned NOT NULL AUTO_INCREMENT,
  `title` varchar(200) DEFAULT NULL,
  `description` varchar(2000) DEFAULT NULL,
  `url` varchar(255) DEFAULT NULL,
  `pic` varchar(255) DEFAULT NULL,
  `sort` int(10) unsigned NOT NULL DEFAULT '0',
  `created_at` timestamp NULL DEFAULT NULL,
  `updated_at` timestamp NULL DEFAULT NULL,
  `deleted_at` timestamp NULL DEFAULT NULL,
  PRIMARY KEY (`id`)
) ENGINE=InnoDB DEFAULT CHARSET=utf8;

--
-- Dumping data for table `index_title_banner`
--


--
-- Table structure for table `item`
--

CREATE TABLE `item` (
  `item_id` int(10) unsigned NOT NULL AUTO_INCREMENT,
  `name` varchar(200) DEFAULT NULL,
  `sort` int(10) unsigned NOT NULL DEFAULT '0',
  `created_at` timestamp NULL DEFAULT NULL,
  `updated_at` timestamp NULL DEFAULT NULL,
  `deleted_at` timestamp NULL DEFAULT NULL,
  PRIMARY KEY (`item_id`)
) ENGINE=InnoDB DEFAULT CHARSET=utf8 COMMENT='索取項目';

--
-- Dumping data for table `item`
--


--
-- Table structure for table `language_accommodation`
--

CREATE TABLE `language_accommodation` (
  `id` int(10) unsigned NOT NULL AUTO_INCREMENT,
  `country_id` int(10) DEFAULT '0',
  `tab_title` varchar(100) DEFAULT NULL,
  `title` varchar(100) DEFAULT NULL,
  `description` varchar(2000) DEFAULT NULL,
  `pic` varchar(100) DEFAULT NULL,
  `sort` int(10) DEFAULT '0',
  `created_at` timestamp NULL DEFAULT NULL,
  `updated_at` timestamp NULL DEFAULT NULL,
  `deleted_at` timestamp NULL DEFAULT NULL,
  PRIMARY KEY (`id`)
) ENGINE=InnoDB AUTO_INCREMENT=23 DEFAULT CHARSET=utf8;

--
-- Dumping data for table `language_accommodation`
--

INSERT INTO `language_accommodation` VALUES (1,2,'寄宿家庭','寄宿家庭(Homestay, Host Family)','寄宿家庭(Homestay, Host Family)指的是在留學或遊學的期間寄宿於當地家庭與其一起生活的住宿方式，是許多學生在國外讀書時的第一個避風港。寄宿家庭的安排是經過學校嚴格的挑選與審核，包括家庭成員、工作及背景，成為寄宿家庭的理由也因其家庭狀況而有所不同，大致來說可分為兩種。第一，想藉由接待學生了解國外文化並提供給其子女一個國際化的環境，並達到文化及語言交流的目的。通常寄宿家庭會與學生有較多的互動，且可能會邀請學生參與家庭活動；第二，因孩子尚年幼或已成年因而有多餘的房間可出租作為一份收入。此類的寄宿家庭通常僅提供房間及餐點，會提供學生最大的生活自由及隱私空間。','upload/country/5bff9a63c7041.jpeg',0,'2018-11-28 03:37:54','2018-12-09 13:08:54',NULL),(2,1,'寄宿家庭','寄宿家庭(Homestay, Host Family)','寄宿家庭(Homestay, Host Family)指的是在留學或遊學的期間寄宿於當地家庭與其一起生活的住宿方式，是許多學生在國外讀書時的第一個避風港。寄宿家庭的安排是經過學校嚴格的挑選與審核，包括家庭成員、工作及背景，成為寄宿家庭的理由也因其家庭狀況而有所不同，大致來說可分為兩種。第一，想藉由接待學生了解國外文化並提供給其子女一個國際化的環境，並達到文化及語言交流的目的。通常寄宿家庭會與學生有較多的互動，且可能會邀請學生參與家庭活動；第二，因孩子尚年幼或已成年因而有多餘的房間可出租作為一份收入。此類的寄宿家庭通常僅提供房間及餐點，會提供學生最大的生活自由及隱私空間。','upload/country/5c1317b06b37e.jpeg',0,'2018-11-28 09:51:27','2018-12-14 02:38:40',NULL),(3,1,'語言學校-學生宿舍','學生宿舍(Student Residence)','語言學校的學生宿舍多座落於鄰近語言學校的市中心，多數為學校與旅館或當地地產公司合作之住宿選項，此種宿舍裡多為其他語言學校就讀的學生、當地的大學生及一般旅客；居住在學校宿舍的學生，自主程度及自由度較大，多數宿舍也位於生活機能相當完善的地方。學校宿舍與學校的距離較近，其交通距離因國家及城市不同，平均的交通時間約為20-40分鐘不等，適合可獨立自主生活的學生。學生宿舍最大的優點為有較多的社交生活，容易認識同住在宿舍中的同學，除非特殊要求，一般都是在入住之後才會知道室友，而室友的安排多以不同國籍住一間，以達到文化交流及練習英文的目的。','upload/country/5c09aa9157914.jpeg',0,'2018-11-28 09:58:58','2018-12-06 23:02:41',NULL),(4,1,'語言學校-學生公寓','學生宿舍(Student Apartment)','語言學校的學生公寓多座落於鄰近語言學校或是中心的區域，少數語言學校會有獨立經營的學生公寓。語言學校的宿舍房型選擇較多元，學生可選擇單人房、雙人房、是否有私人衛浴或是選擇有含餐宿舍，居住在學校宿舍的學生，自主程度及自由度較大，多數宿舍也位於生活機能相當完善的地方。學校宿舍與學校的距離較近，其交通距離因國家及城市不同，平均的交通時間約為20-40分鐘不等，適合可獨立自主生活的學生。學生宿舍最大的優點為有較多的社交生活，容易認識同住在宿舍中的同學，除非特殊要求，一般都是在入住之後才會知道室友，而室友的安排多以不同國籍住一間，以達到文化交流及練習英文的目的。','upload/country/5c09aa9b1dced.jpeg',0,'2018-11-29 06:09:14','2018-12-06 23:02:51',NULL),(5,2,'學生宿舍','學生宿舍(Student Residence)','語言學校的學生宿舍多座落於鄰近語言學校的市中心，多數為學校與旅館或當地地產公司合作之住宿選項，此種宿舍裡多為其他語言學校就讀的學生、當地的大學生及一般旅客；居住在學校宿舍的學生，自主程度及自由度較大，多數宿舍也位於生活機能相當完善的地方。學校宿舍與學校的距離較近，其交通距離因國家及城市不同，平均的交通時間約為20-40分鐘不等，適合可獨立自主生活的學生。學生宿舍最大的優點為有較多的社交生活，容易認識同住在宿舍中的同學，除非特殊要求，一般都是在入住之後才會知道室友，而室友的安排多以不同國籍住一間，以達到文化交流及練習英文的目的。','upload/country/5bff9d40efefc.jpeg',0,'2018-11-29 08:03:12','2018-11-29 08:03:12',NULL),(6,2,'學生公寓','學生宿舍(Student Apartment)','語言學校的學生公寓多座落於鄰近語言學校或是中心的區域，少數語言學校會有獨立經營的學生公寓。語言學校的宿舍房型選擇較多元，學生可選擇單人房、雙人房、是否有私人衛浴或是選擇有含餐宿舍，居住在學校宿舍的學生，自主程度及自由度較大，多數宿舍也位於生活機能相當完善的地方。學校宿舍與學校的距離較近，其交通距離因國家及城市不同，平均的交通時間約為20-40分鐘不等，適合可獨立自主生活的學生。學生宿舍最大的優點為有較多的社交生活，容易認識同住在宿舍中的同學，除非特殊要求，一般都是在入住之後才會知道室友，而室友的安排多以不同國籍住一間，以達到文化交流及練習英文的目的。','upload/country/5bff9d853703b.jpeg',0,'2018-11-29 08:04:21','2018-11-29 08:04:21',NULL),(7,3,'寄宿家庭','寄宿家庭(Homestay, Host Family)','寄宿家庭(Homestay, Host Family)指的是在留學或遊學的期間寄宿於當地家庭與其一起生活的住宿方式，是許多學生在國外讀書時的第一個避風港。寄宿家庭的安排是經過學校嚴格的挑選與審核，包括家庭成員、工作及背景，成為寄宿家庭的理由也因其家庭狀況而有所不同，大致來說可分為兩種。第一，想藉由接待學生了解國外文化並提供給其子女一個國際化的環境，並達到文化及語言交流的目的。通常寄宿家庭會與學生有較多的互動，且可能會邀請學生參與家庭活動；第二，因孩子尚年幼或已成年因而有多餘的房間可出租作為一份收入。此類的寄宿家庭通常僅提供房間及餐點，會提供學生最大的生活自由及隱私空間。','upload/country/5c00f988c3bfa.jpeg',0,'2018-11-30 08:49:12','2018-12-14 04:57:19',NULL),(8,3,'語言學校-學生宿舍','學生宿舍(Student Residence)','語言學校的學生宿舍多座落於鄰近語言學校的市中心，多數為學校與旅館或當地地產公司合作之住宿選項，此種宿舍裡多為其他語言學校就讀的學生、當地的大學生及一般旅客；居住在學校宿舍的學生，自主程度及自由度較大，多數宿舍也位於生活機能相當完善的地方。學校宿舍與學校的距離較近，其交通距離因國家及城市不同，平均的交通時間約為20-40分鐘不等，適合可獨立自主生活的學生。學生宿舍最大的優點為有較多的社交生活，容易認識同住在宿舍中的同學，除非特殊要求，一般都是在入住之後才會知道室友，而室友的安排多以不同國籍住一間，以達到文化交流及練習英文的目的。','upload/country/5c00f9b58386f.jpeg',0,'2018-11-30 08:49:57','2018-11-30 08:49:57',NULL),(9,3,'學生公寓','學生宿舍(Student Apartment)','語言學校的學生公寓多座落於鄰近語言學校或是中心的區域，少數語言學校會有獨立經營的學生公寓。語言學校的宿舍房型選擇較多元，學生可選擇單人房、雙人房、是否有私人衛浴或是選擇有含餐宿舍，居住在學校宿舍的學生，自主程度及自由度較大，多數宿舍也位於生活機能相當完善的地方。學校宿舍與學校的距離較近，其交通距離因國家及城市不同，平均的交通時間約為20-40分鐘不等，適合可獨立自主生活的學生。學生宿舍最大的優點為有較多的社交生活，容易認識同住在宿舍中的同學，除非特殊要求，一般都是在入住之後才會知道室友，而室友的安排多以不同國籍住一間，以達到文化交流及練習英文的目的。','upload/country/5c00f9ec8f111.jpeg',0,'2018-11-30 08:50:52','2018-11-30 08:50:52',NULL),(10,3,'學生宿舍','學生宿舍(Student Residence)','學生宿舍(Dormitary)多屬於鄰近語言學校，學校會提供最基本的房間設備，通常衛浴設備為公用，少為2-4人；多則屬於Hallway需與同一層的同學一起共用。學生宿舍多數提供廚房設備<p>學生宿舍最大的優點為有較多的社交生活，容易認識同住在宿舍中的同學，除非特殊要求，一般都是在入住之後才會知道室友，而室友的安排多以不同國籍住一間，以達到文化交流及練習英文的目的。</p>','upload/country/5c00fb1e8b7a3.jpeg',0,'2018-11-30 08:55:58','2018-11-30 08:55:58',NULL),(11,1,'1','1','1','upload/country/5c020293ddfdb.jpeg',1,'2018-12-01 03:40:03','2018-12-01 03:41:04','2018-12-01 03:41:04'),(12,4,'寄宿家庭','寄宿家庭(Homestay, Host Family)','學生宿舍(Dormitary)多屬於大學校內宿舍，學校會提供最基本的房間設備，通常衛浴設備為公用，少為2-4人；多則屬於Hallway需與同一層的同學一起共用。校內學生宿舍多數不會提供廚房設備，住宿費可選擇含餐費的選項，可於校內餐廳用餐或額外購買參卷或餐卡。<p>學生宿舍最大的優點為有較多的社交生活，容易認識同住在宿舍中的同學，除非特殊要求，一般都是在入住之後才會知道室友，而室友的安排多以不同國籍住一間，以達到文化交流及練習英文的目的。</p>','upload/country/5c0609d9c85a5.jpeg',0,'2018-12-04 05:00:09','2018-12-14 04:54:08',NULL),(13,4,'學生宿舍','語言學校-學生宿舍','<p>語言學校的學生宿舍多座落於鄰近語言學校的市中心，多數為學校與旅館或當地房地產公司合作之住宿選項，此種宿舍裡多為其他就讀語言學校的學生、當地的大學生及一般旅客；少數語言學校會有獨立經營的學生公寓。語言學校的宿舍房型選擇較多元，學生可選擇單人房、雙人房、是否有私人衛浴或是選擇有含餐宿舍，居住在學校宿舍的學生，自主程度及自由度較大，多數宿舍也位於生活機能相當完善的地方。</p>學校宿舍與學校的距離較近，其交通距離因國家及城市不同，平均的交通時間約為20-40分鐘不等，適合可獨立自主生活的學生。','upload/country/5c060a0cb37a6.jpeg',0,'2018-12-04 05:01:00','2018-12-04 05:01:00',NULL),(14,5,'寄宿家庭','寄宿家庭(Homestay, Host Family)','學生宿舍(Dormitary)多屬於大學校內宿舍，學校會提供最基本的房間設備，通常衛浴設備為公用，少為2-4人；多則屬於Hallway需與同一層的同學一起共用。校內學生宿舍多數不會提供廚房設備，住宿費可選擇含餐費的選項，可於校內餐廳用餐或額外購買參卷或餐卡。<p>學生宿舍最大的優點為有較多的社交生活，容易認識同住在宿舍中的同學，除非特殊要求，一般都是在入住之後才會知道室友，而室友的安排多以不同國籍住一間，以達到文化交流及練習英文的目的。</p>','upload/country/5c09bba254ae5.jpeg',0,'2018-12-07 00:15:30','2018-12-14 07:39:14',NULL),(15,5,'學生宿舍','語言學校-學生宿舍','<p>語言學校的學生宿舍多座落於鄰近語言學校的市中心，多數為學校與旅館或當地房地產公司合作之住宿選項，此種宿舍裡多為其他就讀語言學校的學生、當地的大學生及一般旅客；少數語言學校會有獨立經營的學生公寓。語言學校的宿舍房型選擇較多元，學生可選擇單人房、雙人房、是否有私人衛浴或是選擇有含餐宿舍，居住在學校宿舍的學生，自主程度及自由度較大，多數宿舍也位於生活機能相當完善的地方。</p><p>學校宿舍與學校的距離較近，其交通距離因國家及城市不同，平均的交通時間約為20-40分鐘不等，適合可獨立自主生活的學生。</p>','upload/country/5c09bbc5bc418.jpeg',0,'2018-12-07 00:16:05','2018-12-07 00:16:05',NULL),(16,6,'寄宿家庭','寄宿家庭(Homestay, Host Family)','學生宿舍(Dormitary)多屬於大學校內宿舍，學校會提供最基本的房間設備，通常衛浴設備為公用，少為2-4人；多則屬於Hallway需與同一層的同學一起共用。校內學生宿舍多數不會提供廚房設備，住宿費可選擇含餐費的選項，可於校內餐廳用餐或額外購買參卷或餐卡。<p>學生宿舍最大的優點為有較多的社交生活，容易認識同住在宿舍中的同學，除非特殊要求，一般都是在入住之後才會知道室友，而室友的安排多以不同國籍住一間，以達到文化交流及練習英文的目的。</p>','upload/country/5c0a29de2936c.jpeg',1,'2018-12-07 08:05:50','2018-12-14 07:54:21',NULL),(17,6,'學生宿舍','語言學校-學生宿舍','<p>語言學校的學生宿舍多座落於鄰近語言學校的市中心，多數為學校與旅館或當地房地產公司合作之住宿選項，此種宿舍裡多為其他就讀語言學校的學生、當地的大學生及一般旅客；少數語言學校會有獨立經營的學生公寓。語言學校的宿舍房型選擇較多元，學生可選擇單人房、雙人房、是否有私人衛浴或是選擇有含餐宿舍，居住在學校宿舍的學生，自主程度及自由度較大，多數宿舍也位於生活機能相當完善的地方。</p><p>學校宿舍與學校的距離較近，其交通距離因國家及城市不同，平均的交通時間約為20-40分鐘不等，適合可獨立自主生活的學生。</p>','upload/country/5c0a2a0830129.jpeg',1,'2018-12-07 08:06:32','2018-12-07 08:06:32',NULL),(18,1,'11111','伯恩茅斯印象','不能搜尋\r\n不能搜尋\r\n不能搜尋\r\n不能搜尋\r\n不能搜尋\r\n不能搜尋\r\n不能搜尋','upload/country/5c0b53e6bafe0.jpeg',0,'2018-12-08 05:17:26','2018-12-08 05:17:41','2018-12-08 05:17:41'),(19,7,'寄宿家庭','寄宿家庭(Homestay, Host Family)','生宿舍(Dormitary)多屬於大學校內宿舍，學校會提供最基本的房間設備，通常衛浴設備為公用，少為2-4人；多則屬於Hallway需與同一層的同學一起共用。校內學生宿舍多數不會提供廚房設備，住宿費可選擇含餐費的選項，可於校內餐廳用餐或額外購買參卷或餐卡。<p>學生宿舍最大的優點為有較多的社交生活，容易認識同住在宿舍中的同學，除非特殊要求，一般都是在入住之後才會知道室友，而室友的安排多以不同國籍住一間，以達到文化交流及練習英文的目的。</p>','upload/country/5c0d1f44decbf.jpeg',0,'2018-12-09 13:57:24','2018-12-14 08:01:49',NULL),(20,7,'學生宿舍','語言學校-學生宿舍','<p>語言學校的學生宿舍多座落於鄰近語言學校的市中心，多數為學校與旅館或當地房地產公司合作之住宿選項，此種宿舍裡多為其他就讀語言學校的學生、當地的大學生及一般旅客；少數語言學校會有獨立經營的學生公寓。語言學校的宿舍房型選擇較多元，學生可選擇單人房、雙人房、是否有私人衛浴或是選擇有含餐宿舍，居住在學校宿舍的學生，自主程度及自由度較大，多數宿舍也位於生活機能相當完善的地方。</p>學校宿舍與學校的距離較近，其交通距離因國家及城市不同，平均的交通時間約為20-40分鐘不等，適合可獨立自主生活的學生。','upload/country/5c0d1f75c1597.jpeg',0,'2018-12-09 13:58:13','2018-12-09 13:58:13',NULL),(21,8,'寄宿家庭','寄宿家庭(Homestay, Host Family)','學生宿舍(Dormitary)多屬於大學校內宿舍，學校會提供最基本的房間設備，通常衛浴設備為公用，少為2-4人；多則屬於Hallway需與同一層的同學一起共用。校內學生宿舍多數不會提供廚房設備，住宿費可選擇含餐費的選項，可於校內餐廳用餐或額外購買參卷或餐卡。<p>學生宿舍最大的優點為有較多的社交生活，容易認識同住在宿舍中的同學，除非特殊要求，一般都是在入住之後才會知道室友，而室友的安排多以不同國籍住一間，以達到文化交流及練習英文的目的。</p>','upload/country/5c0d416fd2828.jpeg',0,'2018-12-09 16:23:11','2018-12-14 13:25:55',NULL),(22,8,'學生宿舍','語言學校-學生宿舍','<p>語言學校的學生宿舍多座落於鄰近語言學校的市中心，多數為學校與旅館或當地房地產公司合作之住宿選項，此種宿舍裡多為其他就讀語言學校的學生、當地的大學生及一般旅客；少數語言學校會有獨立經營的學生公寓。語言學校的宿舍房型選擇較多元，學生可選擇單人房、雙人房、是否有私人衛浴或是選擇有含餐宿舍，居住在學校宿舍的學生，自主程度及自由度較大，多數宿舍也位於生活機能相當完善的地方。</p>學校宿舍與學校的距離較近，其交通距離因國家及城市不同，平均的交通時間約為20-40分鐘不等，適合可獨立自主生活的學生。','upload/country/5c0d419e94123.jpeg',0,'2018-12-09 16:23:58','2018-12-09 16:23:58',NULL);

--
-- Table structure for table `language_city_intro`
--

CREATE TABLE `language_city_intro` (
  `lci_id` int(10) unsigned NOT NULL AUTO_INCREMENT,
  `id` int(10) DEFAULT '0',
  `title` varchar(100) DEFAULT NULL,
  `description` varchar(2000) DEFAULT NULL,
  `pic` varchar(100) DEFAULT NULL,
  `sort` int(10) DEFAULT '0',
  `created_at` timestamp NULL DEFAULT NULL,
  `updated_at` timestamp NULL DEFAULT NULL,
  `deleted_at` timestamp NULL DEFAULT NULL,
  PRIMARY KEY (`lci_id`)
) ENGINE=InnoDB AUTO_INCREMENT=89 DEFAULT CHARSET=utf8;

--
-- Dumping data for table `language_city_intro`
--

INSERT INTO `language_city_intro` VALUES (1,1,'溫哥華 | Vancouver','溫哥華是加拿大西部的最大都市，也是繼多倫多、蒙特婁之後，加拿大的第三大城。溫哥華公私立教育完善，且具備溫暖的氣候和乾淨的環境，因而成為留學生們心中的最佳留遊學地點，國際學生比例非常高，也因此被美國財經雜誌《富比世》(Forbes)選為「全球最宜居城市」。','upload/country/5c08eef7ddb7f.jpeg',0,'2018-11-28 03:11:15','2018-12-06 09:42:15',NULL),(2,1,'氣候','溫哥華位於加拿大西南部，屬於溫帶海洋性氣候，夏季平均氣溫20°C，冬天平均氣溫約3°C~9°C，天氣四季宜人舒適，草地常綠，是加拿大城市中最溫暖的城市之一，但冬季降水充沛，因此溫哥華也有「加拿大雨都」之稱。','upload/country/5c08ef181945e.jpeg',0,'2018-11-28 15:42:08','2018-12-06 09:42:48',NULL),(3,3,'城市介紹',NULL,NULL,NULL,'2018-11-29 04:01:36','2018-12-05 06:51:38','2018-12-05 06:51:38'),(4,22,'1','11','upload/country/5c07759a850bd.jpeg',1,'2018-12-05 06:52:10','2018-12-05 06:52:10',NULL),(5,22,'2','22','upload/country/5c0775c462619.jpeg',1,'2018-12-05 06:52:52','2018-12-05 06:52:52',NULL),(6,3,'倫敦 | London','倫敦為英國首都，位於英國東南方的泰晤士河流域，不僅為歐洲文化的起源，更是引領世界潮流的三大國際都會之一。源遠流長將近兩千年的歷史淬鍊，讓倫敦於商業金融、藝術人文、時尚娛樂、學術研究等領域居於首席地位。英國有43所大專院校都位於倫敦地區，高等教育機構的密集度是全歐洲之冠，是眾多莘莘學子嚮往的最佳學習環境。','upload/country/5c0956b782279.jpeg',1,'2018-12-05 06:58:28','2018-12-06 17:04:55',NULL),(7,3,'氣候','倫敦位於英國東南部，屬於溫帶海洋性氣候，夏天平均氣溫22°C，氣候宜人且日照長，因此四到十月為旅遊旺季。冬天氣候濕冷，平均氣溫約2°C~7°C，最早下午三點即會天黑，陰鬱灰濛的天空是倫敦冬天的代名詞，洋蔥式穿法是對抗寒冷冬天的最佳解決方法。','upload/country/5c0956c36686f.jpeg',0,'2018-12-05 08:19:54','2018-12-06 17:05:07',NULL),(8,3,'文化','給予莎士比亞源源不絕靈感的文藝之都倫敦，蘊含著積累千年的文化結晶，總是吸引全球目光。從可說是英國精神象徵的皇室文化，到倫敦人的傳統日常英式下午茶、歌劇院、藝術市集等等，豐富的文化滋養倫敦成為一個浪漫又充滿活力的城市。','upload/country/5c0956c9c66a6.jpeg',0,'2018-12-05 08:20:21','2018-12-06 17:05:13',NULL),(9,3,'交通','倫敦幅員遼闊，交通網絡密集，有火車(National Rail)、公車(Bus)、電車(Trans)、地鐵、輕軌(DLR)、地上鐵(Tube，DLR，Overground)，四通八達，但交通費相比其他城市昂貴許多，建議考慮個人需求來挑選Oyster Card，Travelcard等等定期票，達到效益最大化！','upload/country/5c0956d1dfddc.jpeg',0,'2018-12-05 08:20:49','2018-12-06 17:05:21',NULL),(10,9,'劍橋 | Cambridge','劍橋自古為倫敦和北邊城市的中繼站，扮演交通網的中心角色。並且於中世紀時市鎮崛起，成為重要的貿易場所。劍橋大學名聲遠播，讓劍橋被冠上「英國第一大學城」的美名，橫貫都心的康河兩岸也孕育了多座教育殿堂，其中包含擁有悠久校史的三一學院，國王學院，皇后學院等數十間學院聚集在此。','upload/country/5c0958fd9c67c.jpeg',0,'2018-12-05 08:45:02','2018-12-06 17:14:37',NULL),(11,9,'氣候','劍橋位於倫敦北方，屬於溫帶海洋性氣候，夏天平均氣溫21°C，冬天濕冷，平均氣溫約4°C。劍橋的雨量是英國境內降雨量最少的地區，除了梅雨季（10～2月）之外其他日子大多是好天氣。','upload/country/5c0959076585a.jpeg',0,'2018-12-05 08:45:40','2018-12-06 17:14:47',NULL),(12,9,'文化','劍橋與牛津並列為英國兩大大學城，濃厚的學術氛圍和中世紀便流傳至今的哥德式建築，以及眾多學生們天然的讀書場域康河為這座城市的代表印象。造型美觀的橋樑，幽靜曲折的街巷，古樸莊嚴的教堂，倍增劍橋的優雅與靈性，也難怪徐志摩會對滿溢清新文藝氣息的劍橋如此依戀難忘了。','upload/country/5c09590f23f07.jpeg',0,'2018-12-05 08:46:23','2018-12-06 17:14:55',NULL),(13,9,'交通','劍橋市內交通以公車及腳踏車為主，自行車是劍橋最普及實用的交通工具，以自行車代步的人數約為全英國平均的五倍，有「自行車之城」的美譽。市外交通網密集，市內往返英國各地的火車及巴士班次十分頻繁，搭乘巴士到倫敦約需兩小時，火車約需一小時。','upload/country/5c09592077ead.jpeg',0,'2018-12-05 08:46:52','2018-12-06 17:15:12',NULL),(14,10,'牛津 | Oxford','座落在泰晤士河上游的牛津，13世紀起聚集了來自各地的修道士，至15～17 世紀逐漸發展成大學城，是古老大學的發源地之一。牛津各處保留了古色古香的建築，城市裡散佈40多餘座大學及學院，自古至今培育出許多社會各界的菁英人才。','upload/country/5c12147bf19bc.jpeg',0,'2018-12-05 09:15:51','2018-12-13 08:12:43',NULL),(15,10,'氣候','牛津位於英國東南方，屬於溫帶海洋性氣候，夏天平均氣溫約20°C，冬天平均氣溫約2-3°C，年中降雨量分配平均，空氣較為濕潤，整體溫差不大，環境溫和宜人。','upload/country/5c095aa65ed0d.jpeg',0,'2018-12-05 09:16:25','2018-12-06 17:21:42',NULL),(16,10,'文化','牛津和劍橋並列為英國兩大大學城，不僅為歷史悠久的學術城市，遍布的商業區融現代元素於此，是個充滿活力的地方。牛津是個較靜謐及莊嚴的城市，雖沒有絢麗的夜生活，但學生們以各處咖啡館和俱樂部為沙龍，談論學術的氛圍更讓人著迷嚮往。','upload/country/5c095ab021907.jpeg',0,'2018-12-05 09:16:52','2018-12-06 17:21:52',NULL),(17,10,'交通','倫敦市內交通以公車為主，市外交通主要為火車及巴士，並有牛津運河連接牛津、英國中部及泰晤士河，搭乘巴士至倫敦約需一個半小時，火車約需一小時。','upload/country/5c095ab713924.jpeg',0,'2018-12-05 09:17:24','2018-12-06 17:21:59',NULL),(18,11,'伯恩茅斯 | Bournemouth','位於英國南方海岸的伯恩茅斯是個僅擁有25萬人口的城鎮，美不勝收的自然風景加上宜人的天氣，每年吸引眾多國內外觀光人潮湧入，被評選為歐洲三大度假勝地。此外，伯恩茅斯市內的大學及語言教育機構也頗具盛名，宜居的環境及優質的教學品質吸引不少學生前往就讀。','upload/country/5c095b869c9fd.jpeg',0,'2018-12-05 09:20:09','2018-12-06 17:25:26',NULL),(19,11,'氣候','伯恩茅斯位於英國西南方，屬於亞熱帶海洋季風氣候，夏天平均氣溫約22°C，冬天平均氣溫約6°C，氣候溫和濕潤，夏季日照長且相對乾燥，是最適合旅遊的季節，冬季降雨量較多，普遍為多雲降雨的天氣。','upload/country/5c095b8d7889a.jpeg',0,'2018-12-05 09:20:38','2018-12-06 17:25:33',NULL),(20,11,'文化','伯恩茅斯市內融合古老的維多利亞式建築和海邊的藝術裝飾，除了美麗的海岸線還擁有遼闊的森林田野，原始純樸的天然景觀每年吸引將近500萬名遊客前來度假，因而創造出了多采多姿的樣貌和活力四射的夜生活。','upload/country/5c095b963bfd4.jpeg',0,'2018-12-05 09:21:05','2018-12-06 17:25:42',NULL),(21,11,'交通','伯恩茅斯市內交通以公車為主，分為黃巴和藍巴兩種，黃包主要行駛於Kinson一帶，藍巴則是Poole。另外有火車和巴士網絡與英國其他地區連結，且有一個國際機場，搭乘巴士前往倫敦約需2個小時半，搭乘火車約需2小時。','upload/country/5c095b9d585ca.jpeg',0,'2018-12-05 09:21:35','2018-12-06 17:25:59',NULL),(22,12,'布萊頓 | Brighton','布萊頓是一個位於英格蘭南部的海濱城市，因遊憩設施完善而成為知名的休閒度假之城。威爾斯親王在這裡建造的皇家別墅便為布萊頓增添了富麗堂皇的東方情調，現今是英國重要的觀光大城。此外，充滿活力及開放多元的氛圍也吸引許多國際學生來此就讀，是熱門的留遊學城市之一。','upload/country/5c08cdfc00c3c.jpeg',0,'2018-12-05 09:34:50','2018-12-06 07:21:32',NULL),(23,12,'氣候','布萊頓位於英國東南方，屬於亞熱帶海洋季風氣候，夏天平均氣溫約20°C，冬天平均氣溫約4-9°C，溫差不大，整體溫和濕潤，日照為全英國最長的地方，擁有最舒適的天氣。','upload/country/5c08ce092ce40.jpeg',0,'2018-12-05 09:35:22','2018-12-06 07:21:45',NULL),(24,12,'文化','布萊頓是個文化豐富，色彩多元的城市，全英格蘭最大的藝術節便是在此舉行的布萊頓節，活躍的藝術氣息也造就了布萊頓人容納多元聲音，開闊寬廣的視野，每年8月舉辦的同志大遊行為其代表活動之一。','upload/country/5c08ce1280140.jpeg',0,'2018-12-05 09:35:52','2018-12-06 07:21:54',NULL),(25,12,'交通','布萊頓市內交通以公車及自行車為主，英國小鎮的居民大多以自行車代步，推薦騎乘自行車貼近當地人生活，另外有火車和巴士網絡與英國其他地區連結，搭乘巴士前往倫敦約需2個小時半，搭乘火車約需1小時。','upload/country/5c08ce1c387a5.jpeg',0,'2018-12-05 09:36:18','2018-12-06 07:22:04',NULL),(26,13,'曼徹斯特 | Manchester','曼徹斯特位於英格蘭西北部，工業革命期間在此設立了英國最早的棉紡織工廠，並發展成工業城市。現在市區的工廠逐漸往郊區轉移，發展成威根、羅奇代爾，及奧爾德姆等9個人口達20～30萬的工業城市，形成曼徹斯特大都會區，城市裡有多間歷史悠久的圖書館、美術館、博物館和原子物理研究中心，曼徹斯特孕育出各界人才，擁有全歐洲最多的學生數，是英國十分核心的工商及教育重鎮之一。','upload/country/5c08cea9b5b1f.jpeg',0,'2018-12-05 09:45:38','2018-12-06 07:24:25',NULL),(27,13,'氣候','曼徹斯特位於英國西北方，屬於溫帶海洋季風氣候，夏天平均氣溫約16-20°C，冬天平均氣溫約1-4°C。曼徹斯特被稱為雨城，氣候潮濕，降水持續時間長，降水強度小，常見陰雨綿綿的灰色天空。','upload/country/5c08ceb3c2f43.jpeg',0,'2018-12-05 09:46:05','2018-12-06 07:24:35',NULL),(28,13,'文化','曼徹斯特在工業革命後，在世界舞台上確立了自己工業之都的地位，也因此湧進多元的移民如愛爾蘭人、猶太人，造就了曼城多彩的文化，每年3月舉辦的聖派屈克節(Saint Patrick’s Day)大型慶祝活動便為其代表。除此之外曼徹斯特的足球、教育、音樂、藝術等等也都是頗受國際矚目的特色文化。','upload/country/5c08cebba031e.jpeg',0,'2018-12-05 09:46:37','2018-12-06 07:24:43',NULL),(29,13,'交通','曼徹斯特市內主要交通為電車(Tram)和公車，另有全英國第三繁忙的曼徹斯特國際機場，以及運河、鐵路及巴士(Coach)，搭乘巴士前往倫敦約需4-6小時，搭乘火車約需2小時。','upload/country/5c08cec322845.jpeg',0,'2018-12-05 09:47:05','2018-12-06 07:24:51',NULL),(30,14,'布里斯托 | Bristol','布里斯托座落在雅芳河（River Avon）出海口，西臨愛爾蘭海，過去曾是歐洲船隻主要停泊的重要貿易港口，現今的布里斯托是英國重要的航太、高科技及金融貿易中心，不僅經濟繁榮，也有美麗的丘陵景觀，是英國唯一被選為「歐洲綠色之都」的地方。同時擁有卓越的教育環境和世界一流大學，相較其他城市較少外國人居住，來這裡的學生有更多機會認識英國人，並融入當地生活。','upload/country/5c08cf298eac8.jpeg',0,'2018-12-05 09:49:58','2018-12-06 07:26:33',NULL),(31,14,'氣候','布里斯托位於英國西南方，屬於溫帶海洋性季風氣候，夏天平均氣溫約18-21°C，冬天平均氣溫約3-7°C，氣候溫暖，日照充足，因城市位於沿海，受海洋氣流影響而經常下雨，全年降水量可達1200mm。','upload/country/5c08cf344abec.jpeg',0,'2018-12-05 09:50:25','2018-12-06 07:26:44',NULL),(32,14,'文化','布里斯托自17世紀以來作為西英格蘭的經濟發展中心，因此留下了許多喬治亞時期和維多利亞時期的經典英式建築及最古老的港口。此外，街頭塗鴉藝術文化也更活化了布里斯托，增添了獨特的色彩，是座蘊含深遠歷史卻又不失現代熱情，特色鮮明卻又不失淡泊恬靜的魅力城鎮。','upload/country/5c08cf3c61ab8.jpeg',0,'2018-12-05 09:50:49','2018-12-06 07:26:52',NULL),(33,14,'交通','布里斯托市內交通以公車為主，對外交通擁有一座國際機場，另外有火車和巴士網絡與英國其他地區連結，搭乘巴士前往倫敦約需3個小時，搭乘火車約需1個半小時。','upload/country/5c08cf46c0385.jpeg',0,'2018-12-05 09:51:15','2018-12-06 07:27:02',NULL),(34,1,'文化','雖然溫哥華為加拿大第三大城，但和許多北美大城不同，這裡給人一片寧靜祥和的氣氛。可以環遊史丹利公園欣賞海天一色的景致，可以在古老的杉樹林中漫步，也可以是都市冒險家的樂園，與大自然如此和諧共存卻又同時擁有多彩的現代文化及藝術，是許多人的夢想之都。','upload/country/5c08ef397a73a.jpeg',0,'2018-12-06 09:43:21','2018-12-06 09:43:21',NULL),(35,1,'交通','溫哥華的交通運輸系統Translink主要由Skytrain(地上鐵), Bus, Tram(無軌電車)，Sea Bus所組成，交通十分方便，市外交通網密集，有巴士和火車可前往全國各地，另有行駛至美國西雅圖的卡斯卡德號列車，及一座溫哥華國際機場連結國內外各大城市','upload/country/5c08ef584e355.jpeg',0,'2018-12-06 09:43:52','2018-12-09 12:37:26',NULL),(36,2,'多倫多 | Toronto','加拿大的第一大城，同時也是安大略省首府的多倫多，是加拿大金融和商業的樞紐。匯聚了周圍Mississauga, Richmond Hill, Vaughan, Markham, Whitby, Oshawa等等的幾個衛星都市，大約是大臺北都會區4倍大，聚集來自世界各國約400萬名的多元民族，形成了名符其實的地球村。','upload/country/5c08f116ecf57.jpeg',0,'2018-12-06 09:51:18','2018-12-09 12:40:02',NULL),(37,2,'氣候','多倫多位於加拿大東部，屬於溫帶大陸性氣候，夏天炎熱潮濕，平均氣溫為22度°C，並時有颶風侵襲，冬天漫長而寒冷，平均氣溫約-5°C~2°C，且受東北季風影響經常下雪，全年氣溫變化大且極端。','upload/country/5c08f13666b34.jpeg',0,'2018-12-06 09:51:50','2019-01-29 05:05:22',NULL),(38,2,'文化','多倫多是加拿大的第一大城，在商業貿易、藝術人文、教育社會等等方面都在全球有領先地位。在多倫多可以享受大都會的便利，和多采多姿的文化生活，夏天舉辦的爵士音樂節、洋溢濃厚獨立藝術氣息的皇后街，展現這個城市充滿創新活力的一面。','upload/country/5c08f163eb59f.jpeg',0,'2018-12-06 09:52:35','2018-12-06 09:52:35',NULL),(39,2,'交通','多倫多的交通運輸系統TTC主要由公車、路面電車(Streetcar)、地下鐵(Subway)、輕軌所組成，交通十分方便，市外交通網密集，有巴士和火車可前往全國各地及鄰近的美國，另有一座多倫多皮爾遜國際機場連結國內外各大城市，是加拿大吞吐量最大，最繁忙的機場。','upload/country/5c0d0d6002428.jpeg',0,'2018-12-06 09:53:17','2018-12-09 12:41:04',NULL),(40,4,'卡加利 | Calgary','卡加利位於亞伯達省南部，西鄰洛磯山脈，東傍廣大平原，這樣優越的地理條件，使得卡加利借助位置之便與石油資源，迅速發展及成長。許多專家認為，卡加利潛藏著未來十年內最高的經濟成長率，是加拿大中部的經濟、金融和文化中心。因擁有石油資源市政府不收省稅，是加拿大留學、打工度假最熱門的城市之一。','upload/country/5c08f22179f8f.jpeg',0,'2018-12-06 09:55:45','2018-12-06 09:55:45',NULL),(41,4,'氣候','卡加利位於加拿大中南部，屬於溫帶大陸性氣候，夏季平均氣溫16-20°C，冬天平均氣溫約-2°C~-10°C，卡加利的天氣以多變著稱，甚至有「一天之中可體會到一年四季」的說法，夏天甚至還會下冰雹，一年有長達6個月時間會下雪。','upload/country/5c08f251b2f07.jpeg',0,'2018-12-06 09:56:33','2018-12-06 09:56:33',NULL),(42,4,'文化','卡加利是亞伯達省的經濟及文化中心，Calgary Stampede卡加利牛仔節是其中的代表，不但是卡加利的年度盛會，也是加拿大著名的博覽會節慶之一，為期十天節慶有牛仔競技、特色遊行、蘇格蘭風笛表演等等精彩的活動，每年都吸引全世界的遊客前來共襄盛舉。','upload/country/5c08f2b436ff5.jpeg',0,'2018-12-06 09:58:12','2018-12-06 09:58:12',NULL),(43,4,'交通','卡加利的交通運輸系統Calgary Transit主要由輕軌列車(LRT)、巴士(BRT)和公車所組成，交通十分方便，市外交通網密集，有巴士和火車可前往全國各地，另有一座卡加利國際機場連結國內外各大城市，是加拿大第4大的機場。','upload/country/5c08f332b2337.jpeg',0,'2018-12-06 10:00:18','2018-12-06 10:00:18',NULL),(44,5,'蒙特婁 | Montreal','位於魁北克省的蒙特婁，是加拿大的第二大城市，曾為法國殖民地，被譽為\"北美的巴黎\"。蒙特婁的官方語言同時有英、法兩種，因此也有許多想體驗歐洲文化的學生來到這裡學習，除了是國際學生們的主要目的地，航空工業、金融、設計、電影工業等行業也十分發達，是加拿大最重要的經濟中心之一。','upload/country/5c08f3be032b8.jpeg',0,'2018-12-06 10:02:38','2018-12-06 10:02:38',NULL),(45,5,'氣候','舊蒙特婁位於加拿大東南部，屬於溫帶大陸性氣候，夏季平均氣溫18-20°C，冬天平均氣溫約-3°C~-10°C，四季分明，夏天濕熱，冬天寒冷可下降至零下20度。 雖然氣候變化很大，但蒙特婁地區土地豐潤，擁有大量的植物和野生動物，例如加拿大的象徵楓樹，即大量種植在此地。','upload/country/5c08f3e683775.jpeg',0,'2018-12-06 10:03:18','2018-12-06 10:03:18',NULL),(46,5,'文化','從歐洲各國聚集而來的移民使其擁有多樣的文化，歐洲風格的馬賽克拼磚古典建築和現代感的高樓層建築相互輝映，近年更是被稱為設計、電影之都。因其具有傳統老舊城區的特色街景，也有藝術文化產業的洗禮，讓今昔情景交融，互相蘊含彼此精華元素。','upload/country/5c08f405a758e.jpeg',0,'2018-12-06 10:03:49','2018-12-06 10:03:49',NULL),(47,5,'交通','蒙特婁的交通運輸系統STM主要由地鐵和公車所組成，交通十分方便，市外交通網密集，有巴士和火車可前往全國各地，另有一座蒙特婁特魯多國際機場連結國內外各大城市，是加拿大第3大的機場。','upload/country/5c08f423b9991.jpeg',0,'2018-12-06 10:04:19','2018-12-06 10:04:19',NULL),(48,6,'維多利亞 | Victoria','英屬哥倫比亞省的首府維多利亞是中小規模的島嶼城市，位於溫哥華島南端，從溫哥華搭乘渡輪，約需花費1個半小時。隨處可見美麗庭園而被稱為春天之城的維多利亞，終年溫和的氣候和稀少的降雨量，如此適宜人居的天氣型態是它的最大優點。安全平靜的氛圍使得維多利亞成為加拿大人退休後，選擇歡度晚年的養老勝地。','upload/country/5c08f4a80eb26.jpeg',0,'2018-12-06 10:06:32','2018-12-06 10:06:32',NULL),(49,6,'氣候','維多利亞是位於加拿大西南部的海島，屬於溫帶海洋性氣候，夏季平均氣溫12-19°C，冬天平均氣溫約3°C~7°C，四季氣候溫和，冬天氣溫不會下降至零下，但為雨季，常常是飄著毛毛細雨的陰天。','upload/country/5c08f4c6a7ac1.jpeg',0,'2018-12-06 10:07:02','2018-12-06 10:07:02',NULL),(50,6,'文化','維多利亞曾經是兵家之地，後來成為英國殖民後的首都，並以19世紀維多利亞女王的名字命名，軍事地理位置相當重要。維多利亞深受英國文化洗禮，白色的英式古典馬車，以莎士比亞、拜倫、狄更斯等英國著名文學家的名字命名的商店，身著蘇格蘭格子裙裝的樂手在街頭演奏動聽的風笛樂曲、到處是碧綠的草坪和色彩繽紛的花園…英倫文化氣息濃郁，維多利亞式建築和文化遺跡隨處可見，是加拿大最熱門的觀光景點之一。','upload/country/5c08f4e8914ce.jpeg',0,'2018-12-06 10:07:36','2018-12-06 10:07:36',NULL),(51,6,'交通','維多利亞的交通運輸系統主要由公車BCTransit組成，市外交通須搭渡輪前往溫哥華再轉乘其他交通工具，另有一座維多利亞國際機場連結國內外各大城市。','upload/country/5c08f506c202e.jpeg',0,'2018-12-06 10:08:06','2018-12-06 10:08:06',NULL),(52,15,'紐約 | New York','紐約的故事，要從500年前抵達這的荷蘭人用24美元從印第安人手中買下曼哈頓說起。如今，紐約已經茁壯成8百萬人口的大都市，由布朗克斯、布魯克林、曼哈頓、昆斯、斯塔滕島五個行政區組成，是世界最大的城市之一，對全球的經濟、商業、金融、媒體、政治、教育和娛樂具有極大影響力，市內有多個知名大學，匯聚全球人才，是許多學生心目中的夢想之都。','upload/country/5c095128aa043.jpeg',0,'2018-12-06 16:41:12','2018-12-06 16:41:12',NULL),(53,15,'氣候','紐約位於美國東北部，屬於溫帶大陸性和副熱帶濕潤氣候的過渡區，夏天炎熱潮濕，平均氣溫為16-20度°C，冬天漫長而寒冷經常下雪，平均氣溫約4°C~3°C，天氣十分多變。','upload/country/5c09514bb85e4.jpeg',0,'2018-12-06 16:41:47','2018-12-06 16:41:47',NULL),(54,15,'文化','紐約是個移民城市，極具種族多元性，是個文化大熔爐，也因此發展成美國藝術時尚和娛樂產業的重地，許多電影、電視劇、書籍等都以此處為根據地，繽紛氣息和源源不絕的活力使它被全世界的藝術家評選為最夢幻的城市，也是攻讀藝術專門科系的不二選擇。','upload/country/5c09517462336.jpeg',0,'2018-12-06 16:42:28','2018-12-06 16:42:28',NULL),(55,15,'交通','紐約的公共運輸系統MTA由地鐵和公車所組成，為全美最複雜，規模最大的交通系統，非常發達。市外由巴士和鐵路及渡輪組成密集的交通網絡連接美國各地，並有三座可通往國內外的國際機場，可說是全球空域最繁忙的都會區。','upload/country/5c095195e1119.jpeg',0,'2018-12-06 16:43:01','2018-12-06 16:43:01',NULL),(56,16,'波士頓 | Boston','波士頓是麻薩諸塞州的首府，也是見證美國獨立以來200年歷史的古老城市。乘載歷史痕跡的遺址在城市每一處屹立不搖，俯拾皆歷史。而知名的波士頓港為波士頓添備了絕佳的地理條件，周邊有世界知名大學哈佛和麻省理工學院等名門大學，繼承美國傳統教育並撐起美國文化重鎮的角色，是一個標準的東岸城市，嚴謹保守卻又不失現代化與進步。','upload/country/5c0952a7b2c4a.jpeg',0,'2018-12-06 16:47:35','2018-12-06 16:47:35',NULL),(57,16,'氣候','波士頓位於美國東北部，屬於溫帶大陸性氣候，夏天炎熱潮濕，平均氣溫為22度°C，並時有颶風侵襲，冬天漫長而寒冷，平均氣溫約-5°C~2°C，且受東北季風影響經常下雪，全年氣溫變化大且極端。','upload/country/5c0952c509154.jpeg',0,'2018-12-06 16:48:05','2018-12-06 16:48:05',NULL),(58,16,'文化','波士頓是個擁有悠久歷史，在美國獨立運動中扮演關鍵角色的城市，也因此地為美國著名的大學城，聚集全球菁英，薈萃積累出本地獨特的文化素養。革命時期的歷史遺跡、華麗的歌劇院、多個知名圖書館及美術館，空氣中充滿濃厚的學術氣息，可說是美國最具文化價值的城市。','upload/country/5c0952dd883ec.jpeg',0,'2018-12-06 16:48:29','2018-12-06 16:48:29',NULL),(59,16,'交通','波士頓的公共運輸系統MBTA由地鐵和公車所組成，是美國歷史上第一條，最悠久的百年地鐵 （1897迄今），市外由巴士和鐵路組成密集的交通網絡連接美國各地，並有一座洛根國際機場可通往國內外各城市。','upload/country/5c0952f76099c.jpeg',0,'2018-12-06 16:48:55','2018-12-06 16:48:55',NULL),(60,17,'芝加哥 | Chicago','芝加哥位於伊利諾州東北部，緊鄰五大湖，是僅次於紐約和洛杉磯的美國第三大城市。從早期便是工業大城，歷史十分悠久，曾一度因一場大火沒落，卻在重建過程中重新出發，成為國際上重要的工業城市與交通網路中心。同時也是為美國最重要的鐵路、航空樞紐、金融、期貨和商品交易中心之一。','upload/country/5c09538e77d2b.jpeg',0,'2018-12-06 16:51:26','2018-12-06 16:51:26',NULL),(61,17,'氣候','芝加哥位於美國中西部，屬於溫帶大陸性濕潤氣候，四季分明，氣候極端，夏天平均氣溫為20~24°C，炎熱但風大，冬天平均氣溫約-4°C，冬季寒冷潮濕而漫長，且經常刮風下雪，因此有「風城」的別名。','upload/country/5c0953aac170a.jpeg',0,'2018-12-06 16:51:54','2018-12-06 16:51:54',NULL),(62,17,'文化','芝加哥以城市建築藝術聞名，令人讚嘆的城市天際線、歷史悠久的獨特建築、密集豐富的博物館群和湖河構成的景觀都再再闡述芝加哥的文化之美。教育方面，芝加哥擁有全美第三大的基礎教育系統及全球知名企業的重要據點，吸引成千上萬的國際學生來此就讀及發展。','upload/country/5c0953cdc38ce.jpeg',0,'2018-12-06 16:52:29','2018-12-06 16:52:29',NULL),(63,17,'交通','芝加哥的公共運輸系統CTA 是由CTA Rail‘L’ ，CTA Bus和Metra System所組成，十分便利，市外由鐵路、巴士和公路組成密集的交通網絡連接美國各地，並有2座國際機場可通往國內外各城市，運載大量的國際旅客。','upload/country/5c0953e9473a7.jpeg',0,'2018-12-06 16:52:57','2018-12-06 16:52:57',NULL),(64,18,'舊金山 | San Francisco','舊金山是美國西部的第二大都會，霧靄之中壯麗的金門大橋、驚險萬狀的陡街、名聞遐邇的電車，很難說哪一處是舊金山最美麗的風景。在這個城市，你可以穿梭在高聳入雲的摩登高樓大廈間，在維多利亞式建築的浪漫裡起舞，或者從山坡上一覽壯闊的海岸全景，是美國最迷人的城市之一。','upload/country/5c09547da2dc0.jpeg',0,'2018-12-06 16:55:25','2018-12-06 16:55:25',NULL),(65,18,'氣候','舊金山位於美國西岸加州的北部，半島三面環水，並受太平洋加利福尼亞寒流影響，是典型的涼夏型地中海式氣候。夏天降雨極少，涼爽且乾燥，平均氣溫為17°C，冬天為雨季，平均氣溫約10°C，終年氣溫不會下降至零下，天氣十分舒適。','upload/country/5c09549709d7e.jpeg',0,'2018-12-06 16:55:51','2018-12-06 16:55:51',NULL),(66,18,'文化','舊金山是北加州與舊金山灣區的核心都市，當地住有很多藝術家、作家和演員，20世紀以來，一直是美國嬉皮文化和近代自由主義、進步主義的中心。此外，舊金山合宜的氣候和開放的風氣也吸引許多企業家在此落角，世界知名的「矽谷」便坐落於此。也因此週邊有需多匯集全球菁英的教育機構，是個在各個領域多元發展的城市。','upload/country/5c0954b29fce0.jpeg',0,'2018-12-06 16:56:18','2018-12-06 16:56:18',NULL),(67,18,'交通','舊金山的公共運輸系統由灣區捷運(BART)、有軌電車(Muni Metro)、叮叮車(Cable Car)、舊式路面電(Historic StreetCat)和Mini Bus所組成。整個交通網絡加起來大約有80條路線，幾乎涵蓋了整個舊金山市區的交通，是少數美西城市中可以靠大眾交通工具就可以玩市區的城市。市外由機場和公路連接美國各地，並有一座可通往國內外的國際機場。','upload/country/5c0954cfd7504.jpeg',0,'2018-12-06 16:56:47','2018-12-06 16:56:47',NULL),(68,19,'聖地牙哥 | San Diego','聖地牙哥是位於美加的一個沿海城市，氣候一年四季舒爽宜人，是美國人心目中度假都市的首選。安全的治安和放鬆悠閒的生活氛圍，也吸引許多美國上流人士退休後遷居至此。距離LA、Las Vegas兩地只需要兩小時車程，前往墨西哥邊界更不需要花費超過30分鐘的路程。在這裡，學習和旅遊可以並重，吸引眾多留學生至此。','upload/country/5c09559b8619f.jpeg',0,'2018-12-06 17:00:11','2018-12-06 17:00:11',NULL),(69,19,'氣候','聖地牙哥位於美國西南部，屬於地中海型氣候，夏天平均氣溫為22度°C，乾燥但不至於炎熱，冬天天氣溫和不結霜或下雪，平均氣溫約13°C，終年乾燥少雨，全年可測得降水日數平均只有41天，時常是萬里無雲的大晴天。','upload/country/5c0955b38a1c4.jpeg',0,'2018-12-06 17:00:35','2018-12-06 17:00:35',NULL),(70,19,'文化','聖地牙哥因良好的氣候、美麗的沿海風景和豐富的文化生活，觀光產業是主要的經濟命脈，也因地理位置位於美國最南端與墨西哥接壤，城市整體氛圍增添了點中南美的熱情，到處都能體驗多元文化，吸引各國學生及移民來此讀書及生活。','upload/country/5c0955d2097dc.jpeg',0,'2018-12-06 17:01:06','2018-12-06 17:01:06',NULL),(71,19,'交通','聖地牙哥的公共運輸系統MTS由路面電車(San Diego Trolley Service)和巴士(MTS Bus)，MTS快速巴士(MTS Rapid bus)所組成，市外由巴士組成密集的交通網絡連接美國各地，並有一座聖地牙哥國際機場可通往國內外各城市。','upload/country/5c0955ea5b6b7.jpeg',0,'2018-12-06 17:01:30','2018-12-06 17:01:30',NULL),(72,20,'西雅圖 | Seattle','西雅圖是華盛頓州最大的城市，同時也是西岸最美麗城市之一，不同於大城市的喧囂，西雅圖多了一份怡然自得，夏天陽光和煦，冬天寧靜祥和。在西雅圖下著濛濛細雨的日常，走進爵士吧或是咖啡廳，幻想自己成為電影「西雅圖夜未眠」一角，就能沈浸在這個城市的浪漫氛圍之中。','upload/country/5c095688a2aaa.jpeg',0,'2018-12-06 17:04:08','2018-12-06 17:04:08',NULL),(73,20,'氣候','西雅圖位於美國西北部，屬於溫帶海洋性氣候，夏天平均氣溫為20度°C，晴朗乾燥不常降雨，冬天涼爽但不寒冷，偶爾降雪，平均氣溫約4°C，終年氣溫舒適宜居。降水呈現出地中海氣候式的特點，夏季較少，冬季較多，因而有雨都之稱。','upload/country/5c0956a395b88.jpeg',0,'2018-12-06 17:04:35','2018-12-06 17:04:35',NULL),(74,20,'文化','西雅圖是美國西北部的經濟及文化藝術中心，除了是世界級產業發源地之一，每年舉辦的國際影展、世界上出版最多的交響樂團、密集的博物館及西雅圖時報，豐富的文化生活滋潤了此地居民，平均教育水準相當高，也是喜歡慢活生活方式的國際學生們最佳的選擇之一。','upload/country/5c0956c0dc68d.jpeg',0,'2018-12-06 17:05:04','2018-12-06 17:05:04',NULL),(75,20,'交通','西雅圖市內的公共運輸系統由路輕軌列車(Link Light Rail)、單軌列車(MonoRail)、公車所組成，市外由巴士及公路組成密集的交通網絡連接美國各地，並有一座西雅圖塔科馬國際機場可通往國內外各城市。','upload/country/5c0956e2c075b.jpeg',0,'2018-12-06 17:05:38','2018-12-06 17:05:38',NULL),(76,21,'洛杉磯 | Los Angelas','Los Angeles西班牙語意為「天使之城」，為美國西南部地區的代表城市。和煦的亞熱帶型氣候讓洛杉磯的天空總是晴朗無雲，加上美麗的自然風景和沒有盡頭的海岸線，留給人們富饒而浪漫的都市印象。20世紀時，洛杉磯的電影、石油、航空、製造業蓬勃發展，成為美國人口規模僅次於紐約的第二大都市。','upload/country/5c09577c96569.jpeg',0,'2018-12-06 17:08:12','2018-12-06 17:08:12',NULL),(77,21,'氣候','洛杉磯位於美國西南部，屬於亞熱帶型與地中海型氣候的過渡，夏天平均氣溫為24度°C，並常有超過30度以上的天氣，乾燥炎熱，甚至會因熱浪襲擊而造成森林大火。冬天不會下雪，平均氣溫約14°C，終年乾燥少雨，全年陽光明媚。','upload/country/5c095799dafaa.jpeg',0,'2018-12-06 17:08:41','2018-12-06 17:08:41',NULL),(78,21,'文化','洛杉磯是全世界的文化、科學、技術、體育、國際貿易和高等教育中心之一，還擁有世界知名的各種專業與文化領域的機構。整個大洛杉磯地區在電影、電視、音樂等文化娛樂產業的蓬勃發展，打響了洛杉磯的國際聲譽，引領世界流行文化的電影產業中心好萊塢便位於此地。','upload/country/5c0957b379ea3.jpeg',0,'2018-12-06 17:09:07','2018-12-06 17:09:07',NULL),(79,21,'交通','洛杉磯的公共運輸系統Metro Rail、Metro Bus、Dash Bus、Bigbluebus所組成，市外由巴士和公路組成密集的交通網絡連接美國各地，並有3座國際機場可通往國內外各城市，其中的洛杉磯國際機場為世界上第5繁忙的機場，是國際旅客頻繁來訪的大都會。','upload/country/5c0957cd637f9.jpeg',0,'2018-12-06 17:09:33','2018-12-06 17:09:33',NULL),(80,3,'111','2222','upload/country/5c0b50306eea0.jpeg',0,'2018-12-08 05:01:36','2018-12-08 05:01:59','2018-12-08 05:01:59'),(81,3,'111','倫敦幅員遼闊，交通網絡密集，有火車(National Rail)、公車(Bus)、電車(Trans)、地鐵、輕軌(DLR)、地上鐵(Tube，DLR，Overground)，四通八達，但交通費相比其他城市昂貴許多，建議考慮個人需求來挑選Oyster Card，Travelcard等等定期票，達到效益最大化！\r\n交通\r\n倫敦幅員遼闊，交通網絡密集，有火車(National Rail)、公車(Bus)、電車(Trans)、地鐵、輕軌(DLR)、地上鐵(Tube，DLR，Overground)，四通八達，但交通費相比其他城市昂貴許多，建議考慮個人需求來挑選Oyster Card，Travelcard等等定期票，達到效益最大化！','upload/country/5c0b505fb7469.jpeg',0,'2018-12-08 05:02:23','2018-12-08 05:08:54','2018-12-08 05:08:54'),(82,3,'111','倫敦幅員遼闊，交通網絡密集，有火車(National Rail)、公車(Bus)、電車(Trans)、地鐵、輕軌(DLR)、地上鐵(Tube，DLR，Overground)，四通八達，但交通費相比其他城市昂貴許多，建議考慮個人需求來挑選Oyster Card，Travelcard等等定期票，達到效益最大化！','upload/country/5c0b50777041d.jpeg',0,'2018-12-08 05:02:47','2018-12-08 05:03:50','2018-12-08 05:03:50'),(83,14,'1','1',NULL,1,'2018-12-13 07:59:32','2018-12-13 07:59:36','2018-12-13 07:59:36'),(84,14,'1','111',NULL,0,'2018-12-13 08:12:24','2018-12-13 08:12:49','2018-12-13 08:12:49'),(85,14,'111','111','upload/country/5c1214a2ed1da.jpeg',1,'2018-12-13 08:13:22','2018-12-13 08:13:36','2018-12-13 08:13:36'),(86,14,'111','11','upload/country/5c1214f692ef0.jpeg',0,'2018-12-13 08:14:46','2018-12-13 08:15:13','2018-12-13 08:15:13'),(87,14,NULL,NULL,NULL,NULL,'2018-12-13 11:26:34','2018-12-13 11:26:45','2018-12-13 11:26:45'),(88,14,'1','1','upload/country/5c12cdd7dcc27.jpeg',0,'2018-12-13 21:23:35','2018-12-13 21:23:40','2018-12-13 21:23:40');

--
-- Table structure for table `language_city_intro_impression`
--

CREATE TABLE `language_city_intro_impression` (
  `lcii_id` int(10) unsigned NOT NULL AUTO_INCREMENT,
  `id` int(10) DEFAULT '0',
  `title` varchar(100) DEFAULT NULL,
  `description` varchar(2000) DEFAULT NULL,
  `pic_1` varchar(100) DEFAULT NULL,
  `pic_2` varchar(100) DEFAULT NULL,
  `pic_3` varchar(100) DEFAULT NULL,
  `pic_4` varchar(100) DEFAULT NULL,
  `pic_5` varchar(100) DEFAULT NULL,
  `sort` int(10) DEFAULT '0',
  `created_at` timestamp NULL DEFAULT NULL,
  `updated_at` timestamp NULL DEFAULT NULL,
  `deleted_at` timestamp NULL DEFAULT NULL,
  PRIMARY KEY (`lcii_id`)
) ENGINE=InnoDB AUTO_INCREMENT=23 DEFAULT CHARSET=utf8;

--
-- Dumping data for table `language_city_intro_impression`
--

INSERT INTO `language_city_intro_impression` VALUES (1,1,'溫哥華印象','#英屬哥倫比亞大學UBC<br>#史丹利公園<br>#北好萊塢<br>#英吉利灣English Bay','upload/country/5c08f0a4f2fa4.jpeg','upload/country/5c08f0a4f3499.jpeg','upload/country/5c08f0a4f3832.jpeg','upload/country/5c13a556ae6eb.jpeg','upload/country/5c08f0a4f3ec5.jpeg',NULL,'2018-11-30 15:26:42','2018-12-14 12:43:02',NULL),(2,2,'多倫多印象','#多倫多大學(UT)<br>#尼加拉大瀑布<br>#皇后街<br>#CN Tower','upload/country/5c08f1eeefe8e.jpeg','upload/country/5c08f1eef03d6.jpeg','upload/country/5c08f1eef0643.jpeg','upload/country/5c08f1eef0984.jpeg','upload/country/5c08f1eef0d0b.jpeg',NULL,'2018-12-04 13:40:18','2018-12-06 09:54:54',NULL),(3,3,'倫敦印象','#國王十字車站 9¾月台<br>#倫敦鐵橋<br>#大笨鐘<br>#格林威治天文臺','upload/country/5c09587e0f57f.jpeg','upload/country/5c08b4e08349c.jpeg','upload/country/5c08b4e0836d3.jpeg','upload/country/5c09577a356b8.jpeg','upload/country/5c09573dd9519.jpeg',NULL,'2018-12-05 06:50:05','2018-12-07 03:10:09',NULL),(4,15,'紐約印象','#紐約大學<br>#自由女神<br>#時代廣場<br>#帝國大廈','upload/country/5c0951e882b22.jpeg','upload/country/5c0951e883072.jpeg','upload/country/5c0951e8832b3.jpeg','upload/country/5c0951e88343d.jpeg','upload/country/5c0951e8836b1.jpeg',NULL,'2018-12-05 06:50:12','2018-12-06 16:44:24',NULL),(5,8,NULL,NULL,NULL,NULL,NULL,NULL,NULL,0,'2018-12-05 06:51:22','2018-12-05 06:51:22',NULL),(6,21,'洛杉磯印象','#加州大學洛杉磯分校<br>#洛杉磯湖人隊<br>#好萊塢環球影城<br>#迪士尼樂園','upload/country/5c095804830d1.jpeg','upload/country/5c095804835c6.jpeg','upload/country/5c095804837c3.jpeg','upload/country/5c09580483a30.jpeg','upload/country/5c09580483c8c.jpeg',NULL,'2018-12-05 06:52:59','2018-12-06 17:10:28',NULL),(7,22,NULL,NULL,NULL,NULL,NULL,NULL,NULL,0,'2018-12-05 06:53:32','2018-12-05 06:53:32',NULL),(8,23,NULL,NULL,NULL,NULL,NULL,NULL,NULL,0,'2018-12-05 08:48:06','2018-12-05 08:48:06',NULL),(9,9,'劍橋印象','#劍橋大學<br>#徐志摩再別康橋<br>#三一學院前牛頓的蘋果樹<br>#康河撐篙','upload/country/5c095a345a34e.jpeg','upload/country/5c08b57839a84.jpeg','upload/country/5c08b57839d06.jpeg','upload/country/5c08b5783a013.jpeg','upload/country/5c08b5783a229.jpeg',NULL,'2018-12-05 09:10:58','2018-12-06 17:19:48',NULL),(10,10,'牛津印象','#牛津大學<br>#愛麗絲夢遊仙境<br>#哈利波特基督學院<br>#嘆息橋','upload/country/5c08cd3e9ea16.jpeg','upload/country/5c08cd3e9ee61.jpeg','upload/country/5c095b3053afc.jpeg','upload/country/5c095b3053eb9.jpeg','upload/country/5c095b3054075.jpeg',NULL,'2018-12-05 09:17:35','2018-12-06 17:24:00',NULL),(11,11,'伯恩茅斯印象','#伯恩茅斯大學<br>#侏儸紀海岸<br>#英吉利海峽<br>#物價親民的小鎮','upload/country/5c095c58e797d.jpeg','upload/country/5c095c58e7d94.jpeg','upload/country/5c095cbd9d6e0.jpeg','upload/country/5c095cbd9db7d.jpeg','upload/country/5c095c58e80f8.jpeg',NULL,'2018-12-05 09:20:21','2018-12-06 17:30:37',NULL),(12,12,'布萊頓印象','#布萊頓大學<br>#倫敦人週末最愛渡假勝地<br>#中西合璧的皇室行宮<br>#七姐妹崖','upload/country/5c08ce4d71fef.jpeg','upload/country/5c08ce4d724c3.jpeg','upload/country/5c095d7789184.jpeg','upload/country/5c095d778968a.jpeg','upload/country/5c08ce4d73120.jpeg',NULL,'2018-12-05 09:20:27','2018-12-06 17:33:43',NULL),(13,13,'曼徹斯特印象','#曼徹斯特大學<br>#絢麗的夜生活<br>#曼徹斯特聯足球俱樂部<br>#聖派翠克節(Saint Patrick’s Day)','upload/country/5c08cf0017939.jpeg','upload/country/5c08cf0017ebc.jpeg','upload/country/5c08cf0018418.jpeg','upload/country/5c08cf001867b.jpeg','upload/country/5c08cf0018ae0.jpeg',NULL,'2018-12-05 09:20:33','2018-12-06 07:25:52',NULL),(14,14,'布里斯托印象','#布里斯托大學<br>#國際熱氣球節<br>#街頭塗鴉藝術<br>#英國女王讚嘆最美的城市','upload/country/5c095e337ca79.jpeg','upload/country/5c095e337d078.jpeg','upload/country/5c095e337d296.jpeg','upload/country/5c095e337d4ae.jpeg','upload/country/5c095e337d801.jpeg',NULL,'2018-12-05 09:51:40','2018-12-06 17:36:51',NULL),(15,4,'卡加利印象','#卡加利大學(UC)<br>#洛磯山脈<br>#班夫國家公園<br>#牛仔節','upload/country/5c08f3738d62f.jpeg','upload/country/5c08f3738db13.jpeg','upload/country/5c08f3738de01.jpeg','upload/country/5c08f3738e051.jpeg','upload/country/5c08f3738e2a2.jpeg',NULL,'2018-12-06 10:00:33','2018-12-06 10:01:23',NULL),(16,5,'蒙特婁印象','#麥基爾大學<br>#小巴黎<br>#聖母大教堂<br>#小法國','upload/country/5c08f45a3b152.jpeg','upload/country/5c08f45a3b5e6.jpeg','upload/country/5c08f45a3b898.jpeg','upload/country/5c08f45a3baca.jpeg','upload/country/5c08f45a3bde6.jpeg',NULL,'2018-12-06 10:04:31','2018-12-06 10:05:14',NULL),(17,6,'維多利亞印象','#維多利亞大學<br>#漁人碼頭<br>#布查特公園<br>#英式下午茶','upload/country/5c08f54779f84.jpeg','upload/country/5c08f5477a42c.jpeg','upload/country/5c08f5477a657.jpeg','upload/country/5c08f5477a8ac.jpeg','upload/country/5c08f5477acf6.jpeg',NULL,'2018-12-06 10:08:16','2018-12-06 10:09:11',NULL),(18,16,'波士頓印象','#哈佛大學<br>#麻省理工學院<br>#波士頓紅襪隊<br>#大學城','upload/country/5c09532c577b5.jpeg','upload/country/5c09532c57ba2.jpeg','upload/country/5c09532c57db4.jpeg','upload/country/5c09532c58186.jpeg','upload/country/5c09532c583be.jpeg',NULL,'2018-12-06 16:49:06','2018-12-06 16:49:48',NULL),(19,17,'芝加哥印象','#西北大學<br>#伊利諾大學<br>#芝加哥公牛隊<br>#摩天大樓','upload/country/5c09542712bc1.jpeg','upload/country/5c09542713161.jpeg','upload/country/5c095427133c4.jpeg','upload/country/5c095427135fc.jpeg','upload/country/5c09542713863.jpeg',NULL,'2018-12-06 16:53:06','2018-12-06 16:53:59',NULL),(20,18,'舊金山印象','#舊金山大學<br>#史丹福大學<br>#金門大橋<br>#漁人碼頭','upload/country/5c09551994a3c.jpeg','upload/country/5c09551994f05.jpeg','upload/country/5c09551995110.jpeg','upload/country/5c09551995306.jpeg','upload/country/5c095519955da.jpeg',NULL,'2018-12-06 16:57:01','2018-12-06 16:58:01',NULL),(21,19,'聖地牙哥印象','#聖地牙哥大學<br>#聖地牙哥動物園<br>#航空母艦博物館<br>#拉霍亞海灘','upload/country/5c0956316cd41.jpeg','upload/country/5c0956316d1ba.jpeg','upload/country/5c0956316d488.jpeg','upload/country/5c0956316d72d.jpeg','upload/country/5c0956316d9b8.jpeg',NULL,'2018-12-06 17:01:45','2018-12-06 17:02:41',NULL),(22,20,'西雅圖印象','#華盛頓大學<br>#星巴克發源地<br>#雨城<br>#櫻花','upload/country/5c095720877fa.jpeg','upload/country/5c09572087ca0.jpeg','upload/country/5c09572087e98.jpeg','upload/country/5c09572088074.jpeg','upload/country/5c095720882bf.jpeg',NULL,'2018-12-06 17:05:48','2018-12-06 17:06:40',NULL);

--
-- Table structure for table `language_city_intro_tab`
--

CREATE TABLE `language_city_intro_tab` (
  `id` int(10) unsigned NOT NULL AUTO_INCREMENT,
  `country_id` int(10) DEFAULT '0',
  `title` varchar(100) DEFAULT NULL,
  `price_1` varchar(100) DEFAULT NULL,
  `price_2` varchar(100) DEFAULT NULL,
  `price_3` varchar(100) DEFAULT NULL,
  `price_4` varchar(100) DEFAULT NULL,
  `price_5` varchar(100) DEFAULT NULL,
  `price_6` varchar(100) DEFAULT NULL,
  `price_7` varchar(100) DEFAULT NULL,
  `sort` int(10) unsigned NOT NULL DEFAULT '0',
  `created_at` timestamp NULL DEFAULT NULL,
  `updated_at` timestamp NULL DEFAULT NULL,
  `deleted_at` timestamp NULL DEFAULT NULL,
  PRIMARY KEY (`id`)
) ENGINE=InnoDB AUTO_INCREMENT=24 DEFAULT CHARSET=utf8;

--
-- Dumping data for table `language_city_intro_tab`
--

INSERT INTO `language_city_intro_tab` VALUES (1,2,'溫哥華','$ 10.00','$ 3.16','$ 1.96','$ 2.37','$ 2.85','-','$ 15.00',1,'2018-11-28 03:11:09','2018-12-14 03:07:40',NULL),(2,2,'多倫多','$ 8.00','$ 2.74','$ 10.00','$ 1.78','$ 3.25','-','$ 15.00',2,'2018-11-28 15:41:59','2018-12-14 03:08:52',NULL),(3,1,'倫敦','£ 6.00','£ 1.07','£ 0.98','£ 0.93','£ 2.50','-','£ 12.00',0,'2018-11-29 03:57:46','2018-12-13 18:47:03',NULL),(4,2,'卡加利','$ 9.00','$ 2.93','$ 1.83','$ 2.05','$ 3.3','-','$ 14.00',3,'2018-11-29 07:10:10','2018-12-14 03:09:30',NULL),(5,2,'蒙特婁','$ 10.00','$ 3.23','$ 1.68','$ 1.99','$ 3.25','-','$ 13',4,'2018-11-29 07:10:27','2018-12-14 03:10:09',NULL),(6,2,'維多利亞','$ 9.00','$ 2.93','$ 1.64','$ 2.25','$ 2.5','-','$ 12.75',5,'2018-11-29 07:10:50','2018-12-14 03:10:43',NULL),(7,1,'1',NULL,NULL,NULL,NULL,NULL,NULL,NULL,1,'2018-12-01 08:04:42','2018-12-01 08:07:18','2018-12-01 08:07:18'),(8,1,'1',NULL,NULL,NULL,NULL,NULL,NULL,NULL,1,'2018-12-01 08:07:31','2018-12-01 08:10:00','2018-12-01 08:10:00'),(9,1,'劍橋','£ 6.00','£ 1.18','£ 1.04','£ 0.95','-','£ 2.70','£ 11.00',1,'2018-12-02 16:47:24','2018-12-13 18:48:13',NULL),(10,1,'牛津','£ 6.00','£ 0.89','£ 0.93','£ 0.87','-','£ 2.15','£ 11.00',2,'2018-12-02 16:47:55','2018-12-13 18:49:26',NULL),(11,1,'伯恩茅斯','£ 5.00','£ 1.01','£ 0.94','£ 0.91','-','£ 2.4','£ 10.00',3,'2018-12-02 16:48:37','2018-12-13 18:50:24',NULL),(12,1,'布萊頓','£ 5.20','£ 0.99','£ 0.91','£ 0.93','-','£ 2.6','£ 10.75',4,'2018-12-02 16:48:57','2018-12-13 18:51:32',NULL),(13,1,'曼徹斯特','£ 5.00','£ 1.00','£ 0.93','£ 0.89','-','£ 3','£ 9',5,'2018-12-02 16:49:17','2018-12-13 18:52:37',NULL),(14,1,'布里斯托','£ 5.00','£ 0.88','£ 0.92','£ 0.9','-','£ 2.35','£ 10',6,'2018-12-02 16:49:35','2018-12-13 18:54:41',NULL),(15,3,'紐約','$ 8.75','$ 4.03','$ 1.71','$ 1.18','$ 2.75','-','$ 16.00',0,'2018-12-03 08:54:10','2018-12-14 04:17:44',NULL),(16,3,'波士頓','$ 8.00','$ 2.74','$ 1.66','$ 0.86','$ 2.5','-','$ 13.99',0,'2018-12-03 09:02:01','2018-12-14 04:18:42',NULL),(17,3,'芝加哥','$ 7.00','$ 2.64','$ 1.83','$ 0.74','$ 2.5','-','$ 13',0,'2018-12-03 09:02:47','2018-12-14 04:19:50',NULL),(18,3,'舊金山','$ 8.00','$ 4.08','$ 1.79','$ 1.0','$ 2.75','-','$ 14',0,'2018-12-03 09:03:03','2018-12-14 04:20:54',NULL),(19,3,'聖地牙哥','$ 7.5','$ 2.89','$ 1.69','$ 0.91','$ 2.5','-','$ 14',0,'2018-12-03 09:03:21','2018-12-14 04:22:14',NULL),(20,3,'西雅圖','$ 9','$ 3.32','$ 1.58','$ 0.91','$ 2.75','-','$ 13.75',0,'2018-12-03 09:03:39','2018-12-14 04:23:13',NULL),(21,3,'洛杉磯','$ 8','$ 3.06','$ 1.76','$ 1.04','$ 1.75','-','$ 15',0,'2018-12-03 09:04:04','2018-12-14 04:24:00',NULL),(22,1,'台灣測試',NULL,NULL,NULL,NULL,NULL,NULL,NULL,1,'2018-12-05 06:51:57','2018-12-05 06:54:57','2018-12-05 06:54:57'),(23,1,'111',NULL,NULL,NULL,NULL,NULL,NULL,NULL,0,'2018-12-08 05:00:56','2018-12-08 05:01:19','2018-12-08 05:01:19');

--
-- Table structure for table `language_course_type`
--

CREATE TABLE `language_course_type` (
  `lct_id` int(10) unsigned NOT NULL AUTO_INCREMENT,
  `id` int(10) DEFAULT '0',
  `title` varchar(100) DEFAULT NULL,
  `description` varchar(2000) DEFAULT NULL,
  `pic` varchar(100) DEFAULT NULL,
  `sort` int(10) DEFAULT '0',
  `created_at` timestamp NULL DEFAULT NULL,
  `updated_at` timestamp NULL DEFAULT NULL,
  `deleted_at` timestamp NULL DEFAULT NULL,
  PRIMARY KEY (`lct_id`)
) ENGINE=InnoDB AUTO_INCREMENT=134 DEFAULT CHARSET=utf8;

--
-- Dumping data for table `language_course_type`
--

INSERT INTO `language_course_type` VALUES (1,1,'一般英語課程 | General English','一般英語課程 (General English)，課程著重於日常工作、社交及生活所需的英語溝通技能，透過課程建立整合性的語言技巧，例如聽、說、讀、寫；透過課堂活動達到實際的英語會話練習、說話技巧、培養聽力技巧及改善文法的運用。','upload/country/5c08f5949d627.jpeg',0,'2018-11-28 02:47:38','2018-12-06 10:10:28',NULL),(2,2,'一般英語課程 | General English','一般英語課程 (General English)，課程著重於日常工作、社交及生活所需的英語溝通技能，透過課程建立整合性的語言技巧，例如聽、說、讀、寫；透過課堂活動達到實際的英語會話練習、說話技巧、培養聽力技巧及改善文法的運用。','upload/country/5c095e8b6f978.jpeg',0,'2018-11-29 04:05:45','2018-12-06 17:38:19',NULL),(3,2,'上課時間','依照各學校別會有不同的課程規劃，一般英語課程一週平均上課時間落在3小時至4小時。上課時間多為早上八點半或九點開始上課；此外，許多學校皆有\"Double Banking\"的上課方式，會有上下午班交錯上課的課表，讓學生能充分利用課外時間，參加各式各樣的學校活動。','upload/country/5c095ec2d8a2a.jpeg',1,'2018-11-29 04:06:45','2018-12-06 17:39:14',NULL),(4,2,'適合對象','1. 停留時間較短<br>2. 想體驗國外英語學習環境<br>3. 計畫一邊學習英語一邊旅遊、放鬆心情<br>4. 不確定是否可適應學校生活','upload/country/5c095ed9c62da.jpeg',0,'2018-11-29 04:08:00','2018-12-06 17:39:37',NULL),(5,3,'密集英語課程 | Intensive English','密集英語課程 (Intensive English)，著重於日常工作、社交及生活所需的英語溝通技能，課程主要由核心課程即選修課程組合而成，核心課程透過課程建立整合性的語言技巧，例如聽、說、讀、寫；透過課堂活動達到實際的英語會話練習、說話技巧、培養聽力技巧及改善文法的運用；選修課程為技巧加強課程，著重於個人興趣領域學習及英語弱點加強，選修課程包括美國文化、英語會話、字彙與片語、文法、聽力、創意寫作、電影研究、時事文化的探討、商業英文進修、考試準備課等等。','upload/country/5c095f23c364a.jpeg',0,'2018-11-29 04:09:36','2018-12-06 17:40:51',NULL),(6,3,'上課時間','依照各學校別會有不同的課程規劃，密集英語課程一週平均上課時間落在4.3小時至5小時。上課時間多為早上八點半或九點開始上課；此外，許多學校皆有\"Double Banking\"的上課方式，會有上下午班交錯上課的課表，讓學生能充分利用課外時間，參加各式各樣的學校活動。','upload/country/5c095f5be1137.jpeg',1,'2018-11-29 04:10:14','2018-12-06 17:41:47',NULL),(7,3,'適合對象','1. 就讀課程時間較長<br>2. 短期內紮實並快速的學習英文技巧<br>3. 未來有留學計畫<br>4. 時間著重於英語學習','upload/country/5c095f62c8eaf.jpeg',0,'2018-11-29 04:28:28','2018-12-06 17:41:54',NULL),(8,8,'2','2\r\n2222\r\n2222\r\n2222\r\n222','upload/country/5c02281c38b81.jpeg',2,'2018-12-01 06:20:12','2018-12-01 06:20:12',NULL),(9,8,'3','33\r\n333\r\n33\r\n33','upload/country/5c022839780ad.jpeg',NULL,'2018-12-01 06:20:41','2018-12-01 06:20:41',NULL),(10,8,'4','444','upload/country/5c022851ca4f1.jpeg',0,'2018-12-01 06:21:05','2018-12-01 06:21:05',NULL),(11,12,'一般英語課程 | General English','一般英語課程 (General English)，課程著重於日常工作、社交及生活所需的英語溝通技能，透過課程建立整合性的語言技巧，例如聽、說、讀、寫；透過課堂活動達到實際的英語會話練習、說話技巧、培養聽力技巧及改善文法的運用。','upload/country/5c05e24b178ad.jpeg',0,'2018-12-04 02:11:23','2018-12-04 02:11:23',NULL),(12,12,'上課時間','依照各學校別會有不同的課程規劃，一般英語課程一週平均上課時間落在3小時至4小時。上課時間多為早上八點半或九點開始上課；此外，許多學校皆有\"Double Banking\"的上課方式，會有上下午班交錯上課的課表，讓學生能充分利用課外時間，參加各式各樣的學校活動。','upload/country/5c05e26a34408.jpeg',0,'2018-12-04 02:11:54','2018-12-04 02:11:54',NULL),(13,12,'適合對象','1. 停留時間較短<br>2. 想體驗國外英語學習環境<br>3. 計畫一邊學習英語一邊旅遊、放鬆心情<br>4. 不確定是否可適應學校生活','upload/country/5c05e28ab1553.jpeg',0,'2018-12-04 02:12:26','2018-12-04 02:12:26',NULL),(14,13,'密集英語課程 | Intensive English','密集英語課程 (Intensive English)，著重於日常工作、社交及生活所需的英語溝通技能，課程主要由核心課程即選修課程組合而成，核心課程透過課程建立整合性的語言技巧，例如聽、說、讀、寫；透過課堂活動達到實際的英語會話練習、說話技巧、培養聽力技巧及改善文法的運用；選修課程為技巧加強課程，著重於個人興趣領域學習及英語弱點加強，選修課程包括美國文化、英語會話、字彙與片語、文法、聽力、創意寫作、電影研究、時事文化的探討、商業英文進修、考試準備課等等。','upload/country/5c05e398bc418.jpeg',0,'2018-12-04 02:16:56','2018-12-04 02:16:56',NULL),(15,13,'上課時間','依照各學校別會有不同的課程規劃，密集英語課程一週平均上課時間落在4.3小時至5小時。上課時間多為早上八點半或九點開始上課；此外，許多學校皆有\"Double Banking\"的上課方式，會有上下午班交錯上課的課表，讓學生能充分利用課外時間，參加各式各樣的學校活動。','upload/country/5c05e4fd8361c.jpeg',0,'2018-12-04 02:22:53','2018-12-04 02:22:53',NULL),(16,13,'適合對象','1. 就讀課程時間較長<br>2. 短期內紮實並快速的學習英文技巧<br>3. 未來有留學計畫<br>4. 時間著重於英語學習','upload/country/5c05e51d42495.jpeg',0,'2018-12-04 02:23:25','2018-12-04 02:23:25',NULL),(17,14,'商用英語課程 | Business English','商用英語課(Business English)，主要針對商務人士或年輕上班族所設置，著重於工作上或工作社交場合所需的英語溝通技能，根據工作場合可能面對的不同情境而設計的主題單元，讓學生具備在職場上必要的英語流利度、正確性和特定溝通技巧。課程主題包括商務字彙、商務英文作練習、合約協商、管理與人力資源、品牌與促銷策略、專案管理、企業預算、當地企業倫理與企業社會責任，同時學習簡報和面試準備等職場技能，以及增進「軟實力」，包括，提出建議、不同方案和化解衝突等。','upload/country/5c05e54d657f7.jpeg',0,'2018-12-04 02:24:13','2018-12-04 02:24:13',NULL),(18,14,'上課時間','依照各學校別會有不同的課程規劃，商用英語課程一週平均上課時間落在4.3小時至5小時。上課時間多為早上八點半或九點開始上課；此外，許多學校皆有\"Double Banking\"的上課方式，會有上下午班交錯上課的課表，讓學生能充分利用課外時間，參加各式各樣的學校活動。','upload/country/5c05e57968aa5.jpeg',0,'2018-12-04 02:24:57','2018-12-04 02:24:57',NULL),(19,14,'適合對象','1. 為未來職涯準備的年輕上班族<br>2. 增進英語更通的專業商務人士','upload/country/5c05e5956a151.jpeg',0,'2018-12-04 02:25:25','2018-12-04 02:25:25',NULL),(20,15,'考試準備課程 | Test Preparation','考試準備英語課程(Test Preparation)，課程專門設計有考試需求的學生，如托福、雅思、多益及劍橋考試等除了加強整合性的聽、說、讀、寫的語言技巧外，更透過課堂中與老師實際的口說練習，加強發音技巧及對話內容並增加考試的自信心。針對每個不同的考試，課程內容包含了考試需要的大量單字練習以做題的速度與技巧，所以考試準備課程又被稱為考試技巧課程，建議學生在加入考試準備課程前，務必先將英文基礎實力扎實的加強。','upload/country/5c05e5c51eea9.jpeg',0,'2018-12-04 02:26:13','2018-12-04 02:26:13',NULL),(21,15,'上課時間','依照各學校別會有不同的課程規劃，考試準備課程一週平均上課時間落在4.3小時至5小時。上課時間多為早上八點半或九點開始上課；此外，許多學校皆有\"Double Banking\"的上課方式，會有上下午班交錯上課的課表，讓學生能充分利用課外時間，參加各式各樣的學校活動。','upload/country/5c05e5e3dd70d.jpeg',0,'2018-12-04 02:26:43','2018-12-04 02:26:43',NULL),(22,15,'適合對象','1. 有考試需求的學生<br>2. 計畫申請申請海外大學或碩士的學生','upload/country/5c05e60004a5d.jpeg',0,'2018-12-04 02:27:12','2018-12-04 02:27:12',NULL),(23,16,'英語+專長/興趣學習 | English Plus','英語+專長/興趣學習 (English Plus)，是一個適合已有一定英文程度的學生，擔心上語言課程會有些許乏味的海外充電課程。每個課程組合學習的項目不盡相同，一般來說，早上的課程主要是建立整合性的語言技巧，例如聽、說、讀、寫；下午則是針對不同專長/興趣所安排的課程，有些為學校提供的主題式英語課程，例如藝術設計英語、旅遊語飯店管理英語，有些則為學校與其他專門培訓機構所合開支課程，包括烹飪、舞蹈、電影製作、藝術設計、表演藝術等等。','upload/country/5c05e7ad6f6be.jpeg',0,'2018-12-04 02:34:21','2018-12-04 02:34:21',NULL),(24,16,'上課時間','依照各學校別會有不同的課程規劃，一週平均上課時間落在4.3小時至5小時。上課時間多為早上八點半或九點開始教授英語課程，下午課程則是依照學生選擇不同主題的專長與興趣課程。','upload/country/5c05e82c2ef31.jpeg',0,'2018-12-04 02:36:28','2018-12-04 02:36:28',NULL),(25,16,'適合對象','1. 英語有中級以上程度的學生<br>2. 擔心英語課程會乏味的學生<br>3. 想培養興趣的學生','upload/country/5c05e84cf353d.jpeg',0,'2018-12-04 02:37:00','2018-12-04 02:37:00',NULL),(26,17,'證照與實習課程 | Certificate and Internship','美國職業研究中心指出，「在如今的就業市場，具備企業實習經歷是讓企業主願意閱讀你簡歷的必要條件。」美國與加拿大的證照與實習課程有別於一般英語學習課程，目的在於提升學生的英文及專業職涯的實務能力，通常企業實習為課程的一部分，透過企業實習的經驗達到了解美國企業經營理念及企業文化、吸收來自各個國家、不同工作背景的經驗，並透過實際的職場環境讓所學的英文及專業有運用的機會。','upload/country/5c05e87fc7a44.jpeg',0,'2018-12-04 02:37:51','2018-12-04 02:37:51',NULL),(27,17,'課程內容','-語言/商業課程+企業實習：每週20小時語言課程+10-15小時企業實習。這類課程的英文要求程度較低，主要目的是讓學生一邊學習英文並透過企業實習讓學生能在職場實境有練習英文的機會，同時也學習美國企業經營理念及企業文化，完成實習後可取得雇主的推薦信為未來職涯加分。<p> -大學證照課程+企業實習：9-12個月證照課程+企業實習+OPT大學證照課程，此課程的選擇豐富，學生可依照自身的英語程度及學習需求決定，科系包括財務、行銷、人力資源、會計、項目管理、電腦工程、大數據分析、生物科技等等。企業實習為課程的一部分，目的為提升專業科目的實務工作能力。完成至少9個月的證照課程，可申請選擇性實習訓練OPT（Optional Practical Training）進行12個月以內與所學科系相關的有薪實習。</p>','upload/country/5c05e8ae783bf.jpeg',0,'2018-12-04 02:38:38','2018-12-04 02:38:38',NULL),(28,18,'一般英語課程 | General English','一般英語課程 (General English)，課程著重於日常工作、社交及生活所需的英語溝通技能，透過課程建立整合性的語言技巧，例如聽、說、讀、寫；透過課堂活動達到實際的英語會話練習、說話技巧、培養聽力技巧及改善文法的運用。','upload/country/5c05f97724335.jpeg',0,'2018-12-04 03:50:15','2018-12-04 03:50:15',NULL),(29,18,'上課時間','依照各學校別會有不同的課程規劃，一般英語課程一週平均上課時間落在3小時至4小時。上課時間多為早上八點半或九點開始上課；此外，許多學校皆有\"Double Banking\"的上課方式，會有上下午班交錯上課的課表，讓學生能充分利用課外時間，參加各式各樣的學校活動。','upload/country/5c05f991bc2ec.jpeg',0,'2018-12-04 03:50:41','2018-12-04 03:50:41',NULL),(30,18,'適合對象','1. 停留時間較短<br>2. 想體驗國外英語學習環境<br>3. 計畫一邊學習英語一邊旅遊、放鬆心情<br>4. 不確定是否可適應學校生活','upload/country/5c05f9c1e6c0b.jpeg',0,'2018-12-04 03:51:29','2018-12-04 03:51:29',NULL),(31,19,'密集英語課程 | Intensive English','密集英語課程 (Intensive English)，著重於日常工作、社交及生活所需的英語溝通技能，課程主要由核心課程即選修課程組合而成，核心課程透過課程建立整合性的語言技巧，例如聽、說、讀、寫；透過課堂活動達到實際的英語會話練習、說話技巧、培養聽力技巧及改善文法的運用；選修課程為技巧加強課程，著重於個人興趣領域學習及英語弱點加強，選修課程包括美國文化、英語會話、字彙與片語、文法、聽力、創意寫作、電影研究、時事文化的探討、商業英文進修、考試準備課等等。','upload/country/5c05f9eeb60cd.jpeg',0,'2018-12-04 03:52:14','2018-12-04 03:52:14',NULL),(32,19,'上課時間','依照各學校別會有不同的課程規劃，密集英語課程一週平均上課時間落在4.3小時至5小時。上課時間多為早上八點半或九點開始上課；此外，許多學校皆有\"Double Banking\"的上課方式，會有上下午班交錯上課的課表，讓學生能充分利用課外時間，參加各式各樣的學校活動。','upload/country/5c1335a8d0b68.jpeg',0,'2018-12-04 03:52:42','2018-12-14 04:46:32',NULL),(33,19,'適合對象','1. 就讀課程時間較長<br>2. 短期內紮實並快速的學習英文技巧<br>3. 未來有留學計畫<br>4. 時間著重於英語學習','upload/country/5c1335ae89e86.jpeg',0,'2018-12-04 03:53:18','2018-12-14 04:46:38',NULL),(34,20,'商用英語課程 | Business English','商用英語課(Business English)，主要針對商務人士或年輕上班族所設置，著重於工作上或工作社交場合所需的英語溝通技能，根據工作場合可能面對的不同情境而設計的主題單元，讓學生具備在職場上必要的英語流利度、正確性和特定溝通技巧。課程主題包括商務字彙、商務英文作練習、合約協商、管理與人力資源、品牌與促銷策略、專案管理、企業預算、當地企業倫理與企業社會責任，同時學習簡報和面試準備等職場技能，以及增進「軟實力」，包括，提出建議、不同方案和化解衝突等。','upload/country/5c05fa6707165.jpeg',0,'2018-12-04 03:54:15','2018-12-04 03:54:15',NULL),(35,20,'上課時間','依照各學校別會有不同的課程規劃，商用英語課程一週平均上課時間落在4.3小時至5小時。上課時間多為早上八點半或九點開始上課；此外，許多學校皆有\"Double Banking\"的上課方式，會有上下午班交錯上課的課表，讓學生能充分利用課外時間，參加各式各樣的學校活動。','upload/country/5c1335cd79ec7.jpeg',0,'2018-12-04 03:54:53','2018-12-14 04:47:09',NULL),(36,20,'適合對象','1. 為未來職涯準備的年輕上班族<br>2. 增進英語更通的專業商務人士','upload/country/5c1335d719238.jpeg',0,'2018-12-04 03:55:20','2018-12-14 04:47:19',NULL),(37,21,'考試準備課程 | Test Preparation','考試準備英語課程(Test Preparation)，課程專門設計有考試需求的學生，如托福、雅思、多益及劍橋考試等除了加強整合性的聽、說、讀、寫的語言技巧外，更透過課堂中與老師實際的口說練習，加強發音技巧及對話內容並增加考試的自信心。針對每個不同的考試，課程內容包含了考試需要的大量單字練習以做題的速度與技巧，所以考試準備課程又被稱為考試技巧課程，建議學生在加入考試準備課程前，務必先將英文基礎實力扎實的加強。','upload/country/5c05fad8e38a4.jpeg',0,'2018-12-04 03:56:08','2018-12-04 03:56:08',NULL),(38,21,'上課時間','依照各學校別會有不同的課程規劃，考試準備課程一週平均上課時間落在4.3小時至5小時。上課時間多為早上八點半或九點開始上課；此外，許多學校皆有\"Double Banking\"的上課方式，會有上下午班交錯上課的課表，讓學生能充分利用課外時間，參加各式各樣的學校活動。','upload/country/5c1335e6a077b.jpeg',0,'2018-12-04 03:56:49','2018-12-14 04:47:34',NULL),(39,21,'適合對象','1. 有考試需求的學生<br>2. 計畫申請申請海外大學或碩士的學生','upload/country/5c1335eb9158c.jpeg',0,'2018-12-04 03:57:24','2018-12-14 04:47:39',NULL),(40,22,'英語+專長/興趣學習 | English Plus','英語+專長/興趣學習 (English Plus)，是一個適合已有一定英文程度的學生，擔心上語言課程會有些許乏味的海外充電課程。每個課程組合學習的項目不盡相同，一般來說，早上的課程主要是建立整合性的語言技巧，例如聽、說、讀、寫；下午則是針對不同專長/興趣所安排的課程，有些為學校提供的主題式英語課程，例如藝術設計英語、旅遊語飯店管理英語，有些則為學校與其他專門培訓機構所合開支課程，包括烹飪、舞蹈、電影製作、藝術設計、表演藝術等等。','upload/country/5c05fcb72c078.jpeg',0,'2018-12-04 04:04:07','2018-12-04 04:04:07',NULL),(41,22,'上課時間','依照各學校別會有不同的課程規劃，一週平均上課時間落在4.3小時至5小時。上課時間多為早上八點半或九點開始教授英語課程，下午課程則是依照學生選擇不同主題的專長與興趣課程。','upload/country/5c1335f9af9db.jpeg',0,'2018-12-04 04:04:42','2018-12-14 04:47:53',NULL),(42,22,'適合對象','1. 英語有中級以上程度的學生<br>2. 擔心英語課程會乏味的學生<br>3. 想培養興趣的學生','upload/country/5c1335ffaa016.jpeg',0,'2018-12-04 04:05:10','2018-12-14 04:47:59',NULL),(43,2,'12',NULL,NULL,NULL,'2018-12-04 13:23:32','2018-12-04 13:26:42','2018-12-04 13:26:42'),(44,23,'1','1','upload/country/5c0773b6ce298.jpeg',1,'2018-12-05 06:44:06','2018-12-05 06:44:28','2018-12-05 06:44:28'),(45,9,'商用英語課程 | Business English','商用英語課(Business English)，主要針對商務人士或年輕上班族所設置，著重於工作上或工作社交場合所需的英語溝通技能，根據工作場合可能面對的不同情境而設計的主題單元，讓學生具備在職場上必要的英語流利度、正確性和特定溝通技巧。課程主題包括商務字彙、商務英文作練習、合約協商、管理與人力資源、品牌與促銷策略、專案管理、企業預算、當地企業倫理與企業社會責任，同時學習簡報和面試準備等職場技能，以及增進「軟實力」，包括，提出建議、不同方案和化解衝突等。','upload/country/5c095f9647191.jpeg',0,'2018-12-05 10:03:19','2018-12-06 17:42:46',NULL),(46,9,'上課時間','依照各學校別會有不同的課程規劃，商用英語課程一週平均上課時間落在4.3小時至5小時。上課時間多為早上八點半或九點開始上課；此外，許多學校皆有\"Double Banking\"的上課方式，會有上下午班交錯上課的課表，讓學生能充分利用課外時間，參加各式各樣的學校活動。','upload/country/5c095f9f6ec6c.jpeg',0,'2018-12-05 10:03:46','2018-12-06 17:42:55',NULL),(47,9,'適合對象','1. 為未來職涯準備的年輕上班族<br>2. 增進英語更通的專業商務人士','upload/country/5c095fa60d29f.jpeg',0,'2018-12-05 10:05:02','2018-12-06 17:43:02',NULL),(48,10,'考試準備課程 | Test Preparation','考試準備英語課程(Test Preparation)，課程專門設計有考試需求的學生，如托福、雅思、多益及劍橋考試等除了加強整合性的聽、說、讀、寫的語言技巧外，更透過課堂中與老師實際的口說練習，加強發音技巧及對話內容並增加考試的自信心。針對每個不同的考試，課程內容包含了考試需要的大量單字練習以做題的速度與技巧，所以考試準備課程又被稱為考試技巧課程，建議學生在加入考試準備課程前，務必先將英文基礎實力扎實的加強。','upload/country/5c08d25a0166c.jpeg',0,'2018-12-05 10:07:47','2018-12-06 07:40:10',NULL),(49,10,'上課時間','依照各學校別會有不同的課程規劃，考試準備課程一週平均上課時間落在4.3小時至5小時。上課時間多為早上八點半或九點開始上課；此外，許多學校皆有\"Double Banking\"的上課方式，會有上下午班交錯上課的課表，讓學生能充分利用課外時間，參加各式各樣的學校活動。','upload/country/5c095fe81544e.jpeg',0,'2018-12-05 10:08:14','2018-12-06 17:44:08',NULL),(50,10,'適合對象','1. 有考試需求的學生<br>2. 計畫申請申請海外大學或碩士的學生','upload/country/5c095feec4e6a.jpeg',0,'2018-12-05 10:10:12','2018-12-06 17:44:14',NULL),(51,11,'英語+專長/興趣學習 | English Plus','英語+專長/興趣學習 (English Plus)，是一個適合已有一定英文程度的學生，擔心上語言課程會有些許乏味的海外充電課程。每個課程組合學習的項目不盡相同，一般來說，早上的課程主要是建立整合性的語言技巧，例如聽、說、讀、寫；下午則是針對不同專長/興趣所安排的課程，有些為學校提供的主題式英語課程，例如藝術設計英語、旅遊語飯店管理英語，有些則為學校與其他專門培訓機構所合開支課程，包括烹飪、舞蹈、電影製作、藝術設計、表演藝術等等。','upload/country/5c08d19a7a334.jpeg',0,'2018-12-05 10:10:54','2018-12-06 07:36:58',NULL),(52,11,'上課時間','依照各學校別會有不同的課程規劃，一週平均上課時間落在4.3小時至5小時。上課時間多為早上八點半或九點開始教授英語課程，下午課程則是依照學生選擇不同主題的專長與興趣課程。','upload/country/5c0960226bf63.jpeg',0,'2018-12-05 10:11:23','2018-12-06 17:45:06',NULL),(53,11,'適合對象','1. 英語有中級以上程度的學生<br>2. 擔心英語課程會乏味的學生<br>3. 想培養興趣的學生','upload/country/5c09602bb3707.jpeg',0,'2018-12-05 10:13:07','2018-12-06 17:45:15',NULL),(54,1,'上課時間','依照各學校別會有不同的課程規劃，一般英語課程一週平均上課時間落在3小時至4小時。上課時間多為早上八點半或九點開始上課；此外，許多學校皆有\"Double Banking\"的上課方式，會有上下午班交錯上課的課表，讓學生能充分利用課外時間，參加各式各樣的學校活動。','upload/country/5c08f5bd8a317.jpeg',0,'2018-12-06 10:11:09','2018-12-06 10:11:09',NULL),(55,1,'適合對象','1. 停留時間較短<br>2. 想體驗國外英語學習環境<br>3. 計畫一邊學習英語一邊旅遊、放鬆心情<br>4. 不確定是否可適應學校生活','upload/country/5c08f5e0f15f4.jpeg',0,'2018-12-06 10:11:44','2018-12-06 10:11:44',NULL),(56,4,'密集英語課程 | Intensive English','密集英語課程 (Intensive English)，著重於日常工作、社交及生活所需的英語溝通技能，課程主要由核心課程即選修課程組合而成，核心課程透過課程建立整合性的語言技巧，例如聽、說、讀、寫；透過課堂活動達到實際的英語會話練習、說話技巧、培養聽力技巧及改善文法的運用；選修課程為技巧加強課程，著重於個人興趣領域學習及英語弱點加強，選修課程包括美國文化、英語會話、字彙與片語、文法、聽力、創意寫作、電影研究、時事文化的探討、商業英文進修、考試準備課等等。','upload/country/5c08f610db4a0.jpeg',0,'2018-12-06 10:12:32','2018-12-06 10:12:32',NULL),(57,4,'上課時間','依照各學校別會有不同的課程規劃，密集英語課程一週平均上課時間落在4.3小時至5小時。上課時間多為早上八點半或九點開始上課；此外，許多學校皆有\"Double Banking\"的上課方式，會有上下午班交錯上課的課表，讓學生能充分利用課外時間，參加各式各樣的學校活動。','upload/country/5c08f630978d6.jpeg',0,'2018-12-06 10:13:04','2018-12-06 10:13:04',NULL),(58,4,'適合對象','1. 就讀課程時間較長<br>2. 短期內紮實並快速的學習英文技巧<br>3. 未來有留學計畫<br>4. 時間著重於英語學習','upload/country/5c08f64d3dcec.jpeg',0,'2018-12-06 10:13:33','2018-12-06 10:13:33',NULL),(59,5,'商用英語課程 | Business English','商用英語課(Business English)，主要針對商務人士或年輕上班族所設置，著重於工作上或工作社交場合所需的英語溝通技能，根據工作場合可能面對的不同情境而設計的主題單元，讓學生具備在職場上必要的英語流利度、正確性和特定溝通技巧。課程主題包括商務字彙、商務英文作練習、合約協商、管理與人力資源、品牌與促銷策略、專案管理、企業預算、當地企業倫理與企業社會責任，同時學習簡報和面試準備等職場技能，以及增進「軟實力」，包括，提出建議、不同方案和化解衝突等。','upload/country/5c08f67d470d7.jpeg',0,'2018-12-06 10:14:21','2018-12-06 10:14:21',NULL),(60,5,'上課時間','依照各學校別會有不同的課程規劃，商用英語課程一週平均上課時間落在4.3小時至5小時。上課時間多為早上八點半或九點開始上課；此外，許多學校皆有\"Double Banking\"的上課方式，會有上下午班交錯上課的課表，讓學生能充分利用課外時間，參加各式各樣的學校活動。','upload/country/5c08f69b1c92b.jpeg',0,'2018-12-06 10:14:51','2018-12-06 10:14:51',NULL),(61,5,'適合對象','1. 為未來職涯準備的年輕上班族<br>2. 增進英語更通的專業商務人士','upload/country/5c08f6bb1a59a.jpeg',0,'2018-12-06 10:15:23','2018-12-06 10:15:23',NULL),(62,6,'考試準備課程 | Test Preparation','考試準備英語課程(Test Preparation)，課程專門設計有考試需求的學生，如托福、雅思、多益及劍橋考試等除了加強整合性的聽、說、讀、寫的語言技巧外，更透過課堂中與老師實際的口說練習，加強發音技巧及對話內容並增加考試的自信心。針對每個不同的考試，課程內容包含了考試需要的大量單字練習以做題的速度與技巧，所以考試準備課程又被稱為考試技巧課程，建議學生在加入考試準備課程前，務必先將英文基礎實力扎實的加強。','upload/country/5c08f726038e0.jpeg',0,'2018-12-06 10:17:10','2018-12-06 10:17:10',NULL),(63,6,'上課時間','依照各學校別會有不同的課程規劃，考試準備課程一週平均上課時間落在4.3小時至5小時。上課時間多為早上八點半或九點開始上課；此外，許多學校皆有\"Double Banking\"的上課方式，會有上下午班交錯上課的課表，讓學生能充分利用課外時間，參加各式各樣的學校活動。','upload/country/5c08f7491e267.jpeg',0,'2018-12-06 10:17:45','2018-12-06 10:17:45',NULL),(64,6,'適合對象','1. 有考試需求的學生<br>2. 計畫申請申請海外大學或碩士的學生','upload/country/5c08f76454d94.jpeg',0,'2018-12-06 10:18:12','2018-12-06 10:18:12',NULL),(65,7,'英語+專長/興趣學習 | English Plus','英語+專長/興趣學習 (English Plus)，是一個適合已有一定英文程度的學生，擔心上語言課程會有些許乏味的海外充電課程。每個課程組合學習的項目不盡相同，一般來說，早上的課程主要是建立整合性的語言技巧，例如聽、說、讀、寫；下午則是針對不同專長/興趣所安排的課程，有些為學校提供的主題式英語課程，例如藝術設計英語、旅遊語飯店管理英語，有些則為學校與其他專門培訓機構所合開支課程，包括烹飪、舞蹈、電影製作、藝術設計、表演藝術等等。','upload/country/5c08f7c90f23c.jpeg',0,'2018-12-06 10:19:53','2018-12-06 10:19:53',NULL),(66,7,'上課時間','依照各學校別會有不同的課程規劃，一週平均上課時間落在4.3小時至5小時。上課時間多為早上八點半或九點開始教授英語課程，下午課程則是依照學生選擇不同主題的專長與興趣課程。','upload/country/5c08f7e68c645.jpeg',0,'2018-12-06 10:20:22','2018-12-06 10:20:22',NULL),(67,7,'適合對象','1. 英語有中級以上程度的學生<br>2. 擔心英語課程會乏味的學生<br>3. 想培養興趣的學生','upload/country/5c08f80a0d14a.jpeg',0,'2018-12-06 10:20:58','2018-12-06 10:20:58',NULL),(68,24,'證照與實習課程 | Certificate and Internship','美國職業研究中心指出，「在如今的就業市場，具備企業實習經歷是讓企業主願意閱讀你簡歷的必要條件。」加拿大的證照與實習課程有別於一般英語學習課程，目的在於提升學生的職場溝通的實務能力，通常實習為課程的一部分，透過實習的經驗達到了解加拿大職場環境、吸收來自各個國家、不同工作背景的經驗並透過實際的職場環境讓所學的英文及專業有運用的機會。','upload/country/5c08f858d0e83.jpeg',0,'2018-12-06 10:22:16','2018-12-06 10:22:16',NULL),(69,24,'課程內容','加拿大打工實習課程：課程為期26-48不等的證照課程，可依照學習目標選擇企業管理、飯店及旅遊管理、顧客服務等課程，於課程進行同時，可校外打工20小時。完成課程後，可從事26-48週不等，每週40小時的打工。','upload/country/5c0d10cb9a599.jpeg',0,'2018-12-06 10:24:01','2018-12-09 12:55:39',NULL),(70,24,NULL,'公立學院文憑課程+企業實習：為期8-9個月證照課程，於課程進行中，可於校外打工20小時。完成課程後依照就讀課程長度不同，可申請1-3年不等的有薪工作簽證。加拿大公立學院的研究生文憑 (Graduate Certificate)的課程目的在於提升專業實用性，學習在其產業工作所需的工作技能與其適性程度。','upload/country/5c0d10d3318c5.jpeg',0,'2018-12-06 10:24:36','2018-12-09 12:55:47',NULL),(71,25,'半斯巴達式英語課程 | Semi Sparta English','半斯巴達式課程包含最少4堂一對一和數堂一對四課程，一對一課程除了可依每位學生需求調整授課方式，還可和老師進行即時互動與回饋；一對四課程則可和不同國籍的學生，進行議題討論及交流，並提供多樣的團體選修，讓學生能針對較弱的領域做加強，包括英語朗讀、字彙與片語、文法、聽力、創意寫作、影集英文、時事文化探討等等，致力於培養學生聽、說、讀、寫全方位的英語能力','upload/country/5c09b820d97b4.jpeg',0,'2018-12-07 00:00:32','2018-12-24 04:45:23',NULL),(72,25,'上課時間','依各學校會有不同的課程規劃，半斯巴達課程多為8:00~18:00，平均每天授課時數為6至8小時，平日晚上可外出，在密集高壓的課程中也有自由時間可做安排。此外，許多學校會安排小考時間，讓學生能充份檢視自己的學習狀況，並能自由安排自習時間','upload/country/5c135cab968be.jpeg',0,'2018-12-07 00:01:00','2018-12-24 04:45:06',NULL),(73,25,'適合對象','1. 停留時間較短<br>2. 想自由安排自習時間<br>3. 計畫一邊學習英語一邊旅遊、放鬆心情<br>4. 不確定是否可適應斯巴達式的高壓教學方式','upload/country/5c135cb103646.jpeg',0,'2018-12-07 00:01:31','2018-12-24 04:23:53',NULL),(74,26,'斯巴達式英語課程 | Sparta English','斯巴達式英語課程課程包含最少4堂一對一和數堂一對四課程，一對一課程除了可依每位學生需求調整授課方式，還可和老師進行即時互動與回饋；一對四課程則可和不同國籍的學生，進行議題討論及交流，並提供多樣的團體選修，讓學生能針對較弱的領域做加強，包括英語朗讀、字彙與片語、文法、聽力、創意寫作、影集英文、時事文化探討等等，致力於培養學生聽、說、讀、寫全方位的英語能力，並有強制自習時間及早晚小考，全天在全英語的環境下學習，密集高壓的方式讓每位學生能在短期內感受到英語能力快速提升。','upload/country/5c09b88853661.jpeg',0,'2018-12-07 00:02:16','2018-12-24 05:53:25',NULL),(75,26,'上課時間','依各學校會有不同的課程規劃，斯巴達課程多為8:00~22:00，平均每天授課時數為8至10小時，許多學校會安排每天小考時間，讓學生能充份檢視自己的學習狀況，每天晚上需至指定教室自習，平日晚上不可外出，透過嚴格的管理和密集的課程快速提升學生英語能力','upload/country/5c135cbbc29e0.jpeg',0,'2018-12-07 00:02:42','2018-12-24 04:57:33',NULL),(76,26,'適合對象','1. 需紮穩英語基礎能力<br>2. 想在短期內迅速提升口說能力<br>3. 有特定學習目標需達成<br>4. 較無定性，希望有人安排學習計畫','upload/country/5c135cc252d86.jpeg',0,'2018-12-07 00:03:22','2018-12-24 05:56:28',NULL),(77,27,'商用英語課程 | Business English','商用英語課(Business English)，主要針對商務人士或年輕上班族所設置，著重於工作上或工作社交場合所需的英語溝通技能，根據工作場合可能面對的不同情境而設計的主題單元，讓學生具備在職場上必要的英語流利度、正確性和特定溝通技巧。課程主題包括商務字彙、商務英文作練習、合約協商、管理與人力資源、品牌與促銷策略、專案管理、企業預算、當地企業倫理與企業社會責任，同時學習簡報和面試準備等職場技能，以及增進「軟實力」，包括，提出建議、不同方案和化解衝突等。','upload/country/5c09b8f817f0b.jpeg',0,'2018-12-07 00:04:08','2018-12-07 00:04:08',NULL),(78,27,'上課時間','依各學校會有不同的課程規劃，商業英語課程多為8:00~18:00，平均每天授課時數為6至8小時，平日晚上可外出，在密集高壓的課程中也有自由時間可做安排。此外，許多學校會安排小考時間，讓學生能充份檢視自己的學習狀況，並能自由安排自習時間','upload/country/5c135cd0d8c36.jpeg',0,'2018-12-07 00:04:35','2018-12-24 06:53:46',NULL),(79,27,'適合對象','1. 為未來職涯準備的年輕上班族<br>2. 欲增進英語能力的專業商務人士','upload/country/5c135cd740920.jpeg',0,'2018-12-07 00:05:07','2018-12-24 06:54:18',NULL),(80,28,'考試準備課程 | Test Preparation','考試準備英語課程(Test Preparation)，課程專門設計有考試需求的學生，如托福、雅思、多益及劍橋考試等除了加強整合性的聽、說、讀、寫的語言技巧外，更透過課堂中與老師實際的口說練習，加強發音技巧及對話內容並增加考試的自信心。針對每個不同的考試，課程內容包含了考試需要的大量單字練習以做題的速度與技巧，所以考試準備課程又被稱為考試技巧課程，建議學生在加入考試準備課程前，務必先將英文基礎實力扎實的加強。','upload/country/5c09b958466ba.jpeg',0,'2018-12-07 00:05:44','2018-12-07 00:05:44',NULL),(81,28,'上課時間','依照各學校別會有不同的課程規劃，考試準備課程一週平均上課時間落在4.3小時至5小時。上課時間多為早上八點半或九點開始上課；此外，許多學校皆有\"Double Banking\"的上課方式，會有上下午班交錯上課的課表，讓學生能充分利用課外時間，參加各式各樣的學校活動。','upload/country/5c135cdd41474.jpeg',0,'2018-12-07 00:06:07','2018-12-14 07:33:49',NULL),(82,28,'適合對象','1. 有考試需求的學生<br>2. 計畫申請申請海外大學或碩士的學生','upload/country/5c135ce4df503.jpeg',0,'2018-12-07 00:06:28','2018-12-14 07:33:56',NULL),(83,29,NULL,NULL,'upload/country/5c09b9b7bf4d4.jpeg',0,'2018-12-07 00:07:19','2018-12-24 05:57:52',NULL),(84,29,'英語+專長/興趣學習 | English Plus','英語+專長/興趣學習 (English Plus)，是一個適合已有一定英文程度的學生，擔心上語言課程會有些許乏味的海外充電課程。每個課程組合學習的項目不盡相同，一般來說，早上的課程主要是建立整合性的語言技巧，例如聽、說、讀、寫；下午則是針對不同專長/興趣所安排的課程，有些為學校提供的主題式英語課程，例如藝術設計英語、旅遊語飯店管理英語，有些則為學校與其他專門培訓機構所合開支課程，包括烹飪、舞蹈、電影製作、藝術設計、表演藝術等等。','upload/country/5c09b9bb25a4e.jpeg',0,'2018-12-07 00:07:23','2018-12-07 00:07:48','2018-12-07 00:07:48'),(85,29,'上課時間','依照各學校別會有不同的課程規劃，一週平均上課時間落在4.3小時至5小時。上課時間多為早上八點半或九點開始教授英語課程，下午課程則是依照學生選擇不同主題的專長與興趣課程。','upload/country/5c135cecb4011.jpeg',0,'2018-12-07 00:08:28','2018-12-14 07:34:04',NULL),(86,29,'適合對象','1. 英語有中級以上程度的學生<br>2. 擔心英語課程會乏味的學生<br>3. 想培養興趣的學生','upload/country/5c135cf521546.jpeg',0,'2018-12-07 00:08:51','2018-12-14 07:34:13',NULL),(87,30,'一般英語課程 | General English','一般英語課程 (General English)，課程著重於日常工作、社交及生活所需的英語溝通技能，透過課程建立整合性的語言技巧，例如聽、說、讀、寫；透過課堂活動達到實際的英語會話練習、說話技巧、培養聽力技巧及改善文法的運用。','upload/country/5c09ec217c276.jpeg',1,'2018-12-07 03:42:25','2018-12-07 03:42:25',NULL),(88,30,'上課時間','依照各學校別會有不同的課程規劃，一般英語課程一週平均上課時間落在3小時至4小時。上課時間多為早上八點半或九點開始上課；此外，許多學校皆有\"Double Banking\"的上課方式，會有上下午班交錯上課的課表，讓學生能充分利用課外時間，參加各式各樣的學校活動。','upload/country/5c09ec40784e4.jpeg',1,'2018-12-07 03:42:56','2018-12-07 03:42:56',NULL),(89,30,'適合對象','1. 停留時間較短<br>2. 想體驗國外英語學習環境<br>3. 計畫一邊學習英語一邊旅遊、放鬆心情<br>4. 不確定是否可適應學校生活','upload/country/5c09ec66ba67d.jpeg',1,'2018-12-07 03:43:34','2018-12-07 03:43:34',NULL),(90,31,'密集英語課程 | Intensive English','密集英語課程 (Intensive English)，著重於日常工作、社交及生活所需的英語溝通技能，課程主要由核心課程即選修課程組合而成，核心課程透過課程建立整合性的語言技巧，例如聽、說、讀、寫；透過課堂活動達到實際的英語會話練習、說話技巧、培養聽力技巧及改善文法的運用；選修課程為技巧加強課程，著重於個人興趣領域學習及英語弱點加強，選修課程包括美國文化、英語會話、字彙與片語、文法、聽力、創意寫作、電影研究、時事文化的探討、商業英文進修、考試準備課等等。','upload/country/5c0a1d3f9ffe3.jpeg',1,'2018-12-07 07:11:59','2018-12-07 07:11:59',NULL),(91,31,'上課時間','依照各學校別會有不同的課程規劃，密集英語課程一週平均上課時間落在4.3小時至5小時。上課時間多為早上八點半或九點開始上課；此外，許多學校皆有\"Double Banking\"的上課方式，會有上下午班交錯上課的課表，讓學生能充分利用課外時間，參加各式各樣的學校活動。','upload/country/5c0a1d5c57846.jpeg',1,'2018-12-07 07:12:28','2018-12-07 07:12:28',NULL),(92,31,'適合對象','1. 就讀課程時間較長<br>2. 短期內紮實並快速的學習英文技巧<br>3. 未來有留學計畫<br>4. 時間著重於英語學習','upload/country/5c0a1dd072de4.jpeg',1,'2018-12-07 07:14:24','2018-12-07 07:14:24',NULL),(93,32,'商用英語課程 | Business English','商用英語課(Business English)，主要針對商務人士或年輕上班族所設置，著重於工作上或工作社交場合所需的英語溝通技能，根據工作場合可能面對的不同情境而設計的主題單元，讓學生具備在職場上必要的英語流利度、正確性和特定溝通技巧。課程主題包括商務字彙、商務英文作練習、合約協商、管理與人力資源、品牌與促銷策略、專案管理、企業預算、當地企業倫理與企業社會責任，同時學習簡報和面試準備等職場技能，以及增進「軟實力」，包括，提出建議、不同方案和化解衝突等。','upload/country/5c0a20749c18f.jpeg',1,'2018-12-07 07:25:40','2018-12-07 07:25:40',NULL),(94,32,'上課時間','依照各學校別會有不同的課程規劃，商用英語課程一週平均上課時間落在4.3小時至5小時。上課時間多為早上八點半或九點開始上課；此外，許多學校皆有\"Double Banking\"的上課方式，會有上下午班交錯上課的課表，讓學生能充分利用課外時間，參加各式各樣的學校活動。','upload/country/5c0a20949ba57.jpeg',1,'2018-12-07 07:26:12','2018-12-07 07:26:12',NULL),(95,32,'適合對象','1. 為未來職涯準備的年輕上班族<br>2. 增進英語更通的專業商務人士','upload/country/5c0a20b505c73.jpeg',1,'2018-12-07 07:26:45','2018-12-07 07:26:45',NULL),(96,33,'考試準備課程 | Test Preparation','考試準備英語課程(Test Preparation)，課程專門設計有考試需求的學生，如托福、雅思、多益及劍橋考試等除了加強整合性的聽、說、讀、寫的語言技巧外，更透過課堂中與老師實際的口說練習，加強發音技巧及對話內容並增加考試的自信心。針對每個不同的考試，課程內容包含了考試需要的大量單字練習以做題的速度與技巧，所以考試準備課程又被稱為考試技巧課程，建議學生在加入考試準備課程前，務必先將英文基礎實力扎實的加強。','upload/country/5c0a227210531.jpeg',1,'2018-12-07 07:34:10','2018-12-07 07:34:10',NULL),(97,33,'上課時間','依照各學校別會有不同的課程規劃，考試準備課程一週平均上課時間落在4.3小時至5小時。上課時間多為早上八點半或九點開始上課；此外，許多學校皆有\"Double Banking\"的上課方式，會有上下午班交錯上課的課表，讓學生能充分利用課外時間，參加各式各樣的學校活動。','upload/country/5c0a2290523c8.jpeg',1,'2018-12-07 07:34:40','2018-12-07 07:34:40',NULL),(98,33,'適合對象','1. 有考試需求的學生<br>2. 計畫申請申請海外大學或碩士的學生','upload/country/5c0a22b510342.jpeg',1,'2018-12-07 07:35:17','2018-12-07 07:35:17',NULL),(99,34,'英語+專長/興趣學習 | English Plus','英語+專長/興趣學習 (English Plus)，是一個適合已有一定英文程度的學生，擔心上語言課程會有些許乏味的海外充電課程。每個課程組合學習的項目不盡相同，一般來說，早上的課程主要是建立整合性的語言技巧，例如聽、說、讀、寫；下午則是針對不同專長/興趣所安排的課程，有些為學校提供的主題式英語課程，例如藝術設計英語、旅遊語飯店管理英語，有些則為學校與其他專門培訓機構所合開支課程，包括烹飪、舞蹈、電影製作、藝術設計、表演藝術等等。','upload/country/5c0a22ef13210.jpeg',1,'2018-12-07 07:36:15','2018-12-07 07:36:15',NULL),(100,34,'上課時間','依照各學校別會有不同的課程規劃，一週平均上課時間落在4.3小時至5小時。上課時間多為早上八點半或九點開始教授英語課程，下午課程則是依照學生選擇不同主題的專長與興趣課程。','upload/country/5c0a2313d56a5.jpeg',1,'2018-12-07 07:36:51','2018-12-07 07:36:51',NULL),(101,34,'適合對象','1. 英語有中級以上程度的學生<br>2. 擔心英語課程會乏味的學生<br>3. 想培養興趣的學生','upload/country/5c0a2332ea724.jpeg',1,'2018-12-07 07:37:22','2018-12-07 07:37:22',NULL),(102,35,'伯恩茅斯印象','字不應該這麼長\r\n字不應該這麼長\r\n字不應該這麼長\r\n字不應該這麼長\r\n字不應該這麼長','upload/country/5c0b525cb4601.jpeg',0,'2018-12-08 05:10:52','2018-12-08 05:10:52',NULL),(103,35,'University College London(UCL)校園生活專訪','字不應該這麼長\r\n字不應該這麼長\r\n字不應該這麼長\r\n字不應該這麼長','upload/country/5c0b526be251e.jpeg',0,'2018-12-08 05:11:07','2018-12-08 05:11:07',NULL),(104,36,'一般英語課程 | General English','一般英語課程 (General English)，課程著重於日常工作、社交及生活所需的英語溝通技能，透過課程建立整合性的語言技巧，例如聽、說、讀、寫；透過課堂活動達到實際的英語會話練習、說話技巧、培養聽力技巧及改善文法的運用。','upload/country/5c0ce3ea25ec7.jpeg',0,'2018-12-09 09:44:10','2018-12-09 09:44:10',NULL),(105,36,'上課時間','依照各學校別會有不同的課程規劃，一般英語課程一週平均上課時間落在3小時至4小時。上課時間多為早上八點半或九點開始上課；此外，許多學校皆有\"Double Banking\"的上課方式，會有上下午班交錯上課的課表，讓學生能充分利用課外時間，參加各式各樣的學校活動。','upload/country/5c0ce412cf1b0.jpeg',0,'2018-12-09 09:44:50','2018-12-09 09:44:50',NULL),(106,36,'適合對象','1. 停留時間較短<br>2. 想體驗國外英語學習環境<br>3. 計畫一邊學習英語一邊旅遊、放鬆心情<br>4. 不確定是否可適應學校生活','upload/country/5c0ce43556fe6.jpeg',0,'2018-12-09 09:45:25','2018-12-09 09:45:25',NULL),(107,37,'密集英語課程 | Intensive English','密集英語課程 (Intensive English)，著重於日常工作、社交及生活所需的英語溝通技能，課程主要由核心課程即選修課程組合而成，核心課程透過課程建立整合性的語言技巧，例如聽、說、讀、寫；透過課堂活動達到實際的英語會話練習、說話技巧、培養聽力技巧及改善文法的運用；選修課程為技巧加強課程，著重於個人興趣領域學習及英語弱點加強，選修課程包括美國文化、英語會話、字彙與片語、文法、聽力、創意寫作、電影研究、時事文化的探討、商業英文進修、考試準備課等等。','upload/country/5c0ce5a4ab3b1.jpeg',0,'2018-12-09 09:51:32','2018-12-09 09:51:32',NULL),(108,37,'上課時間','依照各學校別會有不同的課程規劃，密集英語課程一週平均上課時間落在4.3小時至5小時。上課時間多為早上八點半或九點開始上課；此外，許多學校皆有\"Double Banking\"的上課方式，會有上下午班交錯上課的課表，讓學生能充分利用課外時間，參加各式各樣的學校活動。','upload/country/5c0ce5cf12cdb.jpeg',0,'2018-12-09 09:52:15','2018-12-09 09:52:15',NULL),(109,37,'適合對象','1. 就讀課程時間較長<br>2. 短期內紮實並快速的學習英文技巧<br>3. 未來有留學計畫<br>4. 時間著重於英語學習','upload/country/5c0ce629b0af6.jpeg',0,'2018-12-09 09:53:45','2018-12-09 09:53:45',NULL),(110,38,'商用英語課程 | Business English','商用英語課(Business English)，主要針對商務人士或年輕上班族所設置，著重於工作上或工作社交場合所需的英語溝通技能，根據工作場合可能面對的不同情境而設計的主題單元，讓學生具備在職場上必要的英語流利度、正確性和特定溝通技巧。課程主題包括商務字彙、商務英文作練習、合約協商、管理與人力資源、品牌與促銷策略、專案管理、企業預算、當地企業倫理與企業社會責任，同時學習簡報和面試準備等職場技能，以及增進「軟實力」，包括，提出建議、不同方案和化解衝突等。','upload/country/5c0ceb1120869.jpeg',0,'2018-12-09 10:14:41','2018-12-09 10:14:41',NULL),(111,38,'上課時間','依照各學校別會有不同的課程規劃，商用英語課程一週平均上課時間落在4.3小時至5小時。上課時間多為早上八點半或九點開始上課；此外，許多學校皆有\"Double Banking\"的上課方式，會有上下午班交錯上課的課表，讓學生能充分利用課外時間，參加各式各樣的學校活動。','upload/country/5c0ceb374f7b0.jpeg',0,'2018-12-09 10:15:19','2018-12-09 10:15:19',NULL),(112,38,'適合對象','1. 為未來職涯準備的年輕上班族<br>2. 增進英語更通的專業商務人士','upload/country/5c0ceb58ce537.jpeg',0,'2018-12-09 10:15:52','2018-12-09 10:15:52',NULL),(113,39,'考試準備課程 | Test Preparation','考試準備英語課程(Test Preparation)，課程專門設計有考試需求的學生，如托福、雅思、多益及劍橋考試等除了加強整合性的聽、說、讀、寫的語言技巧外，更透過課堂中與老師實際的口說練習，加強發音技巧及對話內容並增加考試的自信心。針對每個不同的考試，課程內容包含了考試需要的大量單字練習以做題的速度與技巧，所以考試準備課程又被稱為考試技巧課程，建議學生在加入考試準備課程前，務必先將英文基礎實力扎實的加強。','upload/country/5c0cedb50aea7.jpeg',0,'2018-12-09 10:25:57','2018-12-09 10:25:57',NULL),(114,39,'上課時間','依照各學校別會有不同的課程規劃，考試準備課程一週平均上課時間落在4.3小時至5小時。上課時間多為早上八點半或九點開始上課；此外，許多學校皆有\"Double Banking\"的上課方式，會有上下午班交錯上課的課表，讓學生能充分利用課外時間，參加各式各樣的學校活動。','upload/country/5c0ceddc8b664.jpeg',0,'2018-12-09 10:26:36','2018-12-09 10:26:36',NULL),(115,39,'適合對象','1. 有考試需求的學生<br>2. 計畫申請申請海外大學或碩士的學生','upload/country/5c0cedffc51a8.jpeg',0,'2018-12-09 10:27:11','2018-12-09 10:27:11',NULL),(116,40,'英語+專長/興趣學習 | English Plus','英語+專長/興趣學習 (English Plus)，是一個適合已有一定英文程度的學生，擔心上語言課程會有些許乏味的海外充電課程。每個課程組合學習的項目不盡相同，一般來說，早上的課程主要是建立整合性的語言技巧，例如聽、說、讀、寫；下午則是針對不同專長/興趣所安排的課程，有些為學校提供的主題式英語課程，例如藝術設計英語、旅遊語飯店管理英語，有些則為學校與其他專門培訓機構所合開支課程，包括烹飪、舞蹈、電影製作、藝術設計、表演藝術等等。','upload/country/5c0cee3f2be38.jpeg',0,'2018-12-09 10:28:15','2018-12-09 10:28:15',NULL),(117,40,'上課時間','依照各學校別會有不同的課程規劃，一週平均上課時間落在4.3小時至5小時。上課時間多為早上八點半或九點開始教授英語課程，下午課程則是依照學生選擇不同主題的專長與興趣課程。','upload/country/5c0cee69a34da.jpeg',0,'2018-12-09 10:28:57','2018-12-09 10:28:57',NULL),(118,40,'適合對象','1. 英語有中級以上程度的學生<br>2. 擔心英語課程會乏味的學生<br>3. 想培養興趣的學生','upload/country/5c0cee8e03414.jpeg',0,'2018-12-09 10:29:34','2018-12-09 10:29:34',NULL),(119,41,'一般英語課程 | General English','一般英語課程 (General English)，課程著重於日常工作、社交及生活所需的英語溝通技能，透過課程建立整合性的語言技巧，例如聽、說、讀、寫；透過課堂活動達到實際的英語會話練習、說話技巧、培養聽力技巧及改善文法的運用。','upload/country/5c0d25a7826e0.jpeg',0,'2018-12-09 14:24:39','2018-12-09 14:24:39',NULL),(120,41,'上課時間','依照各學校別會有不同的課程規劃，一般英語課程一週平均上課時間落在3小時至4小時。上課時間多為早上八點半或九點開始上課；此外，許多學校皆有\"Double Banking\"的上課方式，會有上下午班交錯上課的課表，讓學生能充分利用課外時間，參加各式各樣的學校活動。','upload/country/5c0d25d00f5e5.jpeg',0,'2018-12-09 14:25:20','2018-12-09 14:25:20',NULL),(121,41,'適合對象','1. 停留時間較短<br>2. 想體驗國外英語學習環境<br>3. 計畫一邊學習英語一邊旅遊、放鬆心情<br>4. 不確定是否可適應學校生活','upload/country/5c0d25f1410d8.jpeg',0,'2018-12-09 14:25:53','2018-12-09 14:25:53',NULL),(122,42,'密集英語課程 | Intensive English','密集英語課程 (Intensive English)，著重於日常工作、社交及生活所需的英語溝通技能，課程主要由核心課程即選修課程組合而成，核心課程透過課程建立整合性的語言技巧，例如聽、說、讀、寫；透過課堂活動達到實際的英語會話練習、說話技巧、培養聽力技巧及改善文法的運用；選修課程為技巧加強課程，著重於個人興趣領域學習及英語弱點加強，選修課程包括美國文化、英語會話、字彙與片語、文法、聽力、創意寫作、電影研究、時事文化的探討、商業英文進修、考試準備課等等。','upload/country/5c0d270416920.jpeg',0,'2018-12-09 14:30:28','2018-12-09 14:30:28',NULL),(123,42,'上課時間','依照各學校別會有不同的課程規劃，密集英語課程一週平均上課時間落在4.3小時至5小時。上課時間多為早上八點半或九點開始上課；此外，許多學校皆有\"Double Banking\"的上課方式，會有上下午班交錯上課的課表，讓學生能充分利用課外時間，參加各式各樣的學校活動。','upload/country/5c0d273605a2a.jpeg',0,'2018-12-09 14:31:18','2018-12-09 14:31:18',NULL),(124,42,'適合對象','1. 就讀課程時間較長<br>2. 短期內紮實並快速的學習英文技巧<br>3. 未來有留學計畫<br>4. 時間著重於英語學習','upload/country/5c0d275822d11.jpeg',0,'2018-12-09 14:31:52','2018-12-09 14:31:52',NULL),(125,43,'商用英語課程 | Business English','商用英語課(Business English)，主要針對商務人士或年輕上班族所設置，著重於工作上或工作社交場合所需的英語溝通技能，根據工作場合可能面對的不同情境而設計的主題單元，讓學生具備在職場上必要的英語流利度、正確性和特定溝通技巧。課程主題包括商務字彙、商務英文作練習、合約協商、管理與人力資源、品牌與促銷策略、專案管理、企業預算、當地企業倫理與企業社會責任，同時學習簡報和面試準備等職場技能，以及增進「軟實力」，包括，提出建議、不同方案和化解衝突等。','upload/country/5c0d2789cbd56.jpeg',0,'2018-12-09 14:32:41','2018-12-09 14:32:41',NULL),(126,43,'上課時間','依照各學校別會有不同的課程規劃，商用英語課程一週平均上課時間落在4.3小時至5小時。上課時間多為早上八點半或九點開始上課；此外，許多學校皆有\"Double Banking\"的上課方式，會有上下午班交錯上課的課表，讓學生能充分利用課外時間，參加各式各樣的學校活動。','upload/country/5c0d27abaea23.jpeg',0,'2018-12-09 14:33:15','2018-12-09 14:33:15',NULL),(127,43,'適合對象','1. 為未來職涯準備的年輕上班族<br>2. 增進英語更通的專業商務人士','upload/country/5c0d27cab2659.jpeg',0,'2018-12-09 14:33:46','2018-12-09 14:33:46',NULL),(128,44,'考試準備課程 | Test Preparation','考試準備英語課程(Test Preparation)，課程專門設計有考試需求的學生，如托福、雅思、多益及劍橋考試等除了加強整合性的聽、說、讀、寫的語言技巧外，更透過課堂中與老師實際的口說練習，加強發音技巧及對話內容並增加考試的自信心。針對每個不同的考試，課程內容包含了考試需要的大量單字練習以做題的速度與技巧，所以考試準備課程又被稱為考試技巧課程，建議學生在加入考試準備課程前，務必先將英文基礎實力扎實的加強。','upload/country/5c0d27ff8a6dd.jpeg',0,'2018-12-09 14:34:39','2018-12-09 14:34:39',NULL),(129,44,'上課時間','依照各學校別會有不同的課程規劃，考試準備課程一週平均上課時間落在4.3小時至5小時。上課時間多為早上八點半或九點開始上課；此外，許多學校皆有\"Double Banking\"的上課方式，會有上下午班交錯上課的課表，讓學生能充分利用課外時間，參加各式各樣的學校活動。','upload/country/5c0d281d6f607.jpeg',0,'2018-12-09 14:35:09','2018-12-09 14:35:09',NULL),(130,44,'適合對象','1. 有考試需求的學生<br>2. 計畫申請申請海外大學或碩士的學生','upload/country/5c0d28446310f.jpeg',0,'2018-12-09 14:35:48','2018-12-09 14:35:48',NULL),(131,45,'英語+專長/興趣學習 | English Plus','英語+專長/興趣學習 (English Plus)，是一個適合已有一定英文程度的學生，擔心上語言課程會有些許乏味的海外充電課程。每個課程組合學習的項目不盡相同，一般來說，早上的課程主要是建立整合性的語言技巧，例如聽、說、讀、寫；下午則是針對不同專長/興趣所安排的課程，有些為學校提供的主題式英語課程，例如藝術設計英語、旅遊語飯店管理英語，有些則為學校與其他專門培訓機構所合開支課程，包括烹飪、舞蹈、電影製作、藝術設計、表演藝術等等。','upload/country/5c0d37ff401c3.jpeg',0,'2018-12-09 15:42:55','2018-12-09 15:42:55',NULL),(132,45,'上課時間','依照各學校別會有不同的課程規劃，一週平均上課時間落在4.3小時至5小時。上課時間多為早上八點半或九點開始教授英語課程，下午課程則是依照學生選擇不同主題的專長與興趣課程。','upload/country/5c0d382288aec.jpeg',0,'2018-12-09 15:43:30','2018-12-09 15:43:30',NULL),(133,45,'適合對象','1. 英語有中級以上程度的學生<br>2. 擔心英語課程會乏味的學生<br>3. 想培養興趣的學生','upload/country/5c0d384595674.jpeg',0,'2018-12-09 15:44:05','2018-12-09 15:44:05',NULL);

--
-- Table structure for table `language_course_type_tab`
--

CREATE TABLE `language_course_type_tab` (
  `id` int(10) unsigned NOT NULL AUTO_INCREMENT,
  `country_id` int(10) DEFAULT '0',
  `title` varchar(100) DEFAULT NULL,
  `sort` int(10) unsigned NOT NULL DEFAULT '0',
  `created_at` timestamp NULL DEFAULT NULL,
  `updated_at` timestamp NULL DEFAULT NULL,
  `deleted_at` timestamp NULL DEFAULT NULL,
  PRIMARY KEY (`id`)
) ENGINE=InnoDB AUTO_INCREMENT=46 DEFAULT CHARSET=utf8;

--
-- Dumping data for table `language_course_type_tab`
--

INSERT INTO `language_course_type_tab` VALUES (1,2,'一般英語課程',1,'2018-11-28 02:47:03','2018-12-09 12:50:22',NULL),(2,1,'一般英語課程',0,'2018-11-29 04:05:03','2018-11-29 04:05:03',NULL),(3,1,'密集英語課程',0,'2018-11-29 04:08:55','2018-12-06 07:39:27',NULL),(4,2,'密集英語課程',2,'2018-11-29 07:33:41','2018-11-29 07:33:41',NULL),(5,2,'商用英語課程',3,'2018-11-29 07:34:05','2018-11-29 07:34:05',NULL),(6,2,'考試英語課程',4,'2018-11-29 07:38:18','2018-11-29 07:38:18',NULL),(7,2,'英語+專長/興趣',5,'2018-11-29 07:38:39','2018-11-29 07:38:39',NULL),(8,1,'1',1,'2018-12-01 06:19:47','2018-12-01 06:37:54','2018-12-01 06:37:54'),(9,1,'商用英語課程',0,'2018-12-02 17:18:55','2018-12-02 17:18:55',NULL),(10,1,'考試準備課程',0,'2018-12-02 17:19:17','2018-12-02 17:19:17',NULL),(11,1,'英語+專長/興趣學習課程',0,'2018-12-02 17:19:32','2018-12-02 17:19:32',NULL),(12,3,'一般英語課程',0,'2018-12-04 02:10:22','2018-12-04 02:10:22',NULL),(13,3,'密集英語課程',0,'2018-12-04 02:14:26','2018-12-04 02:14:26',NULL),(14,3,'商用英語課程',0,'2018-12-04 02:14:44','2018-12-04 02:14:44',NULL),(15,3,'考試準備課程',0,'2018-12-04 02:15:03','2018-12-04 02:15:03',NULL),(16,3,'英語+專長/興趣學習課程',0,'2018-12-04 02:15:33','2018-12-04 02:15:33',NULL),(17,3,'證照與實習課程',0,'2018-12-04 02:15:50','2018-12-04 02:15:50',NULL),(18,4,'一般英語課',0,'2018-12-04 03:45:49','2018-12-04 03:45:49',NULL),(19,4,'密集英語課程',0,'2018-12-04 03:46:23','2018-12-04 03:46:23',NULL),(20,4,'商用英語課程',0,'2018-12-04 03:46:36','2018-12-04 03:46:36',NULL),(21,4,'考試準備課程',0,'2018-12-04 03:46:51','2018-12-04 03:46:51',NULL),(22,4,'英語+專長/興趣學習課程',0,'2018-12-04 03:47:10','2018-12-04 03:47:10',NULL),(23,1,'1',1,'2018-12-05 06:43:54','2018-12-05 06:44:33','2018-12-05 06:44:33'),(24,2,'證照與實習課程',6,'2018-12-06 10:21:44','2018-12-09 12:50:34',NULL),(25,5,'半斯巴達式課程',0,'2018-12-06 23:58:53','2018-12-24 04:13:00',NULL),(26,5,'斯巴達式課程',0,'2018-12-06 23:59:05','2018-12-24 04:12:52',NULL),(27,5,'商用英語課程',0,'2018-12-06 23:59:23','2018-12-06 23:59:23',NULL),(28,5,'考試準備課程',0,'2018-12-06 23:59:48','2018-12-06 23:59:48',NULL),(29,5,'親子英語學習課程',0,'2018-12-06 23:59:57','2018-12-24 05:58:23','2018-12-24 05:58:23'),(30,6,'一般英語課程',1,'2018-12-07 03:10:55','2018-12-07 03:11:15',NULL),(31,6,'密集英語課程',1,'2018-12-07 03:11:08','2018-12-07 03:11:08',NULL),(32,6,'商用英語課程',1,'2018-12-07 03:11:32','2018-12-07 03:11:32',NULL),(33,6,'考試準備課程',1,'2018-12-07 03:11:47','2018-12-07 03:11:47',NULL),(34,6,'英語+專長/興趣學習課程',1,'2018-12-07 03:12:04','2018-12-07 03:12:04',NULL),(35,1,'伯恩茅斯印象',0,'2018-12-08 05:10:34','2018-12-08 05:11:40','2018-12-08 05:11:40'),(36,7,'一般英語課程',0,'2018-12-09 09:30:52','2018-12-09 09:30:52',NULL),(37,7,'密集英語課程',0,'2018-12-09 09:31:13','2018-12-09 09:31:13',NULL),(38,7,'商用英語課程',0,'2018-12-09 09:42:41','2018-12-09 09:42:41',NULL),(39,7,'考試準備課程',0,'2018-12-09 09:42:55','2018-12-09 09:42:55',NULL),(40,7,'英語+專長/興趣學習課程',0,'2018-12-09 09:43:11','2018-12-09 09:43:11',NULL),(41,8,'一般英語課程',0,'2018-12-09 14:23:02','2018-12-09 14:23:02',NULL),(42,8,'密集英語課程',0,'2018-12-09 14:23:16','2018-12-09 14:23:16',NULL),(43,8,'商用英語課程',0,'2018-12-09 14:23:31','2018-12-09 14:23:31',NULL),(44,8,'考試準備課程',0,'2018-12-09 14:23:54','2018-12-09 14:23:54',NULL),(45,8,'英語+專長/興趣學習課程',0,'2018-12-09 14:24:02','2018-12-09 14:24:02',NULL);

--
-- Table structure for table `language_life`
--

CREATE TABLE `language_life` (
  `id` int(10) unsigned NOT NULL AUTO_INCREMENT,
  `country_id` tinyint(4) DEFAULT '0',
  `title` varchar(100) DEFAULT NULL,
  `description` varchar(500) DEFAULT NULL,
  `pic` varchar(100) DEFAULT NULL,
  `sort` int(10) unsigned NOT NULL DEFAULT '0',
  `created_at` timestamp NULL DEFAULT NULL,
  `updated_at` timestamp NULL DEFAULT NULL,
  `deleted_at` timestamp NULL DEFAULT NULL,
  PRIMARY KEY (`id`)
) ENGINE=InnoDB AUTO_INCREMENT=49 DEFAULT CHARSET=utf8;

--
-- Dumping data for table `language_life`
--

INSERT INTO `language_life` VALUES (1,2,'加拿大生活概要','加拿大素有「楓葉之國」的美譽，渥太華為該國首都。加拿大由於幅員遼闊且地形多樣，加拿大的氣候在不同地區會有明顯差別。冬季時多數地區會非常寒冷，尤其是在內陸和大平原地區，日間氣溫通常為攝氏零下15度(華氏零下5度)，內陸地區雪覆蓋可長達半年，在不列顛哥倫比亞省的海岸，例如溫哥華都是溫帶氣候，冬天氣溫維持在0度以上，東岸冬天則會掉到0度以下。','upload/country/5c0d0b4b466f2.jpeg',0,'2018-11-30 11:45:44','2018-12-09 12:32:11',NULL),(2,2,'面積','總面積達9,985,000 平方公里，為世界面積第2大，美洲第1大國家，僅次於俄羅斯，約為台灣的300倍大。南方及西北方與美國接壤，西鄰太平洋，東至大西洋，北濱北冰洋，東北方與丹麥領地格陵蘭相望，行政區劃分成十個省和三個領地，幅員十分遼闊，地廣人稀。','upload/country/5c0d0b52ddf7a.jpeg',0,'2018-11-30 11:45:45','2018-12-09 12:32:18',NULL),(3,2,'人口組成','加拿大人口達3700萬，為世界第23名，約80%的國民居住在離美國邊境不超於150公里的地方。加拿大最大的種族為「加拿大人」（不自稱祖籍，大多具有英/蘇/愛三島血統），占全國人口的32％，其次為英裔加拿大人21%，法裔加拿大人15.8%，蘇格蘭裔加拿大人15.1%，愛爾蘭裔加拿大人13.9%，華裔加拿大人4.3%，人口增長的主要因素為移民。','upload/country/5c0d0bb87e0c9.jpeg',0,'2018-11-30 11:45:46','2018-12-09 12:34:00',NULL),(4,1,'生活概要','英國全名大不列顛及北愛爾蘭聯合王國（The United Kingdom of Great Britain and Northern Ireland），簡稱「聯合王國」（UK），地理上由大不列顛島、愛爾蘭島東北部分及一系列較小島嶼組成，其中「大不列顛」是指不列顛島的三個國家英格蘭，蘇格蘭和威爾斯，隔北海、多佛爾海峽、英吉利海峽與歐洲大陸相望。英國屬海洋性溫帶闊葉林氣候，通常最高氣溫不超過32℃，最低氣溫不低于-10℃，每年2-3月最為乾燥，10月至翌年1月最為濕潤。','upload/country/5c0955975d5df.jpeg',0,'2018-12-05 07:03:45','2018-12-08 04:59:32',NULL),(5,1,'面積','總面積達94,060平方英里（243,600平方公里），為世界面積第80大，歐洲面積第11大的國家，約為台灣的6.8倍。英國位於歐洲大陸西北方，地理上由大不列顛島、愛爾蘭島東北部分及一系列較小島嶼組成，行政區劃分為英格蘭、威爾斯、蘇格蘭三個構成國和北愛爾蘭。','upload/country/5c09559e4c4c7.jpeg',0,'2018-12-05 07:03:58','2018-12-08 04:58:15',NULL),(6,1,'人口組成','英國人口達6513萬，為世界第23名，其中三分之一居住在英格蘭東南部（首都倫敦就有860萬）。以地區來分，其中英格蘭人占83.9%；蘇格蘭人占8.4%；其他還有威爾斯人占4.8%、北愛爾蘭人占2.9%，以民族來分，英裔約佔87.1%，亞裔約占6.9%，非裔約佔3%左右。','upload/country/5c0955a57d633.jpeg',0,'2018-12-06 04:33:36','2018-12-06 17:00:21',NULL),(7,1,'歷史','英國從史前時代到西元後4世紀為止受羅馬統治，經歷12世紀中的蘭卡斯特王朝、約克王朝、斯圖亞克王朝、一直到現在的伊麗莎白二世女王的溫莎王朝，英國王室存活至今。英國不僅為現代議會民主政治之母，也是發展出資本主義的工業革命發源地，無論是在經濟，還是政治層面上，都是世界舞台上的先驅。','upload/country/5c0955adb43b1.jpeg',0,'2018-12-06 04:34:54','2018-12-08 04:58:28',NULL),(8,1,'氣候','英國位於中緯度的大陸西岸，由於海洋性氣候影響，相較於同緯度地區較為溫暖，四季氣溫極少低於-11C°，高於35C°。西岸降雨偏多，而東岸相較之下較乾燥，基本上英國全年有雨，但3~6月降雨最少，9~1月降雨最多。英國相當潮濕，經常起霧，尤其倫敦每年的霧日長達90天，因此倫敦也素有「霧都」之稱。','upload/country/5c0955c236ebe.jpeg',0,'2018-12-06 04:35:42','2018-12-08 04:58:40',NULL),(9,1,'文化','曾被稱為「日不落帝國」的英國有著豐富且獨特文化底蘊，在經濟、藝術、教育、哲學等等不同的領域都居於首席之地位，英國人的精神象徵皇室文化，造就出莎士比亞的經典史詩劇作，以及世界通用語言、宗教與哲學思想皆源自於此，說是世界的文化中心也不為過。','upload/country/5c0955c8ec58f.jpeg',0,'2018-12-06 04:36:21','2018-12-08 04:58:45',NULL),(10,2,'歷史','加拿大在法國探險家們為了追逐財富，而大舉向新大陸邁進的17世紀初展開了它的近代史。英國人沿著哈德森灣海邊開築了貿易的據點，成為原殖民者法國的敵人，兩國展開戰爭。結果法軍不敵，北美大陸北部絕大部分都歸英國所屬。1867年7月1日，加拿大依據英屬北美法成為獨立國家，1982年4月17日頒布聯邦憲法，展現了作為一個主權國家應有的面貌。','upload/country/5c0d0bd0580d6.jpeg',0,'2018-12-06 09:29:31','2018-12-09 12:34:24',NULL),(11,2,'氣候','加拿大國土遼闊，橫跨多種氣候類型，從北緯70度的極地大陸氣候到BC省終年溫暖宜居的溫帶海洋性氣候，四季分明，夏季的白天氣溫可達35℃，冬天可下降至-25℃，西岸降雨偏多，全年氣溫變化不大，而東岸沒有暖流調節氣溫，相較之下全年氣溫變化大，夏天濕熱，冬天十分寒冷。','upload/country/5c0d0bda87450.jpeg',0,'2018-12-06 09:30:11','2018-12-09 12:34:34',NULL),(12,2,'文化','加拿大為移民國家，因此文化歷史廣受英國、法國以及鄰近的美國所影響，近年來亞裔移民持續增長，接納各國文化發展出屬於加拿大的獨特文化。親切友善的人民，整潔劃一的街道，以及保留原始自然樣貌的美麗景觀，使加拿大被選為世界最宜居的國家之一。','upload/country/5c0d0be676eca.jpeg',0,'2018-12-06 09:30:56','2018-12-09 12:34:46',NULL),(13,3,'美國生活概要','美利堅合眾國(英語：United States of America)，通稱美國，是由其下轄50個州、華盛頓哥倫比亞特區、五個自治領土及外島共同組成的聯邦共和國。北美大陸原為印地安人的安居之地，直到16世紀歐洲開始殖民北美，後來經歷美國獨立戰爭以及南北戰爭，美國終於成為一個獨立國家。美國文化屬於西方文化，在美國獨立前就早已發展出來，由於其被殖民的歷史，英國文化影響最劇，像是使用英語和英美法系等；美國文化也受到新移民和其周邊國家(如加拿大、墨西哥等)的影響，漸漸地發展出獨立而具特色的文化，並反映在音樂、文學、影視、運動及教育等領域上，美國也是全球最重要的教育樞紐，2018年進入QS世界大學前20名的大學就有10所，每年吸引不少莘莘學子慕名而來。','upload/country/5c0943d96a587.jpeg',0,'2018-12-06 15:44:25','2018-12-06 15:44:25',NULL),(14,3,'面積','總面積達937萬平方公里，為世界面積第3大，美洲面積第2大的國家。首都為華盛頓哥倫比亞特區，領土由美洲大陸的48個洲加上夏威夷州、阿拉斯加洲，一共50個洲和一個特別洲（D.C）組成，地理上位於北美洲中部，東臨大西洋，西臨太平洋，北面是加拿大，南部和墨西哥及墨西哥灣接壤。','upload/country/5c0943fed009a.jpeg',0,'2018-12-06 15:45:02','2018-12-06 15:45:02',NULL),(15,3,'人口組成','美國人口達3.2億，為世界第4名，其中白人占64%，拉美裔16%、非洲裔12%、亞裔5%等，來自世界各地移民非常多，也是已開發國家中唯一一個人口正成長的國家，從各地區來看，加利福尼亞州(California)是美國人口最多的州，為3720萬；懷俄明州(Wyoming)人口最少，只有56.4萬。','upload/country/5c09442985282.jpeg',0,'2018-12-06 15:45:45','2018-12-06 15:45:45',NULL),(16,3,'歷史','北美大陸原為印地安人的安居之地，直到1492年哥倫比亞發現新大陸，撼動了全球歷史。18世紀初，以英國為首的歐洲清教徒移居美洲，開始拓荒美洲大陸，後來經歷英法兩大歐洲強國對立的美國獨立戰爭，以及南北戰爭和奴隸的權益抗爭，美國終於成為一個獨立國家，正式名稱為美利堅合眾國(United States of America)','upload/country/5c09444835ff2.jpeg',0,'2018-12-06 15:46:16','2018-12-06 15:46:16',NULL),(17,3,'氣候','美國幅員遼闊，領土橫跨多個氣候帶，東部地區四季分明，春季和秋季短暫，而夏季和冬季漫長，降雪豐沛。西部地區緊鄰太平洋，氣候四季宜人，5～10月之間幾乎沒有降雨。南部地區夏天炎熱潮濕，豪雨和颱風頻繁，幾乎沒有冬天。內陸沙漠地區氣候變化萬千，日溫差非常大。','upload/country/5c09446e0fa99.jpeg',0,'2018-12-06 15:46:54','2018-12-06 15:46:54',NULL),(18,3,'文化','美國文化根植於英屬殖民地時期，後有來自世界各地的移民帶來自己的文化貢獻，融入隨著當地環境發展出獨立而極具特色的文化，並反映在音樂、文學、影視、運動及教育等領域上，美國是全球最重要的教育樞紐，2018年進入QS世界大學前20名的大學就有10所，每年吸引不少來自世界各地的留學生慕名前來升學。','upload/country/5c094493b11f1.jpeg',0,'2018-12-06 15:47:31','2018-12-06 15:47:31',NULL),(19,4,'澳洲生活概要','澳大利亞聯邦（英語：Commonwealth of Australia），通稱澳大利亞（Australia，縮寫為 AU、AUS），是全球面積第六大的國家。澳洲國土包括澳洲大陸，塔斯曼尼亞島及數個海外的島嶼，面積和美國本土相似，是世界上唯一一個國土覆蓋一洲之大陸的國家。<br>澳洲以大分水嶺(Great Dividing Range)為地形指標。季節氣候則正好和北半球相反，澳洲夏季在12月，冬季反而在6月。對觀光客來說，最佳旅遊時節無疑是在9、10月的春季。產袋鼠、無尾熊的澳洲，一直是旅遊市場的發燒星，但除此之外，充滿獨特的自然景觀、種類繁多的野生動物、饒富活力與時尚氣息的城市、古代原住民光彩奪目的文明遺跡、高度發展的旅遊設施、薈萃多元文化的各國美食、澳洲特產的葡萄佳釀，處處皆有動人魅力。','upload/country/5c095b13a81a6.jpeg',0,'2018-12-06 17:23:31','2018-12-06 17:23:31',NULL),(20,4,'面積','總面積達769萬平方公里，為世界面積第6大的國家。首都為坎培拉，領土劃分為6州和2領地，地理上位於南半球，隔海相望的東南近鄰是紐西蘭，西北是印尼，北邊是巴布亞紐幾內亞、西巴布亞及東帝汶。','upload/country/5c095b3507929.jpeg',0,'2018-12-06 17:24:05','2018-12-06 17:24:05',NULL),(21,4,'人口組成','澳洲人口有2500萬，人數與台灣非常相近，人口大多數為移民，其中37%的人自稱為澳大利亞人、英格蘭裔澳大利亞人的31%、愛爾蘭裔澳大利亞人9%、蘇格蘭裔澳大利亞人7%、義大利裔澳大利亞人4%、德裔澳大利亞人4%、華裔3%','upload/country/5c095b4e14a43.jpeg',0,'2018-12-06 17:24:30','2018-12-06 17:24:30',NULL),(22,4,'歷史','澳洲在五萬年前即有人類的蹤跡，源自於東南亞的移民便是澳洲原住民的祖先。17世紀後，歐洲人爲了尋找香料而陸續抵達東方，1788年，英國航海家亞瑟·菲利普率領首批移民定居雪梨，並且升起英國國旗，澳洲正式成為英國殖民，後來歷經100多年的努力，終於在1931年，澳洲取得內政外交的獨立自主權，成為獨立國家。','upload/country/5c095b68d16db.jpeg',0,'2018-12-06 17:24:56','2018-12-06 17:24:56',NULL),(23,4,'氣候','澳洲幅員遼闊，領土橫跨多個氣候帶，西部高原和內陸沙漠屬熱帶沙漠氣候，乾旱少雨；北部屬熱帶草原氣候，氣候全年濕熱，為全國多雨區；東部新英格蘭山地以南屬溫帶闊葉林氣候，氣候較涼爽。澳洲是全球最乾燥的，年平均降雨量不到600公厘，和所有位於南半球的國家一樣，有著與北半球相反的季節變化。','upload/country/5c095b83247cd.jpeg',0,'2018-12-06 17:25:23','2018-12-06 17:25:23',NULL),(24,4,'文化','澳洲目前的主流文化自1960年代崛起，由當地的原住民文化、白人文化以及移民文化融合而成，在藝術、文學、音樂及電影與世界主流接軌，並造就出屬於自己的澳大利亞文化。教育方面，高等教育世界聞名，有7所大學進入世界前100大，6所得到AACSB國際認證。澳洲每年吸引到世界各地學生前往留學，是全球重要的教育樞紐之一。','upload/country/5c095b9d7d8f2.jpeg',0,'2018-12-06 17:25:49','2018-12-06 17:25:49',NULL),(25,5,'菲律賓生活概要','<p>菲律賓共和國（英語：Republic of the Philippines），通稱菲律賓，是位於東南亞的一個群島國家，由7,641個島嶼組成，分別為呂宋島、維薩亞斯群島和民答那峨島三大島群，其國內人口約9,300萬，加上約1,100萬海外菲律賓人，2015年時總人口破億（世界第12名）。</p><p>菲律賓過去曾受西班牙統治長達300多年，19世紀末期，菲律賓經歷了對西班牙革命、美西戰爭及美菲戰爭之後，成為美國殖民地，於第二次世界大戰期間被日本佔領，並在戰後獨立。美國在當地留下了英文的主導地位以及對西方文化的認同。近年來菲律賓的經濟有所改善，海外打工移民陸續歸國，特別是北部各島嶼、馬尼拉的建設達到新興國家水平，並獲得了亞洲四小虎的稱號</p>','upload/country/5c09b5abcce4b.jpeg',0,'2018-12-06 23:50:03','2018-12-06 23:50:03',NULL),(26,5,'面積','總面積約30萬平方公里，約為台灣的十倍大，首都為馬尼拉，領土劃分為17個大區、76個省份，地理上北隔呂宋海峽與臺灣相望，兩國群島最近的距離為99公里，南隔西里伯斯海與印尼相望，西隔中國南海與越南相望，東邊則為菲律賓海。','upload/country/5c09b5cd1ca10.jpeg',0,'2018-12-06 23:50:37','2018-12-06 23:50:37',NULL),(27,5,'人口組成','菲律賓人口在2014年達1億人，主要95.5%以講南島語系語言的民族所構成，其他包括華人、印度人、阿拉伯人、與西班牙裔，摩洛人等，群島上的種族與文化為數眾多，史前的尼格利陀人可能是該地區最早的居民，隨後南島民族的遷徙帶來了馬來文化，隨著宗教與貿易交流，融入了印度文化、中華文化與伊斯蘭文化等。','upload/country/5c09b5eb708dc.jpeg',0,'2018-12-06 23:51:07','2018-12-06 23:51:07',NULL),(28,5,'歷史','1521年麥哲倫探險隊航海抵達此地，隨後西班牙人便展開長達300多年的統治。19世紀末期，菲律賓成為美國殖民地，英文因此普遍化，且對西方文化感到認同。二次大戰後獨立，近年來菲律賓經濟快速成長，海外移工陸續歸國，特別是首都馬尼拉的建設完善，榮獲了亞洲四小虎的稱號。','upload/country/5c09b6059ded1.jpeg',0,'2018-12-06 23:51:33','2018-12-06 23:51:33',NULL),(29,5,'氣候','菲律賓北部屬海洋性熱帶季風氣候，南部屬熱帶雨林氣候，全國各地普遍炎熱、潮濕，全年可分為三個季節，分別為3月至5月炎熱乾燥的熱季，6月至11月的雨季及12月至隔年2月的涼季。年平均溫度約落在攝氏25度左右，熱季平均溫度為26℃，涼季平均溫度為24℃，幾乎無年溫差。','upload/country/5c09b61e3efdf.jpeg',0,'2018-12-06 23:51:58','2018-12-06 23:51:58',NULL),(30,5,'文化','菲律賓因領土包含七千個島，在歷史上一直沒有「菲律賓文化」的定義，但經過數百年包括馬來西亞、印尼、西班牙、荷蘭、中國、美國等東西方文化的交匯，形成獨特的菲國文化，也因美國殖民歷史，英語成為當地的優勢，近年來有許多國際學生來此就讀語言學校。','upload/country/5c09b63f157cb.jpeg',0,'2018-12-06 23:52:31','2018-12-06 23:52:31',NULL),(31,6,'愛爾蘭生活概要','愛爾蘭（英語：Ireland），通稱愛爾蘭共和國（英語：Republic of Ireland），是一個西歐國家，歐盟成員國之一，位於歐洲大陸西北海岸外的愛爾蘭島，約占該島南部的5/6面積。剩餘東北部的1/6面積屬於英國，稱北愛爾蘭。首都位於愛爾蘭島東部的都柏林，總人口約423萬人。<p>由於愛爾蘭人海外移居者眾多，愛爾蘭文化在全球有一定影響力，一些節日如聖派翠克節、萬聖節和十二節在世界各地被慶祝，另外踢踏舞也是起源於愛爾蘭木屐舞 (Irish Clog Dance) 和所謂的愛爾蘭 Jig 類型的舞。真正把 Irish Dance 帶上世界舞台的是 『大河之舞』。看過表演的人，對其氣勢磅礡的場面一定印象深刻。大河之舞舞蹈以 Jig 舞蹈為主，敘述愛爾蘭先民篳路藍縷，胼手砥足，對抗外族的故事。</p>','upload/country/5c09d739cfd11.jpeg',0,'2018-12-07 02:13:13','2018-12-07 02:13:13',NULL),(32,6,'面積','總面積達7萬平方公里，約為台灣的兩倍大，首都為都柏林，領土劃分為31個郡級行政區，地理上鄰近英國，西臨大西洋，東北隔北海峽與蘇格蘭相望，東臨愛爾蘭海，東南隔聖喬治海峽與威爾斯相望，南臨凱爾特海。','upload/country/5c09d756bcf1f.jpeg',0,'2018-12-07 02:13:42','2018-12-07 02:13:42',NULL),(33,6,'人口組成','愛爾蘭人口約476萬，近年來因來自歐洲的移民而持續增長，其中98.7%的人口為世居的愛爾蘭民族（屬凱爾特人），只有極少數的英格蘭人、蘇格蘭人、猶太人等外來血統，整體出生率為歐盟所有國家之中最高，在歐洲僅次於冰島。','upload/country/5c09d770d3507.jpeg',0,'2018-12-07 02:14:08','2018-12-07 02:14:08',NULL),(34,6,'歷史','愛爾蘭原屬英國，但因1845年的愛爾蘭大饑荒，英國政府未能及時提供協助，讓許多愛爾蘭人對英國產生不滿。1919年以「愛爾蘭共和國」的名義發布了單方獨立宣言，當時雖沒有得到國際上的承認，但在愛爾蘭獨立戰爭後，英國同意給予愛爾蘭合法的自治權，並於1949年4月宣布廢除君主制，自動退出大英國協，正式獨立為共和國。','upload/country/5c09d78a9f33c.jpeg',0,'2018-12-07 02:14:34','2018-12-07 02:14:34',NULL),(35,6,'氣候','愛爾蘭屬溫帶海洋性氣候，在北大西洋暖流和墨西哥暖流的影響之下，相較其他高緯度國家氣候偏溫暖，年平均溫度約落在攝氏10度左右，夏天平均溫度為16℃，冬天平均溫度為7℃，冬暖夏涼，降水十分充沛。','upload/country/5c09d7a719916.jpeg',0,'2018-12-07 02:15:03','2018-12-07 02:15:03',NULL),(36,6,'文化','愛爾蘭文化發源自居住於愛爾蘭島的凱爾特人，但由於眾多愛爾蘭人移民海外，融入其他文化卻能保留傳統，是全球相當具影響力的文化之一，其中首都都柏林更被列於世界六大文學中心，搖滾樂及電影也世界聞名。教育體制方面與英國相同，大學研究所教育水準受到全球認可與推崇，是最受國際學生歡迎的國家之一。','upload/country/5c09d7c748ec5.jpeg',0,'2018-12-07 02:15:35','2018-12-07 02:15:35',NULL),(37,7,'紐西蘭生活概要','<p>紐西蘭（英語：New Zealand），又稱奧特亞羅瓦，是位於太平洋西南部的一個島嶼國家，首都為威靈頓，但最大的城市為奧克蘭都會區。紐西蘭主要由兩大島嶼組成，即北島和南島，兩島以庫克海峽分隔。</p><p>紐西蘭歷史並不長，但它的文化淵源非常精彩，從西方文化到本土的毛利文化，兩者融合便形成獨特的紐西蘭文化，毛利雖為少數民族，但其文化可以說是紐西蘭文化精隨，毛利人是天生的藝術家，尤其在音樂與舞蹈方面，自然而然流露出與眾不同的神韻。著名的哈卡舞(Haka)是毛利人伸長舌頭的戰舞，早期為了嚇阻敵人所展現的方式，紐西蘭國家隊目前在各國際賽事當中都會展現紐西蘭獨特的哈卡舞。</p>','upload/country/5c0cdf8ae52c5.jpeg',0,'2018-12-09 09:25:30','2018-12-09 09:25:30',NULL),(38,7,'面積','總面積約27萬平方公里，約為台灣的7.5倍大，首都為威靈頓，領土劃分為16個大區及1個領地，包含北島與南島。地理上隔塔斯曼海與澳洲相望，距離澳洲東海岸約1500公里，與南太平洋群島的新喀里多尼亞、東加和斐濟相近。','upload/country/5c0cdfb2d6a4e.jpeg',0,'2018-12-09 09:26:10','2018-12-09 09:26:10',NULL),(39,7,'人口組成','紐西蘭人口約為482萬人，主要由67.6%的歐洲裔，14.6%的紐西蘭原住民毛利人，其他主要族群還包括9.2%的亞裔和6.9%的太平洋南島語族人，紐西蘭移民因政策限制上原主要來自英國、愛爾蘭與澳洲，但近年來政策鬆綁，亞裔移民穩定增長中。','upload/country/5c0cdfcf8a6cf.jpeg',0,'2018-12-09 09:26:39','2018-12-09 09:26:39',NULL),(40,7,'歷史','紐西蘭的歷史可追溯至1769年，英國庫克船長先後三次到訪南太平洋仔細研究紐西蘭，並為其繪製地圖，1788年正式成為英國殖民地，1947年紐西蘭從英國獨立擁有政治外交自主權，成為正式的獨立國家。','upload/country/5c0cdfee3b9ee.jpeg',0,'2018-12-09 09:27:10','2018-12-09 09:27:10',NULL),(41,7,'氣候','紐西蘭位於南半球，季節與台灣相反，最北端屬於亞熱帶地區，其他地區多屬 溫帶海洋性氣候，整體氣候和暢，夏季凉爽乾燥，平均氣溫為20℃~25℃，冬季溫暖濕潤，平均氣溫為10℃~15℃。','upload/country/5c0ce00ac0606.jpeg',0,'2018-12-09 09:27:38','2018-12-09 09:27:38',NULL),(42,7,'文化','融合了歐洲各民族及毛利民族精神的紐西蘭，從初期的衝擊到後期的相互融匯，產出獨特而互相包容的紐西蘭文化，且紐西蘭政局穩定、治安良好、環境優美、國民知識及教育水準極高，又是以英語為主的國家，是最適合留遊學的國度之一。','upload/country/5c0ce026603e7.jpeg',0,'2018-12-09 09:28:06','2018-12-09 09:28:06',NULL),(43,8,'馬爾他生活概要','<p>馬爾他共和國，通稱馬爾他，是一個位於地中海中心的島國，國土面積316平方公里總人口數約45萬人，馬爾他有「地中海心臟」之稱，官方語言為馬爾他語和英語，也是大英國協和歐盟的成員國。</p><p>馬爾他經歷過不同文化背景的帝國統治，它的文化可以說是地中海多元文化相互接觸融合的產物，莊嚴的歷史文化古蹟穿梭在蔚藍清澈的港灣和田園鄉村景色之間，蘊藏了豐富的人文遺址，像是被稱為「太陽神廟」的「蒙娜亞德拉」神廟以及哈加琴姆、穆那德利亞、哈爾薩夫裏尼等遺。</p><p>馬爾他採用英式教育系統，在小學和中學授課時會同時使用馬爾他語及英語。最高學府馬爾他大學成立於1768年，並主要採用英語授課。</p>','upload/country/5c0d207d3bedd.jpeg',0,'2018-12-09 14:02:37','2018-12-09 14:02:37',NULL),(44,8,'面積','總面積約316平方公里，約為台灣的百分之一，首都為法勒他，全國由馬爾他島、哥佐島（Gozo）、科米諾島（Comino）、科米諾托和菲爾夫拉島五個小島組成，地理上位處地中海中央，北與義大利西西里島相望，南鄰非洲突尼西亞及利比亞。','upload/country/5c0d20a69d34b.jpeg',0,'2018-12-09 14:03:18','2018-12-09 14:03:18',NULL),(45,8,'人口組成','馬爾他人口約為41萬人，主要由90%的馬爾他人（迦太基與腓尼基人後裔）組成，其他為阿拉伯、義大利及英國裔，且馬爾他是世界上人口最稠密的國家之一，每平方公里約1250人（相當於台中市）。','upload/country/5c0d20cceea07.jpeg',0,'2018-12-09 14:03:56','2018-12-09 14:03:56',NULL),(46,8,'歷史','在西元前10至前8世紀，腓尼基人即於此地定居，其後馬爾他被希臘人占領，西元前218年始被古羅馬統治，1800年英國占領馬爾他，1964年宣布獨立，但仍為大英國協成員國。1974年正式成立馬爾他共和國，並於2004年加入歐盟。','upload/country/5c0d20eea70c7.jpeg',0,'2018-12-09 14:04:30','2018-12-09 14:04:30',NULL),(47,8,'氣候','馬爾他位於南歐地中海中央，屬亞熱帶地中海式氣候，夏季高溫乾燥，平均氣溫為26℃~30℃，冬季溫暖濕潤，平均氣溫為14℃~17℃，四季日照充足，是歐洲人最愛的渡假勝地之一。','upload/country/5c0d210c3578e.jpeg',0,'2018-12-09 14:05:00','2018-12-09 14:05:00',NULL),(48,8,'文化','馬爾他自古以來因其地理位置在通商貿易時的重要性，先後被多個國家殖民，因此數世紀以來各種文化在馬爾他島上相互接觸融合，形成獨特文化，教育採用英式教育系統，並以英文授課，地中海的度假氛圍加上正統英文教育吸引不少國際學生來此就讀。','upload/country/5c0d212dd5343.jpeg',0,'2018-12-09 14:05:33','2018-12-09 14:05:33',NULL);

--
-- Table structure for table `language_life_festival`
--

CREATE TABLE `language_life_festival` (
  `id` int(10) unsigned NOT NULL AUTO_INCREMENT,
  `country_id` tinyint(4) DEFAULT '0',
  `title` varchar(100) DEFAULT NULL,
  `description` varchar(500) DEFAULT NULL,
  `sort` int(10) unsigned NOT NULL DEFAULT '0',
  `created_at` timestamp NULL DEFAULT NULL,
  `updated_at` timestamp NULL DEFAULT NULL,
  `deleted_at` timestamp NULL DEFAULT NULL,
  PRIMARY KEY (`id`)
) ENGINE=InnoDB AUTO_INCREMENT=50 DEFAULT CHARSET=utf8;

--
-- Dumping data for table `language_life_festival`
--

INSERT INTO `language_life_festival` VALUES (1,2,'January','1月1日\r\nNew Year’s Day',1,'2018-11-30 11:47:50','2018-12-06 09:32:07',NULL),(2,2,'April','復活節前的星期五\r\nGood Friday\r\n\r\n復活節前的星期一\r\nEaster Monday',1,'2018-11-30 11:47:52','2018-12-06 09:32:59',NULL),(3,1,'January','1月1日\r\nNew Year’s Day',0,'2018-12-05 07:08:04','2018-12-06 04:49:33',NULL),(4,1,'April','復活節前的星期五\r\nGood Friday\r\n\r\n復活節前的星期一\r\nEaster Monday',1,'2018-12-05 07:08:57','2018-12-06 04:52:09',NULL),(5,1,'May','5月第一個星期一\r\nMay Day Holiday\r\n\r\n5月最後一個星期一\r\nSpring Bank Holiday',0,'2018-12-05 07:58:45','2018-12-06 04:55:15',NULL),(6,1,'August','8月最後一個星期一\r\nSummer Bank Holiday',0,'2018-12-06 04:56:14','2018-12-06 04:56:14',NULL),(7,2,'July','7月1日\r\nCanada Day',0,'2018-12-06 09:34:36','2018-12-06 09:34:36',NULL),(8,2,'August','8月第一個禮拜一\r\nCivic Holiday',0,'2018-12-06 09:35:14','2018-12-06 09:35:14',NULL),(9,2,'September','9月第一個星期一\r\nLabor Day',0,'2018-12-06 09:35:45','2018-12-06 09:35:45',NULL),(10,2,'October','10月第二個星期一\r\nThanksgiving Day',0,'2018-12-06 09:36:13','2018-12-06 09:36:13',NULL),(11,2,'November','11月11日\r\nRemembrance Day',0,'2018-12-06 09:36:39','2018-12-06 09:36:39',NULL),(12,2,'December','12月25日\r\nChristmas Day',0,'2018-12-06 09:37:05','2018-12-06 09:37:05',NULL),(13,3,'January','1月1日\r\nNew Year’s Day\r\n\r\n1月第三個星期一\r\nMartin Luther King Day',0,'2018-12-06 15:48:13','2018-12-06 15:48:48',NULL),(14,3,'February','2月第三個星期一\r\nPresident Day',0,'2018-12-06 15:49:16','2018-12-06 15:49:16',NULL),(15,3,'May','5月最後一個星期一\r\nMemorial Day',0,'2018-12-06 15:49:46','2018-12-06 15:49:46',NULL),(16,3,'July','7月4日\r\nIndependent Day',0,'2018-12-06 15:50:19','2018-12-06 15:50:19',NULL),(17,3,'September','9月第一個星期一\r\nLabor Day',0,'2018-12-06 15:50:51','2018-12-06 15:50:51',NULL),(18,3,'October','10月第二個星期一\r\nColumbus Day',0,'2018-12-06 15:51:17','2018-12-06 15:51:17',NULL),(19,3,'November','11月11日\r\nVeterans Day\r\n\r\n11月第四個星期四\r\nThanksgiving Day',0,'2018-12-06 15:52:26','2018-12-06 15:52:26',NULL),(20,3,'December','12月25日\r\nChristmas Day',0,'2018-12-06 15:52:56','2018-12-06 15:52:56',NULL),(21,4,'January','1月1日\r\nNew Year’s Day\r\n\r\n1月26日\r\nAustralia Day',0,'2018-12-06 17:26:45','2018-12-06 17:26:45',NULL),(22,4,'March','3月的第一個禮拜六\r\nMardi Gras Parade',0,'2018-12-06 17:27:12','2018-12-06 17:27:12',NULL),(23,4,'April','復活節前的禮拜五\r\nGood Friday\r\n\r\n復活節後的禮拜一\r\nEaster Monday\r\n\r\n4月25日\r\nANZAC Day',0,'2018-12-06 17:28:09','2018-12-06 17:28:09',NULL),(24,4,'June','6月的第二個禮拜一\r\nQueen’s Birthday',0,'2018-12-06 17:28:35','2018-12-06 17:28:35',NULL),(25,4,'November','11月的第一個禮拜二\r\nMelbourne Cup',0,'2018-12-06 17:28:57','2018-12-06 17:28:57',NULL),(26,4,'December','12月25日\r\nChristmas Day\r\n\r\n12月26日\r\nBoxing Day',0,'2018-12-06 17:29:34','2018-12-06 17:29:34',NULL),(27,5,'January','1月1日\r\nNew Year’s Day\r\n\r\n農曆1月1日\r\nChinese New Year',0,'2018-12-06 23:53:33','2018-12-06 23:53:33',NULL),(28,5,'February','2月25日\r\nPeople Power Revolution',0,'2018-12-06 23:54:11','2018-12-06 23:54:11',NULL),(29,5,'April','4月9日\r\nThe Day of Valor',0,'2018-12-06 23:54:42','2018-12-06 23:54:42',NULL),(30,5,'May','5月1日\r\nLabor Day',0,'2018-12-06 23:55:08','2018-12-06 23:55:08',NULL),(31,5,'June','6月12日\r\nIndependence Day\r\n\r\n6月15日\r\nEid’l Fitr\r\n\r\n6月24日\r\nManila Day',0,'2018-12-06 23:56:16','2018-12-06 23:56:16',NULL),(32,5,'August','8月22日\r\nEidul Adha\r\n\r\n8月27日\r\nNational Heroes Day',0,'2018-12-06 23:57:03','2018-12-06 23:57:03',NULL),(33,5,'November','11月1日\r\nAll Saints Day',0,'2018-12-06 23:57:44','2018-12-06 23:57:44',NULL),(34,5,'December','12月25日\r\nChristmas Day',0,'2018-12-06 23:58:15','2018-12-06 23:58:15',NULL),(35,6,'March','3月17日\r\nSt. Patrick’s Day',1,'2018-12-07 02:16:12','2018-12-07 02:16:12',NULL),(36,6,'May','5月第一個星期一\r\nMay Holiday',1,'2018-12-07 02:16:36','2018-12-07 02:16:36',NULL),(37,6,'June','6月第一個星期一\r\nJune Holiday',1,'2018-12-07 02:16:56','2018-12-07 02:16:56',NULL),(38,6,'August','8月第一個星期一\r\nAugust Holiday',1,'2018-12-07 02:17:18','2018-12-07 02:17:18',NULL),(39,6,'October','10月最後一個週一\r\nOctober Holiday',1,'2018-12-07 02:17:40','2018-12-07 02:17:40',NULL),(40,1,'111','111',0,'2018-12-08 04:59:52','2018-12-08 05:00:07','2018-12-08 05:00:07'),(41,7,'January','1月\r\nWorld Buskers Festival',0,'2018-12-09 09:28:49','2018-12-09 09:28:49',NULL),(42,7,'February','2月6日\r\nWaitangi Day',0,'2018-12-09 09:29:21','2018-12-09 09:29:21',NULL),(43,7,'June','6月~7月之間\r\nMatariki Festival',0,'2018-12-09 09:29:49','2018-12-09 09:29:49',NULL),(44,7,'October','10月第四個禮拜天\r\nLabour Day',0,'2018-12-09 09:30:24','2018-12-09 09:30:24',NULL),(45,8,'January','1月1日\r\nNew Year\'s Day',0,'2018-12-09 14:06:23','2018-12-09 14:06:23',NULL),(46,8,'March','3月最後一個禮拜天\r\nGood Friday\r\n\r\n3月31日\r\nFreedom Day',0,'2018-12-09 14:07:01','2018-12-09 14:07:01',NULL),(47,8,'April','復活節前的星期日\r\nEaster Sunday',0,'2018-12-09 14:07:51','2018-12-09 14:07:51',NULL),(48,8,'September','9月21日\r\nIndependence Day',0,'2018-12-09 14:08:24','2018-12-09 14:08:24',NULL),(49,8,'December','12月25日\r\nChristmas Day\r\n\r\n12月26日\r\nBoxing Day',0,'2018-12-09 14:09:07','2018-12-09 14:09:07',NULL);

--
-- Table structure for table `language_promotion_school`
--

CREATE TABLE `language_promotion_school` (
  `id` int(10) unsigned NOT NULL AUTO_INCREMENT,
  `country_id` int(10) DEFAULT '0',
  `title` varchar(100) DEFAULT NULL,
  `description` varchar(2000) DEFAULT NULL,
  `pic` varchar(100) DEFAULT NULL,
  `meta_title` varchar(500) DEFAULT NULL,
  `meta_description` varchar(2000) DEFAULT NULL,
  `meta_keyword` varchar(500) DEFAULT NULL,
  `sort` int(10) unsigned NOT NULL DEFAULT '0',
  `created_at` timestamp NULL DEFAULT NULL,
  `updated_at` timestamp NULL DEFAULT NULL,
  `deleted_at` timestamp NULL DEFAULT NULL,
  PRIMARY KEY (`id`)
) ENGINE=InnoDB AUTO_INCREMENT=6 DEFAULT CHARSET=utf8;

--
-- Dumping data for table `language_promotion_school`
--

INSERT INTO `language_promotion_school` VALUES (1,2,'1','2',NULL,NULL,NULL,NULL,3,'2018-11-28 08:05:31','2018-11-28 08:05:31',NULL),(2,1,'111','111',NULL,NULL,NULL,NULL,1,'2018-12-03 10:33:01','2018-12-05 06:23:52','2018-12-05 06:23:52'),(3,1,'(test) Kings Education, Bournemouth 暑期獎學金','(test) 英國大學教育擁有數百年歷史，結合優良傳統及現代多元文化，以卓越研究和學術品質享譽全球，學歷在全世界均受認可及尊重。','upload/country/5c076f0137407.jpeg',NULL,NULL,NULL,1,'2018-12-05 06:24:01','2018-12-06 23:00:27',NULL),(4,1,'q','q',NULL,NULL,NULL,NULL,1,'2018-12-05 06:25:32','2018-12-05 06:25:36','2018-12-05 06:25:36'),(5,1,'(test)  University College London(UCL)校園生活專訪','(test)  University College London(UCL)校園生活專訪University College London(UCL)校園生活專訪(test)  University College London(UCL)校園生活專訪','upload/country/5c0b4df725520.jpeg',NULL,NULL,NULL,0,'2018-12-08 04:52:07','2018-12-08 04:52:07',NULL);

--
-- Table structure for table `language_promotion_school_office`
--

CREATE TABLE `language_promotion_school_office` (
  `lpso_id` int(10) unsigned NOT NULL AUTO_INCREMENT,
  `lpst_id` int(10) DEFAULT '0',
  `title` varchar(200) DEFAULT NULL,
  `description` varchar(2000) DEFAULT NULL,
  `url` varchar(255) DEFAULT NULL,
  `sort` int(10) unsigned NOT NULL DEFAULT '0',
  `created_at` timestamp NULL DEFAULT NULL,
  `updated_at` timestamp NULL DEFAULT NULL,
  `deleted_at` timestamp NULL DEFAULT NULL,
  PRIMARY KEY (`lpso_id`)
) ENGINE=InnoDB AUTO_INCREMENT=11 DEFAULT CHARSET=utf8;

--
-- Dumping data for table `language_promotion_school_office`
--

INSERT INTO `language_promotion_school_office` VALUES (1,1,'1','2','3',4,'2018-11-28 08:08:07','2018-11-28 08:08:07',NULL),(2,1,'2','2','2',2,'2018-11-28 08:08:16','2018-11-28 08:08:16',NULL),(3,3,'111','111','https://sanbox.edmtw.com/about',1,'2018-12-05 06:21:55','2018-12-05 06:21:55',NULL),(4,4,'111','1111','111',1,'2018-12-05 06:24:20','2018-12-05 09:17:52','2018-12-05 09:17:52'),(5,4,'(test) edm 留遊學','(test) edm 留遊學\r\n(test)永遠把學生需求擺在第一位的 ed:m\r\ned:m掌握每位學生的學習需求並鼓勵其不斷追尋自己的夢想，立志於透過豐富的諮詢服務經驗，提供提供整合性的客製化諮詢及學生服務','https://www.edmtw.com/',0,'2018-12-05 06:27:54','2018-12-08 04:50:53',NULL),(6,4,'111','111\r\n1111\r\n1111','1',1,'2018-12-05 06:28:11','2018-12-05 17:00:13','2018-12-05 17:00:13'),(7,4,'test) 英國大學教育','test 根據2016年的統計，目前英國共有163所公立高等教育院校。2016年QS世界大學排名 (QS World University Rankings)，共有10所英國大學進入世界前50名；18所英國大學進入世界前100名；30所英國大學進入世界前200。英國大學教育擁有數百年歷史，結合優良傳統及現代多元文化，以卓越研究和學術品質享譽全球，學歷在全世界均受認可及尊重。根據2016年的統計，目前英國共有163所公立高等教育院校。2016年QS世界大學排名 (QS World','https://www.edmtw.com/',0,'2018-12-08 04:51:11','2018-12-08 04:51:11',NULL),(8,6,'test 伯恩茅斯印象','test 英國大學教育擁有數百年歷史，結合優良傳統及現代多元文化，以卓越研究和學術品質享譽全球，學歷在全世界均受認可及尊重。','https://www.edmtw.com/',0,'2018-12-08 04:54:04','2018-12-08 04:54:04',NULL),(9,6,'test 英國大學','test 英國大學教育擁有數百年歷史，結合優良傳統及現代多元文化，以卓越研究和學術品質享譽全球，學歷在全世界均受認可及尊重。','https://www.edmtw.com/',0,'2018-12-08 04:54:14','2018-12-08 04:54:14',NULL),(10,7,'1','111',NULL,1,'2018-12-12 14:36:29','2018-12-12 14:36:29',NULL);

--
-- Table structure for table `language_promotion_school_tab`
--

CREATE TABLE `language_promotion_school_tab` (
  `lpst_id` int(10) unsigned NOT NULL AUTO_INCREMENT,
  `id` int(10) DEFAULT '0',
  `title` varchar(100) DEFAULT NULL,
  `date` varchar(100) DEFAULT NULL,
  `description` varchar(2000) DEFAULT NULL,
  `sort` int(10) unsigned NOT NULL DEFAULT '0',
  `created_at` timestamp NULL DEFAULT NULL,
  `updated_at` timestamp NULL DEFAULT NULL,
  `deleted_at` timestamp NULL DEFAULT NULL,
  PRIMARY KEY (`lpst_id`)
) ENGINE=InnoDB AUTO_INCREMENT=8 DEFAULT CHARSET=utf8;

--
-- Dumping data for table `language_promotion_school_tab`
--

INSERT INTO `language_promotion_school_tab` VALUES (1,1,'1','2018-01-01','1',1,'2018-11-28 08:05:49','2018-11-28 08:05:49',NULL),(2,1,'12','2018-01-01','1',1,'2018-11-28 08:05:51','2018-11-28 08:05:51',NULL),(3,2,'1111','2018-11-12','1111',1,'2018-12-05 06:21:18','2018-12-05 06:21:18',NULL),(4,3,'方案一','2018-11-10','(test) 英國大學教育擁有數百年歷史，結合優良傳統及現代多元文化，以卓越研究和學術品質享譽全球，學歷在全世界均受認可及尊重。根據2016年的統計，目前英國共有163所公立高等教育院校。2016年QS世界大學排名 (QS World University Rankings)，共有10所英國大學進入世界前50名；18所英國大學進入世界前100名；30所英國大學進入世界前200。英國大學教育擁有數百年歷史，結合優良傳統及現代多元文化，以卓越研究和學術品質享譽全球，學歷在全世界均受認可及尊重。根據2016年的統計，目前英國共有163所公立高等教育院校。2016年QS世界大學排名 (QS World University Rankings)，共有10所英國大學進入世界前50名；18所英國大學進入世界前100名；30所英國大學進入世界前200。',0,'2018-12-05 06:24:11','2018-12-08 05:15:25',NULL),(5,3,'方案二','2018-12-19','test 002 \r\n 根據2016年的統計，目前英國共有163所公立高等教育院校。2016年QS世界大學排名 (QS World University Rankings)，共有10所英國大學進入世界前50名；18所英國大學進入世界前100名；30所英國大學進入世界前200。英國大學教育擁有數百年歷史，結合優良傳統及現代多元文化，以卓越研究和學術品質享譽全球，學歷在全世界均受認可及尊重。根據2016年的統計，目前英國共有163所公立高等教育院校。2016年QS世界大學排名 (QS World',0,'2018-12-08 04:50:27','2018-12-08 04:50:27',NULL),(6,5,'test 1','2018-12-19','test (test) University College London(UCL)校園生活專訪University College London(UCL)校園生活專訪(test) University College London(UCL)校園生活專訪(test) University College London(UCL)校園生活專訪University College London(UCL)校園生活專訪(test) University College London(UCL)校園生活專訪(test) University College London(UCL)校園生活專訪University College London(UCL)校園生活專訪(test) University College London(UCL)校園生活專訪',0,'2018-12-08 04:52:46','2018-12-08 04:53:08',NULL),(7,5,'test 2',NULL,'test 2 (test) 英國大學教育擁有數百年歷史，結合優良傳統及現代多元文化，以卓越研究和學術品質享譽全球，學歷在全世界均受認可及尊重。',0,'2018-12-08 04:53:37','2018-12-08 04:53:37',NULL);

--
-- Table structure for table `language_recommand_course`
--

CREATE TABLE `language_recommand_course` (
  `lrc_id` int(10) unsigned NOT NULL AUTO_INCREMENT,
  `id` int(10) DEFAULT '0',
  `title` varchar(100) DEFAULT NULL,
  `description` varchar(2000) DEFAULT NULL,
  `pic` varchar(100) DEFAULT NULL,
  `sort` int(10) DEFAULT '0',
  `created_at` timestamp NULL DEFAULT NULL,
  `updated_at` timestamp NULL DEFAULT NULL,
  `deleted_at` timestamp NULL DEFAULT NULL,
  PRIMARY KEY (`lrc_id`)
) ENGINE=InnoDB AUTO_INCREMENT=122 DEFAULT CHARSET=utf8;

--
-- Dumping data for table `language_recommand_course`
--

INSERT INTO `language_recommand_course` VALUES (1,1,'美國 | 紐約-各種思想互相激盪的大都會夢','紐約是個融匯世界文化的大都會，白天到夜晚都生氣蓬勃、充滿活力，推薦給怕無聊、喜歡活躍都市氣氛的學生。<p>費用預算-4週<br>學費：3.8萬-5.2萬<br>住宿費：4.8萬-5.5萬<br>生活費：1.8萬-2.5萬<br>總計：10.4萬-13.2萬</p><p>推薦學校<br>EC English Language Centres, New York<br>全世界連鎖，有效率而完善的學生管理系統<br>．General English (20堂) <br>．Intensive English (30堂) </p>','upload/country/5c08f96bc3918.jpeg',0,'2018-11-28 07:39:17','2018-12-09 12:56:48',NULL),(2,3,'倫敦遊學分區推薦','遊學城市人氣大搜查<br>倫敦中的倫敦，zone是什麼呢？<br>-倫敦分區推薦學校','upload/country/5c00d52379685.jpeg',0,'2018-11-30 06:13:55','2018-11-30 06:13:55',NULL),(3,3,'遊學城市人氣大搜查','英國遊學的學生中，有多少人偏好倫敦呢?<br>以1200名來edm諮詢過的學生為例，過半數的學生選擇倫敦作為目的地，共有68.7%','upload/country/5c11a88dde248.jpeg',0,'2018-11-30 06:15:20','2018-12-13 00:32:13',NULL),(4,3,'倫敦中的倫敦，zone是什麼呢？','倫敦以市中心為基準，以同心圓的方式擴散出去可分為6個區域，並以此分類大眾運輸的距離範圍及物價水準<p>ZONE1 商業金融中心<br>房價、物價水準較高，是倫敦的核心地帶，大部分的金融中心、觀光景點和藝文空間都位於此處。</p><p>ZONE2-3 住商混合區<br>物價稍低於ZONE 1，也有便利的大眾交通達到 ZONE1，是住宅和商業空間共存的過渡地帶。</p><p>ZONE4-5 市郊住宅區<br>比起倫敦其他地區物價最親民，若考量預算，位於此區的寄宿家庭會是最佳的選擇，相對閒靜及高CP值的住宅區，住過的學生都說讚哦！</p>','upload/country/5c11a8998ff13.jpeg',0,'2018-11-30 06:17:31','2018-12-13 00:32:25',NULL),(5,3,'倫敦遊學，分區推薦學校','ZONE1 推薦學校<br>百聞不如一見，各大景點圍繞的最佳學習環境<p>-British Study Centres(BSC)<br>以商業課程聞名，且提供豐富的課餘活動<br>位置：倫敦1 ZONE Oxford Circus Station<br>課程介紹：一般英語、進階英語、商業英語、IELTS、 TOEIC、TOEFL、Cambridge考試準備課程</p><p>-Stafford House School of English(SHSE)<br>擁有CELTA, DELTA證照的優良師資系統，提供每位學生完整的教學<br>位置：倫敦1 ZONE- Holbon Station<br>課程介紹：一般英語課程、雅思/劍橋考試準備課程、1對1英語課程</p><p>-EUROCENTRES)<br>IELTS指定考試中心，EQUALS會員，歐洲學生比例高<br>位置：倫敦1 ZONE- Victoria Station<br>課程介紹：一般英語課程、1對1英語課程、雙城遊學</p','upload/country/5c11a8a02694f.jpeg',0,'2018-11-30 06:18:36','2018-12-14 02:46:13',NULL),(6,3,'倫敦遊學，分區推薦學校','ZONE2.3 推薦學校<br>距離倫敦市中心20~30分鐘，學校周邊生活機能便利<p>-St. Giles International<br>位於倫敦北部，在舒適又安全的環境下學習<br>位置：倫敦ZONE3- Highgate Station<br>課程介紹：一般英語、長期英語課程、雅思/劍橋考試準備課程，英語+一般英語+商用英語課程、一般英語+藝術與設計英語</p><p>-British Study Centres School of English (BSC), London Hampstead<br>Cambridge考試中心，EQUALS會員與市中心接軌<br>位置：倫敦ZONE2- Finchley Road Station<br>課程介紹：一般英語、雅思/多益/ 托福考試準備課程、商用英語</p>','upload/country/5c11a8a5ad266.jpeg',0,'2018-11-30 06:32:15','2018-12-13 08:27:34',NULL),(7,3,'倫敦遊學，分區推薦學校','ZONE4.5 推薦學校<br>距離倫敦市中心30~40分，最舒適及安靜的學習環境<p>-King’s Colleges<br>細心照顧每位學生，且提供長期課程的獎學金<br>位置：倫敦ZONE4 - Beckenham station<br>課程介紹：雅思/劍橋考試準備課程、一般英語課程+商用與財經英文，一般英語課程+法律英文</p><p>-LAL Language Schools<br>提供轉學至其他分校時免接送費服務，歐洲學生比例高位置：倫敦ZONE5 - Twickenham Station<br>課程介紹：一般英語課程、1對1英語課程</p>','upload/country/5c11a8aa6daa1.jpeg',0,'2018-11-30 06:33:08','2018-12-13 00:32:42',NULL),(8,4,'選對城市，可省下30%的生活費','在決定要出走來趟遊學享受人生時，哪個國家、城市最適合自己可說是最大的煩惱之一了！位置、文化、飲食等等都可能列入考量因素，但在經濟不景氣的現代，物價水準可說是遊學首要的先決條件之一了。雖然英國平均花費較高，但好好地精挑細選，現實和理想還是可以達到平衡，到浪漫的英國遊學並不只是夢哦！<p>根據英國各地物價水準差異，倫敦和其他地區生活費的差異可達到30%以上，現在就讓ed:m來教您要省在哪裡、怎麼省吧！</p>','upload/country/5c00da5768c0a.jpeg',0,'2018-11-30 06:36:07','2018-11-30 06:36:07',NULL),(9,4,'高CP值地區','英國南部不但氣候宜人、風景秀麗，物價相對於倫敦也便宜許多，是個絕佳的選擇！<p>以生活費用來說(住宿費+生活費+交通費)，一個月在倫敦最基本的開銷就去要4.5萬-5萬；不過，到了南方海邊小鎮Bournemouth(3.5萬-4萬)及Eastbourne(3萬-3.5萬)每個月可省下至少1萬塊的費用，更不用說充滿地中海風情的 Torquay，一個月平均開銷可降至3萬。</p>','upload/country/5c00da76e3f42.jpeg',0,'2018-11-30 06:36:38','2018-11-30 06:36:38',NULL),(10,4,'節省生活費的4個小秘訣','<p>1.走路、騎腳踏車，多運動還可省錢<br>-像英國學生一樣腳踏車上學<br>-搭公車比搭地鐵划算</p><p>2.大型超市一次採購生活用品<br>- Asda, Sainsbury\'s 購買生活用品較Tesco還便宜<br>-有計畫的一次採買，並與同學合購<br>-注意各種特惠活動</p><p>3.利用edm免費贈送的國際學生證(ISIC)<br>-購買學生機票，可省下更多的行李費及改票費<br>-注意H&M, TOPSHOP, FOREVER 21, MANGO等大牌的學生優惠</p><p>4. 減少不必要的花費<br>-享受免入場費的英國博物館和美術館等觀光資源</p>','upload/country/5c00da979079b.jpeg',0,'2018-11-30 06:37:11','2018-12-14 02:47:56',NULL),(11,4,'學校推薦','Bournemouth<br>- Anglo Continental : 伯恩茅斯最大規模的語言學校，家庭般溫馨的關懷與學習環境<br>- Eurocentres : 以良好的師資及設備聞名，學生的評價高，在英國與美國各地皆設有分校<p>Eastbourne<br>- St. Giles International：教學經驗豐富的師資群</p><p>Torquay<br>- Kaplan International：風景優美，細心照護學生的溫馨教學氛圍</p>','upload/country/5c00dabcbf5e5.jpeg',0,'2018-11-30 06:37:48','2018-11-30 06:37:48',NULL),(12,5,'美國 | 紐約-充滿各種思想互相激盪的大都會夢','紐約是個融匯世界文化的大都會，白天到夜晚都生氣蓬勃、充滿活力，推薦給怕無聊、喜歡活躍都市氣氛的學生。<p>費用預算-4週<br>學費：3.8萬-5.2萬<br>住宿費：4.8萬-5.5萬<br>生活費：1.8萬-2.5萬<br>總計：10.4萬-13.2萬</p><p>推薦學校<br>EC English Language Centres, New York<br>全世界連鎖，有效率而完善的學生管理系統<br>．General English (20堂) <br>．Intensive English (30堂) </p>','upload/country/5c00dbaa4e8e8.jpeg',0,'2018-11-30 06:41:46','2018-12-14 02:49:08',NULL),(13,5,'英國 | 倫敦-古典貴族風情融入現代的迷人城市','倫敦是英國的首都，擁有超過2000年悠久的歷史，更曾經是世界的中心。古典貴族風情和現代繁華共存，獨特的魅力讓許多學生對這座城市情有獨鍾。<p>費用預算-4週<br>學費：4萬-6.5萬<br>住宿費：3萬-4.1萬<br>生活費：1.8萬-3萬<br>總計：7.8萬-13.6萬</p><p>推薦學校<br>Eurocentres, London Central<br>著重於每位學生個別的學習狀況<br>．General English 20<br>．Intensive 25<br>．Open Choice 20</p>','upload/country/5c00dbd25b35d.jpeg',0,'2018-11-30 06:42:26','2018-12-14 02:49:14',NULL),(14,5,'加拿大 | 溫哥華-舒適宜人的大自然城市','曾被富比士雜誌選為世界最宜居城市的溫哥華，擁有四季宜人的氣候和整潔的居住環境，是各國留學生最喜歡的目的地之一。地理位置鄰近美國西雅圖，觀光旅遊也十分方便。<p>費用預算-4週<br>學費：2.5萬-4萬<br>住宿費：2.5萬-3萬<br>生活費：1.5萬-2萬<br>總計：6.5萬-9萬</p><p>推薦學校<br>ILSC, Vancouver<br>獨創以大學方式選修的英語課程<br>．Full-time 24 Morning Lesson<br>．Full-time Intensive 30 Lesson','upload/country/5c00dbf52634b.jpeg',0,'2018-11-30 06:43:01','2018-12-14 02:49:20',NULL),(15,5,'澳洲 | 雪梨- Amazing Australia','澳洲有20%的人口居住在雪梨，其中包含了代表多元文化的各國移民，<br>互相交流、分享各自的文化是生活在雪梨最大的樂趣之一。<p>費用預算 - 4週<br>學費：3萬- 5萬<br>住宿費：2.5萬 - 3萬<br>生活費：1.8 萬- 2.8萬<br>總計：9萬 - 13.8萬</p><p>推薦學校<br> Kaplan International English, Sydney City<br>  全球知名連鎖教育集團，以紮實的英語課程聞名<br>．Intensive Academic Year<br>．Intensive English','upload/country/5c00dc121688c.jpeg',0,'2018-11-30 06:43:30','2019-03-04 07:35:31',NULL),(16,6,'英語 + 運動','EC English<br>學生滿意度超高，服務及教學品質優良的全球連鎖學校<br>-英語+衝浪 (English + Surfing) <br>Surfing USA！在美國西部加州海邊享受衝浪的清涼暢快<br>-英語+浮潛 (English + Diving) <br>-英語+舞蹈 (English + Dance) <br>在美國代表都市紐約學習多樣的舞風<p>British Study Centres (BSC)<br>設備新穎，充滿摩登現代感英國語言學校<br>-英語+風帆 (English + Windsurfing) 4-9月開課<br>在英國海邊體驗涼爽的風帆衝浪<br>-英語+水上滑板 (English + Wakeboarding) 4-9月開課<br>在英國海邊體驗乘風破浪的快感</p><p>The English Language Centre(ELC), Eastbourne<br>擁有70年悠久歷史，聲名遠播的語言學校<br>- 英語+馬術(English+Horse-riding)<br>帥氣指數破表！在英國體驗古典貴族的優雅興趣<br>英語+網球(English+Tennis) <br>由網球專業教練指導的網球課程<br>-英語+瑜珈(English+Yoga) <br>體驗英式傳統瑜珈，體操和按摩</p>','upload/country/5c00dccc82b24.jpeg',0,'2018-11-30 06:46:36','2018-12-14 02:52:20',NULL),(17,6,'英語 + 運動','Language Studies International (LSI) <br>擁有40年教學經驗，開設豐富課程的連鎖學校<br>-英語+高爾夫 (English + Golf) <br>Golf！在英國或紐西蘭向專業教練學習<br>-英語+登山 (English + Forest Hiking) 4-9月開課<br>享受加拿大絕美的湖色山光<br>-英語+健行 (English + Urban Hiking) <br>漫步於英國、美國、加拿大、紐西蘭的大都市<br>-英語+極限運動 (English + Adrenaline sports) <br>在紐西蘭體驗高空彈跳、跳傘，挑戰自己的極限！<p>Rennert Language Schools<br>位於美國，開設豐富課程的專業語言中心<br>- 英語+自由搏擊(English+Kickboxing) <br>自己保護自己！來場自由搏擊吧！<br>-英語+芭蕾(English+Ballet) <br>像隻優雅的天鵝～</p>','upload/country/5c00dceb6e9a6.jpeg',0,'2018-11-30 06:47:07','2018-11-30 06:47:07',NULL),(18,6,'英語 + 特色體驗','EC English<br>學生滿意度超高，服務及教學品質優良的全球連鎖學校<br>-英語+農場 (English Farmstay) 2-11月開課<br>在加拿大體驗勤奮的農事生活<br>-英語+志工(English + Volunteering)<br>奉獻之餘和不同的人對話，讓身心靈快速成長<p>British Study Centres (BSC)<br>設備新穎，充滿摩登現代感英國語言學校<br>-英語+料理 (English + Cookery) <br>在倫敦學習做出可以搭配英式下午茶的手工餅乾<br>-英語+慶典 (English + Festivals) 8月招生<br>參加當地慶典絕佳的機會</p><p>Language Studies International(LSI)<br>擁有40年教學經驗，開設豐富課程的連鎖學校<br>-英語+美食 (English + Food & Drink)<br>帶你一嘗英國、美國、澳洲在地美食<br>-英語+品酒(English + Wine Tasting)<br>品嘗美國、紐西蘭鮮釀酒品<br>-英語+音樂 (English + Music)<br>在英國體驗各種主題的音樂課程<br>-英語+藝術鑑賞(建築、美術、歷史文化)<br>參觀珍藏英國、美國、澳洲、紐西蘭經典文化的場所</p>','upload/country/5c00dd09d30c5.jpeg',0,'2018-11-30 06:47:37','2018-11-30 06:47:37',NULL),(19,6,'英語 + 潛能開發','Kings Education-60年以上悠久歷史，保持一流教學水準的語言中心<br>-英語+攝影 (English + Film)<br>3, 2, 1~Action！在美國好萊塢學習大導演們都怎麼拍電影<br>-英語+法律 (English + Law)<br>在英國倫敦學習法律相關用語<br>-英語+企業家精神 (English+Entrepreneurship)<br>聽聽成功企業家的講座，並實際參訪美國當地企業<br>-英語+運動科學 (English + Sports Science)<br>在英國伯恩茅斯學習運動科學相關知識<br>-英語+藝術設計 (English + Art & Design)<br>激發美術潛能，在充滿文藝氣息的英國創作<br>-英語+時尚設計 (English + Fashion，Art & Design)<br>在最佳的學習環境-時尚之都美國紐約學習<br>-英語+商業金融 (English+Business & Finance)<br>在英國的商業城鎮學習商業金融相關知識，還可以同時準備劍橋BEC考試<br>英語+數位媒體 (English + Business & Digital Media)<br>在英國學習現代社會主流的數位媒體</p>','upload/country/5c00dd2f7fbb4.jpeg',0,'2018-11-30 06:48:15','2018-12-13 19:02:21',NULL),(20,6,'英語 + 潛能開發','Language Studies International (LSI)<br>擁有40年教學經驗，開設豐富課程的連鎖學校<br>英語+程式編碼概論 (English + Coding)<br>一起創立屬於自己的網站集手機 APP 應用程式吧！<p>Rennert Language Schools<br>位於美國，開設豐富課程的專業語言中心<br>英語+數位攝影(English+Digital Photography)-需另外詢問開課日<br>喀擦！在美國紐約學習專業攝影</p>','upload/country/5c00dd5176001.jpeg',0,'2018-11-30 06:48:49','2018-11-30 06:48:49',NULL),(21,3,'1','111','upload/country/5c0207deebf2d.jpeg',0,'2018-12-01 04:02:38','2018-12-04 13:21:26','2018-12-04 13:21:26'),(22,7,'1','1','upload/country/5c02080541715.jpeg',1,'2018-12-01 04:03:17','2018-12-01 04:03:17',NULL),(23,7,'2','2','upload/country/5c02093c46835.jpeg',0,'2018-12-01 04:08:28','2018-12-01 04:08:28',NULL),(24,7,'3','3\r\n333\r\n333\r\n333\r\n333','upload/country/5c0209b9210a5.jpeg',0,'2018-12-01 04:10:33','2018-12-01 04:10:33',NULL),(25,7,'4','4444','upload/country/5c0209c514a33.jpeg',0,'2018-12-01 04:10:45','2018-12-01 04:10:45',NULL),(26,8,'美國 | 紐約-充滿各種思想互相激盪的大都會夢','紐約是個融匯世界文化的大都會，白天到夜晚都生氣蓬勃、充滿活力，推薦給怕無聊、喜歡活躍都市氣氛的學生。<p>費用預算-4週<br>學費：3.8萬-5.2萬<br>住宿費：4.8萬-5.5萬<br>生活費：1.8萬-2.5萬<br>總計：10.4萬-13.2萬</p><p>推薦學校<br>EC English Language Centres, New York<br>全世界連鎖，有效率而完善的學生管理系統<br>．General English (20堂) <br>．Intensive English (30堂) </p>','upload/country/5c05ee7c508d4.jpeg',0,'2018-12-04 03:03:24','2018-12-14 04:29:41',NULL),(27,8,'英國 | 倫敦-古典貴族風情融入現代的迷人城市','倫敦是英國的首都，擁有超過2000年悠久的歷史，更曾經是世界的中心。古典貴族風情和現代繁華共存，獨特的魅力讓許多學生對這座城市情有獨鍾。<p>費用預算-4週<br>學費：4萬-6.5萬<br>住宿費：3萬-4.1萬<br>生活費：1.8萬-3萬<br>總計：7.8萬-13.6萬</p><p>推薦學校<br>Eurocentres, London Central<br>著重於每位學生個別的學習狀況<br>．General English 20<br>．Intensive 25<br>．Open Choice 20</p>','upload/country/5c05eea1b8b42.jpeg',0,'2018-12-04 03:04:01','2018-12-14 04:29:50',NULL),(28,8,'加拿大 | 溫哥華-舒適宜人的大自然城市','曾被富比士雜誌選為世界最宜居城市的溫哥華，擁有四季宜人的氣候和整潔的居住環境，是各國留學生最喜歡的目的地之一。地理位置鄰近美國西雅圖，觀光旅遊也十分方便。<p>費用預算-4週<br>學費：2.5萬-4萬<br>住宿費：2.5萬-3萬<br>生活費：1.5萬-2萬<br>總計：6.5萬-9萬</p><p>推薦學校<br>ILSC, Vancouver<br>獨創以大學方式選修的英語課程<br>．Full-time 24 Morning Lesson<br>．Full-time Intensive 30 Lesson','upload/country/5c05eed5164ab.jpeg',0,'2018-12-04 03:04:53','2018-12-14 04:29:55',NULL),(29,8,'澳洲 | 雪梨-Amazing Australia','澳洲有20%的人口居住在雪梨，其中包含了代表多元文化的各國移民，互相交流、分享各自的文化是生活在雪梨最大的樂趣之一。<p>費用預算-4週<br>學費：3萬-5萬<br>住宿費：2.5萬-3萬<br>生活費：1.8萬-2.8萬<br>總計：13.8萬-9萬</p><p>推薦學校<br>Kaplan International English, Sydney City<br>全球知名連鎖教育集團，以紮實的英語課程聞名<br>．Intensive Academic Year<br>．Intensive English','upload/country/5c05eef63ef8d.jpeg',0,'2018-12-04 03:05:26','2018-12-14 04:30:01',NULL),(30,9,'英語 + 運動','EC English<br>學生滿意度超高，服務及教學品質優良的全球連鎖學校<br>-英語+衝浪 (English + Surfing) <br>Surfing USA！在美國西部加州海邊享受衝浪的清涼暢快<br>-英語+浮潛 (English + Diving) <br>-英語+舞蹈 (English + Dance) <br>在美國代表都市紐約學習多樣的舞風<p>British Study Centres (BSC)<br>設備新穎，充滿摩登現代感英國語言學校<br>-英語+風帆 (English + Windsurfing) 4-9月開課<br>在英國海邊體驗涼爽的風帆衝浪<br>-英語+水上滑板 (English + Wakeboarding) 4-9月開課<br>在英國海邊體驗乘風破浪的快感</p><p>The English Language Centre(ELC), Eastbourne<br>擁有70年悠久歷史，聲名遠播的語言學校<br>- 英語+馬術(English+Horse-riding)<br>帥氣指數破表！在英國體驗古典貴族的優雅興趣<br>英語+網球(English+Tennis) <br>由網球專業教練指導的網球課程<br>-英語+瑜珈(English+Yoga) <br>體驗英式傳統瑜珈，體操和按摩</p>','upload/country/5c05ef9275234.jpeg',0,'2018-12-04 03:08:02','2018-12-14 04:31:57',NULL),(31,9,'英語 + 運動','Language Studies International (LSI) <br>擁有40年教學經驗，開設豐富課程的連鎖學校<br>-英語+高爾夫 (English + Golf) <br>Golf！在英國或紐西蘭向專業教練學習<br>-英語+登山 (English + Forest Hiking) 4-9月開課<br>享受加拿大絕美的湖色山光<br>-英語+健行 (English + Urban Hiking) <br>漫步於英國、美國、加拿大、紐西蘭的大都市<br>-英語+極限運動 (English + Adrenaline sports) <br>在紐西蘭體驗高空彈跳、跳傘，挑戰自己的極限！<p>Rennert Language Schools<br>位於美國，開設豐富課程的專業語言中心<br>- 英語+自由搏擊(English+Kickboxing) <br>自己保護自己！來場自由搏擊吧！<br>-英語+芭蕾(English+Ballet) <br>像隻優雅的天鵝～</p>','upload/country/5c05efbdadeaf.jpeg',0,'2018-12-04 03:08:45','2018-12-04 03:08:45',NULL),(32,9,'英語 + 特色體驗','EC English<br>學生滿意度超高，服務及教學品質優良的全球連鎖學校<br>-英語+農場 (English Farmstay) 2-11月開課<br>在加拿大體驗勤奮的農事生活<br>-英語+志工(English + Volunteering)<br>奉獻之餘和不同的人對話，讓身心靈快速成長<p>British Study Centres (BSC)<br>設備新穎，充滿摩登現代感英國語言學校<br>-英語+料理 (English + Cookery) <br>在倫敦學習做出可以搭配英式下午茶的手工餅乾<br>-英語+慶典 (English + Festivals) 8月招生<br>參加當地慶典絕佳的機會</p><p>Language Studies International(LSI)<br>擁有40年教學經驗，開設豐富課程的連鎖學校<br>-英語+美食 (English + Food & Drink)<br>帶你一嘗英國、美國、澳洲在地美食<br>-英語+品酒(English + Wine Tasting)<br>品嘗美國、紐西蘭鮮釀酒品<br>-英語+音樂 (English + Music)<br>在英國體驗各種主題的音樂課程<br>-英語+藝術鑑賞(建築、美術、歷史文化)<br>參觀珍藏英國、美國、澳洲、紐西蘭經典文化的場所</p>','upload/country/5c05efea7e07f.jpeg',0,'2018-12-04 03:09:30','2018-12-04 03:09:30',NULL),(33,9,'英語 + 潛能開發','Kings Education-60年以上悠久歷史，保持一流教學水準的語言中心<br>-英語+攝影 (English + Film)<br>3，2，1~Action！在美國好萊塢學習大導演們都怎麼拍電影<br>-英語+法律 (English + Law)<br>在英國倫敦學習法律相關用語<br>-英語+企業家精神 (English+Entrepreneurship)<br>聽聽成功企業家的講座，並實際參訪美國當地企業<br>-英語+運動科學 (English + Sports Science)<br>在英國伯恩茅斯學習運動科學相關知識<br>-英語+藝術設計 (English + Art & Design)<br>激發美術潛能，在充滿文藝氣息的英國創作<br>-英語+時尚設計 (English + Fashion，Art & Design)<br>在最佳的學習環境-時尚之都美國紐約學習<br>-英語+商業金融 (English+Business & Finance)<br>在英國的商業城鎮學習商業金融相關知識，還可以同時準備劍橋BEC考試<br>英語+數位媒體 (English + Business & Digital Media)<br>在英國學習現代社會主流的數位媒體</p>','upload/country/5c05f00c107ed.jpeg',0,'2018-12-04 03:10:04','2018-12-04 03:10:04',NULL),(34,9,'英語 + 潛能開發','Language Studies International (LSI)<br>擁有40年教學經驗，開設豐富課程的連鎖學校<br>英語+程式編碼概論 (English + Coding)<br>一起創立屬於自己的網站集手機 APP 應用程式吧！<p>Rennert Language Schools<br>位於美國，開設豐富課程的專業語言中心<br>英語+數位攝影(English+Digital Photography)-需另外詢問開課日<br>喀擦！在美國紐約學習專業攝影</p>','upload/country/5c05f0356e461.jpeg',0,'2018-12-04 03:10:45','2018-12-04 03:10:45',NULL),(35,10,'UCSC Silicon Valley Extension | 矽谷課程+實習','想同時擁有專門知識和實務經驗的頂尖人才，越過金門大橋，舊金山矽谷是你發揮實力的最佳舞台<p>Facebook、Apple、eBay、Intel、Tesla、Netflix等全球知名企業的總部，各種創新的企業生存法則都在矽谷！每年1月、3月、6月、9月等著你來挑戰</p>','upload/country/5c05f2dcb3d67.jpeg',0,'2018-12-04 03:22:04','2018-12-14 04:34:43',NULL),(36,10,'學校介紹','UC Santa Cruz<br>隸屬加州大學系統的UC Santa Cruz所開設的課程，2011年和2016年都曾經被美國News&amp；Word Reports評選為最佳教育機構。<p>靠近各大企業的絕佳地理位置&無薪實習機會<br>矽谷是聚集所有頂尖人才，並領導全球經濟發展和產業革命的地區。而Santa Clara的UCSC正位於此，讓您上完課程後，可以地利之便找實習並體驗頂尖企業的工作氛圍</p><p>完成4期的課程，還有一年有薪實習！<br>除了一邊上課一邊在矽谷無薪實習累積經驗，畢業之後可申請一年OPT有薪實習簽證</p>','upload/country/5c133279aa413.jpeg',0,'2018-12-04 03:22:41','2018-12-14 04:34:48',NULL),(37,10,'科系選擇','Biotechnology生物科技<br>Business Administration 企業管理<br>Computer Science 電腦科學<br>Database and Data Analytics 數據分析<br>Information Technology 資訊科技<br>Web & Interactive Media Design 互動式媒體網頁設計<br>Very Large Scale Integration(VLSI) Engineering VLSI 工程設計<br>Linux Programming & Administration\r\nLinux 系統管理<br>Marketing Management 行銷管理<br>Project & Program Management 專案管理<br>Embedded Systems 嵌入式機械系統<br>Software Engineering & Quality 軟體工程<br>Internet Programming & Development 網路程式開發','upload/country/5c05f32a8f08e.jpeg',4,'2018-12-04 03:23:22','2018-12-14 04:34:38','2018-12-14 04:34:38'),(38,10,'申請資訊','申請資格：大學畢業生/無需GPA成績/TOEFL 66分或IELTS 6.0<br>學費：一年約$9000-$19995','upload/country/5c05f3468066a.jpeg',5,'2018-12-04 03:23:50','2018-12-14 04:34:39','2018-12-14 04:34:39'),(39,11,'大學附設or私立？哪個比較好呢？','考慮出國遊學時，首先要決定自己想在哪種類型的學校上課<br>美國的語言機構可以分為大學附設和私立語言學校，現在就來介紹他們的優缺點吧！','upload/country/5c05f37f10e1c.jpeg',0,'2018-12-04 03:24:47','2018-12-04 03:24:47',NULL),(40,11,'大學附設語言中心特色','-課程：以閱讀、寫作等學術內容為主<br>-班級人數：25~30人左右<br>-國籍比例：亞洲學生比例高<br>-學校設施：可使用大學校園內的圖書館和體育設備<br>-課後活動：固定的團體活動<br>-學費：較貴<br>-環境氣氛：可以和美國大學生在同個校園環境中學習','upload/country/5c05f3a2e432a.jpeg',0,'2018-12-04 03:25:22','2018-12-04 03:25:22',NULL),(41,11,'私立語言學校特色','-課程：注重口說，並有各種會話訓練課程<br>-班級人數：12~15人左右<br>-國籍比例：各國比例平均<br>-學校設施：小型的圖書館、電腦教室與學生休息區<br>-課後活動：豐富<br>-學費：較便宜<br>-環境氣氛：位於市中心，生活機能較方便的區域','upload/country/5c05f3d3ae1ab.jpeg',0,'2018-12-04 03:26:11','2018-12-04 03:26:11',NULL),(42,11,'學校推薦-ELS，San Francisco-North Bay','ELS North Bay分校位於亞多明尼克大學，從舊金山市中心往北約需30分鐘車程，以安全又美麗的學習環境著稱。並可進行登山、越野腳踏車、高爾夫、游泳等等的戶外活動，交通也十分便利。','upload/country/5c13333f58e67.jpeg',0,'2018-12-04 03:26:40','2018-12-14 04:36:15',NULL),(43,11,'學校推薦-Kaplan Illinois Institute of Technology','本分校位於工業大城芝加哥的伊利諾理工學院，且學生可以使用校內的圖書館、體育館、游泳池等等設施，享受美國大學生活的感覺。Kaplan為了滿足每位學生的需求，準備了多樣化的課程和課外活動，且國籍比例分布平均，除了增強英文能力更能拓展國際視野。','upload/country/5c05f4140909f.jpeg',0,'2018-12-04 03:27:16','2018-12-04 03:27:16',NULL),(44,11,'學校推薦-ELS Teaneck','ELS Fairleigh Dickinson University分校距離紐約僅需30分鐘車程的Teaneck，Teaneck是位於紐澤西州和紐約州邊界一個美麗又富裕的城市，市內有許多餐廳和商城，且文化豐富，有各種族裔居住在此，包容性強且宜居的生活環境受到許多外國學生的歡迎，大學課堂也很鼓勵學生來旁聽。','upload/country/5c05f431d0204.jpeg',0,'2018-12-04 03:27:45','2018-12-04 03:27:45',NULL),(45,12,'美國 | 紐約-充滿各種思想互相激盪的大都會夢','紐約是個融匯世界文化的大都會，白天到夜晚都生氣蓬勃、充滿活力，推薦給怕無聊、喜歡活躍都市氣氛的學生。<p>費用預算-4週<br>學費：3.8萬-5.2萬<br>住宿費：4.8萬-5.5萬<br>生活費：1.8萬-2.5萬<br>總計：10.4萬-13.2萬</p><p>推薦學校<br>EC English Language Centres, New York<br>全世界連鎖，有效率而完善的學生管理系統<br>．General English (20堂) <br>．Intensive English (30堂) </p>','upload/country/5c060377311b0.jpeg',0,'2018-12-04 04:32:55','2018-12-14 04:48:58',NULL),(46,12,'英國 | 倫敦-古典貴族風情融入現代的迷人城市','倫敦是英國的首都，擁有超過2000年悠久的歷史，更曾經是世界的中心。古典貴族風情和現代繁華共存，獨特的魅力讓許多學生對這座城市情有獨鍾。<p>費用預算-4週<br>學費：4萬-6.5萬<br>住宿費：3萬-4.1萬<br>生活費：1.8萬-3萬<br>總計：7.8萬-13.6萬</p><p>推薦學校<br>Eurocentres, London Central<br>著重於每位學生個別的學習狀況<br>．General English 20<br>．Intensive 25<br>．Open Choice 20</p>','upload/country/5c0603a55dc07.jpeg',0,'2018-12-04 04:33:41','2018-12-14 04:49:03',NULL),(47,12,'加拿大 | 溫哥華-舒適宜人的大自然城市','曾被富比士雜誌選為世界最宜居城市的溫哥華，擁有四季宜人的氣候和整潔的居住環境，是各國留學生最喜歡的目的地之一。地理位置鄰近美國西雅圖，觀光旅遊也十分方便。<p>費用預算-4週<br>學費：2.5萬-4萬<br>住宿費：2.5萬-3萬<br>生活費：1.5萬-2萬<br>總計：6.5萬-9萬</p><p>推薦學校<br>ILSC, Vancouver<br>獨創以大學方式選修的英語課程<br>．Full-time 24 Morning Lesson<br>．Full-time Intensive 30 Lesson','upload/country/5c0603c4cbf10.jpeg',0,'2018-12-04 04:34:12','2018-12-14 04:49:09',NULL),(48,12,'澳洲 | 雪梨-Amazing Australia','澳洲有20%的人口居住在雪梨，其中包含了代表多元文化的各國移民，互相交流、分享各自的文化是生活在雪梨最大的樂趣之一。<p>費用預算-4週<br>學費：3萬-5萬<br>住宿費：2.5萬-3萬<br>生活費：1.8萬-2.8萬<br>總計：13.8萬-9萬</p><p>推薦學校<br>Kaplan International English, Sydney City<br>全球知名連鎖教育集團，以紮實的英語課程聞名<br>．Intensive Academic Year<br>．Intensive English','upload/country/5c0603e7e3228.jpeg',0,'2018-12-04 04:34:47','2019-03-05 02:16:16',NULL),(49,13,'英文+飯店實習的課程優點','1. 可於澳洲當地飯店進行有薪實習<br>2. 平均一週500澳幣薪水<br>3. 英文實力提升','upload/country/5c0607dd8d717.jpeg',0,'2018-12-04 04:51:41','2018-12-04 04:51:41',NULL),(50,13,'學校介紹-Access Language Centre','Access Language Centre 創立於1997年，位於雪梨巿中心一座現代化的大樓；距離雪梨中央車站及城巿的主要景點僅數分鐘路程。學校是約有200名學生的中型學校，學生來自30個不同國家的。','upload/country/5c06082aa6838.jpeg',0,'2018-12-04 04:52:58','2018-12-04 04:52:58',NULL),(51,13,'課程介紹','課程時間：12週-一般英語課程(每週20堂課)+飯店實習安排<br>實習地點：澳洲各地飯店<br>薪資待遇：均一週500澳幣薪水*依照雇主規定而不同','upload/country/5c06084d5f88b.jpeg',0,'2018-12-04 04:53:33','2018-12-04 04:53:33',NULL),(52,14,'英語+咖啡師課程的優點','1. 同時培養流暢的英文實戰實力和咖啡技術<br>2. 5周短期課程<br>3. 完成課程可取得澳洲酒類服務責任證照(RSA)','upload/country/5c0608b45964c.jpeg',1,'2018-12-04 04:55:16','2018-12-14 04:51:35',NULL),(53,14,'學校介紹-Browns English','Browns English於澳洲有2個校區，分別於布里斯本與黃金海岸，學校是布朗斯家族成立經營，校長親切迷人，讓學校充滿如同家庭般的溫馨感。學校設備新穎，教室明亮寬敞，且具有最新的視廳設備輔助教學。教師們不僅有專業的受訓經驗和資格，更有著教學的熱忱與激情，不拘泥於形式的教學，讓學生在友善的氣氛下與熱情的老師們一同學習成長。','upload/country/5c0608d6a816b.jpeg',0,'2018-12-04 04:55:50','2018-12-04 04:55:50',NULL),(54,14,'課程介紹','一週30小時的課程中，包含每週20小時的英文課程(包含3小時研習課程以及團體英語課程)及10小時的咖啡師培訓課程','upload/country/5c13370736504.jpeg',0,'2018-12-04 04:56:22','2018-12-14 04:52:23',NULL),(55,14,'資格條件','1. Browns Level: Pre-intermediate<br>2. 持有打工度假簽證(持有觀光簽證可以參與課程，但無法在當地工作)`, `tmp/Aus_coffee_05.jpg`, `修業證書`, `1. Barista@BROWNS Certificate<br>2. SITXFSA101-Use hygienic practice for food safety<br>3. SITHFAB204-Prepare and service espresso coffee<br>4. SITHFAB201-Provide responsible service of alcohol','upload/country/5c06091c3dc85.jpeg',0,'2018-12-04 04:57:00','2018-12-14 04:52:31','2018-12-14 04:52:31'),(56,4,NULL,NULL,NULL,1,'2018-12-04 13:21:54','2018-12-04 13:21:58','2018-12-04 13:21:58'),(57,6,'1','1',NULL,1,'2018-12-05 06:42:18','2018-12-05 06:42:26','2018-12-05 06:42:26'),(58,15,'1','1',NULL,1,'2018-12-05 06:42:49','2018-12-05 06:42:49',NULL),(59,4,'1111','1111','upload/country/5c07a7331d929.jpeg',0,'2018-12-05 10:23:47','2018-12-06 07:57:44','2018-12-06 07:57:44'),(60,3,'2222','3232323','upload/country/5c07a76bc63b5.jpeg',0,'2018-12-05 10:24:43','2018-12-05 10:29:57','2018-12-05 10:29:57'),(61,1,'英國 | 倫敦-古典風情融入現代的迷人城市','倫敦是英國的首都，擁有超過2000年悠久的歷史，更曾經是世界的中心。古典貴族風情和現代繁華共存，獨特的魅力讓許多學生對這座城市情有獨鍾。<p>費用預算-4週<br>學費：4萬-6.5萬<br>住宿費：3萬-4.1萬<br>生活費：1.8萬-3萬<br>總計：7.8萬-13.6萬</p><p>推薦學校<br>Eurocentres, London Central<br>著重於每位學生個別的學習狀況<br>．General English 20<br>．Intensive 25<br>．Open Choice 20</p>','upload/country/5c08f98e6b6ea.jpeg',0,'2018-12-06 10:27:26','2018-12-09 12:57:27',NULL),(62,1,'加拿大 | 溫哥華-舒適宜人的大自然城市','曾被富比士雜誌選為世界最宜居城市的溫哥華，擁有四季宜人的氣候和整潔的居住環境，是各國留學生最喜歡的目的地之一。地理位置鄰近美國西雅圖，觀光旅遊也十分方便。<p>費用預算-4週<br>學費：2.5萬-4萬<br>住宿費：2.5萬-3萬<br>生活費：1.5萬-2萬<br>總計：6.5萬-9萬</p><p>推薦學校<br>ILSC, Vancouver<br>獨創以大學方式選修的英語課程<br>．Full-time 24 Morning Lesson<br>．Full-time Intensive 30 Lesson','upload/country/5c08f9b374974.jpeg',0,'2018-12-06 10:28:03','2018-12-09 12:57:33',NULL),(63,1,'澳洲 | 雪梨-Amazing Australia','澳洲有20%的人口居住在雪梨，其中包含了代表多元文化的各國移民，互相交流、分享各自的文化是生活在雪梨最大的樂趣之一。<p>費用預算-4週<br>學費：3萬-5萬<br>住宿費：2.5萬-3萬<br>生活費：1.8萬-2.8萬<br>總計：13.8萬-9萬</p><p>推薦學校<br>Kaplan International English, Sydney City<br>全球知名連鎖教育集團，以紮實的英語課程聞名<br>．Intensive Academic Year<br>．Intensive English','upload/country/5c08f9d6883d9.jpeg',0,'2018-12-06 10:28:38','2018-12-09 12:57:43',NULL),(64,2,'選擇加拿大實習計劃的5大原因','1. 入學門檻低且課程選擇多元<br>2. 提升在當地就業的適應力<br>3. 半工半讀：在上課期間可打工20小時/每週；實習期間可打工40小時/每週<br>4. 學校教授加拿大當地的求職技巧、面試及撰寫履歷的協助','upload/country/5c08fa161a41d.jpeg',0,'2018-12-06 10:29:42','2018-12-06 10:29:42',NULL),(65,2,'學校推薦-Greystone College','-課程名稱：Hospitality Skills Co-op<br>-課程內容：12週證照課程+12週帶薪實習+2週證照課程<br>-工作範疇：飯店活動協調、客房接待、房務管理','upload/country/5c08fa40b5b39.jpeg',0,'2018-12-06 10:30:24','2018-12-06 10:30:24',NULL),(66,2,'學校推薦-Vanwest College','-課程名稱：Professional Customer Service Co-op<br>-課程內容：4個月證照課程+4個月帶薪實習<br>-工作範疇：飯店活動協調、房客接待、房務管理、客服中心','upload/country/5c08fa8e0924d.jpeg',0,'2018-12-06 10:31:42','2018-12-06 10:31:42',NULL),(67,2,'學校推薦-ILAC College','-課程名稱：Service Essentials For Business Diploma<br>-課程內容：20週證照課程+20週帶薪實習<br>-工作範疇：客服中心、導覽業務、飯店活動協調、房客接待、房務管理、活動協調、餐飲服務、咖啡店接待','upload/country/5c08fab0ea62b.jpeg',0,'2018-12-06 10:32:16','2018-12-06 10:32:16',NULL),(68,2,'學校推薦-Greystone College','-課程名稱：International Business Managemant Co-op<br>-課程內容：24週證照課程+24週帶薪實習+2週證照課程<br>-工作範疇：飯店行銷/市場調查、活動行銷、人事管理、國際貿易/物流','upload/country/5c08fad1b6377.jpeg',0,'2018-12-06 10:32:49','2018-12-06 10:32:49',NULL),(69,2,'學校推薦-Canadian College','-課程名稱：Business Management &amp; Co-op<br>-課程內容：24週證照課程+24週帶薪實習<br>-工作範疇：市場調查相關業務、國際行銷及經營相關業務、一般銷售業相關業務、企業諮詢相關','upload/country/5c08faf8031d1.jpeg',0,'2018-12-06 10:33:28','2018-12-06 10:33:28',NULL),(70,3,'111','ㄒㄎ','upload/country/5c09a93c694eb.jpeg',NULL,'2018-12-06 22:57:00','2018-12-07 00:11:02','2018-12-07 00:11:02'),(71,16,'為什麼要選擇菲律賓+澳洲雙城遊學？','近期詢問度非常高的菲律賓英語課程，以密集的訓練和１對１加強為兩大特色，幫助有相關需求的學生能在短期內大幅增進英語能力，而如果想同時體驗東西方英語教育的優點，菲律賓＋澳洲雙城遊學將會是符合預算、效益各方面考量，CP值最高的選擇！','upload/country/5c0e9be015494.jpeg',0,'2018-12-07 00:12:37','2018-12-10 17:01:20',NULL),(72,16,'優點有哪些？','1. 澳洲打工度假節省費用：在菲律賓遊學3個月學費及住宿費加起來僅需約10萬台幣左右，如果還計畫去澳洲打工度假，就可以把這些花費給賺回來，減少負擔達到最經濟實惠的遊學選擇。<p>2. 英語基礎能力提升：菲律賓的斯巴達式英語教育以1：1、1：4、1：8等迷你班制，幫助需要紮穩英語基礎的學生，以最有效率的方式學習英文。</p><p>3. 打工度假時更好找到工作：如果英文能力沒有到達一定的水準，能夠應徵的工作將會侷限於薪資較少的勞力型工作，不但無法在全英語環境內加強口說，更可能因為打工忽略學習。如果在菲律賓打好基礎，就能在澳洲將學到的課程內容實際運用在日常生活和工作中，通常透過實戰經驗英語能力才會飛速成長，也較能享受體驗當地文化的樂趣。','upload/country/5c0e9c0210ea4.jpeg',0,'2018-12-07 00:13:09','2018-12-10 17:01:54',NULL),(73,16,'遊學的小撇步','1. 確立自己的目標：經過一年半載的遊學生活，真正達成目標，滿載而歸的學生其實沒想像中的多，若能及早發現自己的需加強的部分，設定自己要達成的目標，就能在遊學期間衝刺學習。<p>2. 出國前的準備：如果在出發遊學前就開始自習，把英文加強到一定的程度，結果通常會大不相同。所以為了讓遊學的效益發揮到最大，事前準備是非常重要的哦！</p><p>3. 在外國人面前更要充滿自信：台灣學生通常在剛出國，第一次投入全英語環境時都會比較害羞，不敢開口講英文，如果可以持續的鼓起勇氣、充滿自信的和母語使用者練習英文對話，其中的成就感和樂趣會是海外生活最大的收穫。</p>','upload/country/5c0e9c1ae3370.jpeg',0,'2018-12-07 00:13:46','2018-12-10 17:02:18',NULL),(74,3,'11111','222222','upload/country/5c0a0cc4b7105.jpeg',1,'2018-12-07 06:01:40','2018-12-07 06:02:42','2018-12-07 06:02:42'),(75,3,'1111','1111','upload/country/5c0a0cd17807b.jpeg',1,'2018-12-07 06:01:53','2018-12-08 06:03:33','2018-12-08 06:03:33'),(76,18,'愛爾蘭打工魅力','1. 一邊學習英語一邊賺零用錢<br>2. 治安最好的歐洲國家<br>3. 合理的學費及物價<br>4. 暢遊歐洲的最佳機會','upload/country/5c0a2520ede40.jpeg',1,'2018-12-07 07:45:36','2018-12-07 07:45:36',NULL),(77,18,'遊學打工課程內容','此課程沒有年齡上的限制，學生只要就讀於ACELS政府認可的語言學校語言課程達至少25週，即可在上課時間每週打工20小時，於暑假期間(5-8月)與聖誕節假期可打工長達40小時，課程結束後可最多停留於愛爾蘭8-10週的時間，能自由運用安排，可以打工也可以旅遊！','upload/country/5c0a2549134a2.jpeg',1,'2018-12-07 07:46:17','2018-12-07 07:46:17',NULL),(78,18,'打工種類','目前於愛爾蘭的職缺，通常皆為服務業性質較多，如咖啡廳服務生、餐廳內外場、商場銷售員等等，目前愛爾蘭薪資標準，具有工作經驗者基本時薪歐元€9.55，若無工作經驗者，目前為€7.32- €8.24。','upload/country/5c0a25b484933.jpeg',1,'2018-12-07 07:48:04','2018-12-07 07:48:04',NULL),(79,18,'學校推薦-Emerald Cultural Institute','學校介紹：成立於1986年，擁有30年以上的教學經驗，在愛爾蘭以專業與學術上的卓越表現，享有良好聲譽，學生會在和諧的氛圍之下和有如宮殿般的校園裡學習。','upload/country/5c0a25d6872eb.jpeg',1,'2018-12-07 07:48:38','2018-12-07 07:48:38',NULL),(80,18,'學校推薦- Centre of English Studies','學校介紹：建立於1979年，經過25年的發展，本校已經成為了愛爾蘭最重要的英語學校，提供學生高水準的課程和熱情細心的生活照顧。','upload/country/5c0a25fca8e1b.jpeg',1,'2018-12-07 07:49:16','2018-12-07 07:49:16',NULL),(81,19,'伯恩茅斯印象','字不應該這麼長\r\n字不應該這麼長\r\n字不應該這麼長\r\n字不應該這麼長\r\n字不應該這麼長\r\n字不應該這麼長\r\n字不應該這麼長','upload/country/5c0b52a7c5180.jpeg',0,'2018-12-08 05:12:07','2018-12-08 05:12:07',NULL),(82,19,'University College London(UCL)校園生活專訪','字不應該這麼長\r\n字不應該這麼長\r\n字不應該這麼長\r\n字不應該這麼長\r\n字不應該這麼長\r\n字不應該這麼長\r\n字不應該這麼長','upload/country/5c0b52b4404c6.jpeg',0,'2018-12-08 05:12:20','2018-12-08 05:12:20',NULL),(83,6,'test 伯恩茅斯印象','test 伯恩茅斯印象伯恩茅斯印象伯恩茅斯印象','upload/country/5c0b64ba00a6a.jpeg',0,'2018-12-08 06:29:14','2018-12-08 06:29:33','2018-12-08 06:29:33'),(84,20,'英語 + 運動','C English<br>學生滿意度超高，服務及教學品質優良的全球連鎖學校<br>-英語+衝浪 (English + Surfing) <br>Surfing USA！在美國西部加州海邊享受衝浪的清涼暢快<br>-英語+浮潛 (English + Diving) <br>-英語+舞蹈 (English + Dance) <br>在美國代表都市紐約學習多樣的舞風<p>British Study Centres (BSC)<br>設備新穎，充滿摩登現代感英國語言學校<br>-英語+風帆 (English + Windsurfing) 4-9月開課<br>在英國海邊體驗涼爽的風帆衝浪<br>-英語+水上滑板 (English + Wakeboarding) 4-9月開課<br>在英國海邊體驗乘風破浪的快感</p><p>The English Language Centre(ELC), Eastbourne<br>擁有70年悠久歷史，聲名遠播的語言學校<br>- 英語+馬術(English+Horse-riding)<br>帥氣指數破表！在英國體驗古典貴族的優雅興趣<br>英語+網球(English+Tennis) <br>由網球專業教練指導的網球課程<br>-英語+瑜珈(English+Yoga) <br>體驗英式傳統瑜珈，體操和按摩</p>','upload/country/5c0cf390f22ed.jpeg',0,'2018-12-09 10:50:56','2018-12-14 08:00:10',NULL),(85,20,'英語 + 運動','Language Studies International (LSI) <br>擁有40年教學經驗，開設豐富課程的連鎖學校<br>-英語+高爾夫 (English + Golf) <br>Golf！在英國或紐西蘭向專業教練學習<br>-英語+登山 (English + Forest Hiking) 4-9月開課<br>享受加拿大絕美的湖色山光<br>-英語+健行 (English + Urban Hiking) <br>漫步於英國、美國、加拿大、紐西蘭的大都市<br>-英語+極限運動 (English + Adrenaline sports) <br>在紐西蘭體驗高空彈跳、跳傘，挑戰自己的極限！<p>Rennert Language Schools<br>位於美國，開設豐富課程的專業語言中心<br>- 英語+自由搏擊(English+Kickboxing) <br>自己保護自己！來場自由搏擊吧！<br>-英語+芭蕾(English+Ballet) <br>像隻優雅的天鵝～</p>','upload/country/5c0cf3d1a9188.jpeg',0,'2018-12-09 10:52:01','2018-12-09 10:52:01',NULL),(86,20,'英語 + 特色體驗','EC English<br>學生滿意度超高，服務及教學品質優良的全球連鎖學校<br>-英語+農場 (English Farmstay) 2-11月開課<br>在加拿大體驗勤奮的農事生活<br>-英語+志工(English + Volunteering)<br>奉獻之餘和不同的人對話，讓身心靈快速成長<p>British Study Centres (BSC)<br>設備新穎，充滿摩登現代感英國語言學校<br>-英語+料理 (English + Cookery) <br>在倫敦學習做出可以搭配英式下午茶的手工餅乾<br>-英語+慶典 (English + Festivals) 8月招生<br>參加當地慶典絕佳的機會</p><p>Language Studies International(LSI)<br>擁有40年教學經驗，開設豐富課程的連鎖學校<br>-英語+美食 (English + Food & Drink)<br>帶你一嘗英國、美國、澳洲在地美食<br>-英語+品酒(English + Wine Tasting)<br>品嘗美國、紐西蘭鮮釀酒品<br>-英語+音樂 (English + Music)<br>在英國體驗各種主題的音樂課程<br>-英語+藝術鑑賞(建築、美術、歷史文化)<br>參觀珍藏英國、美國、澳洲、紐西蘭經典文化的場所</p>','upload/country/5c0cf3ffc9a79.jpeg',0,'2018-12-09 10:52:47','2018-12-09 10:52:47',NULL),(87,20,'英語 + 潛能開發','Kings Education-60年以上悠久歷史，保持一流教學水準的語言中心<br>-英語+攝影 (English + Film)<br>3，2，1~Action！在美國好萊塢學習大導演們都怎麼拍電影<br>-英語+法律 (English + Law)<br>在英國倫敦學習法律相關用語<br>-英語+企業家精神 (English+Entrepreneurship)<br>聽聽成功企業家的講座，並實際參訪美國當地企業<br>-英語+運動科學 (English + Sports Science)<br>在英國伯恩茅斯學習運動科學相關知識<br>-英語+藝術設計 (English + Art & Design)<br>激發美術潛能，在充滿文藝氣息的英國創作<br>-英語+時尚設計 (English + Fashion，Art & Design)<br>在最佳的學習環境-時尚之都美國紐約學習<br>-英語+商業金融 (English+Business & Finance)<br>在英國的商業城鎮學習商業金融相關知識，還可以同時準備劍橋BEC考試<br>英語+數位媒體 (English + Business & Digital Media)<br>在英國學習現代社會主流的數位媒體</p>','upload/country/5c0cf4275266b.jpeg',0,'2018-12-09 10:53:27','2018-12-09 10:53:27',NULL),(88,20,'英語 + 潛能開發','Language Studies International (LSI)<br>擁有40年教學經驗，開設豐富課程的連鎖學校<br>英語+程式編碼概論 (English + Coding)<br>一起創立屬於自己的網站集手機 APP 應用程式吧！<p>Rennert Language Schools<br>位於美國，開設豐富課程的專業語言中心<br>英語+數位攝影(English+Digital Photography)-需另外詢問開課日<br>喀擦！在美國紐約學習專業攝影</p>','upload/country/5c0cf4511cc22.jpeg',0,'2018-12-09 10:54:09','2018-12-09 10:54:09',NULL),(89,21,'紐西蘭特色？','從課外活動到休閒，展現多元魅力的北島和南島。北島的代表都市奧克蘭，現代的建築和大自然共存的氛圍中，享受植物庭院和自在的都市生活；南島的基督城，透過草原和湖水的休閒活動來點不一樣的刺激，不只可以造訪海洋博物館和美術館，還可以享受帆船、泛舟、熱氣球、高空跳傘等活力滿分的課外活動。','upload/country/5c0d1df9a6eb3.jpeg',0,'2018-12-09 13:51:53','2018-12-09 13:51:53',NULL),(90,21,'象徵清淨的環境和悠閒的國家','沒有受到汙染的大自然遺產，紐西蘭為<魔戒>、<納尼亞傳奇>、<金鋼狼>、<金剛>等電影拍攝地，國土面積與英國和日本差不多，人口總數卻不過400萬，且近年被評選為最適合移民的英語系國家第2名。一起擺脫窒息的都市生活，投入大自然的懷抱當中吧！','upload/country/5c0d1e20e10bc.jpeg',0,'2018-12-09 13:52:32','2018-12-09 13:52:32',NULL),(91,21,'學校推薦-Embassy English Auckland','平均一班學生數：10-15名<br>學校介紹：擁有40年豐富教學經歷和體制化課程的大型語言學校<br>主要課程：一般英語課程、商務英語課程、考試檢定課程','upload/country/5c0d1e49dc15d.jpeg',0,'2018-12-09 13:53:13','2018-12-09 13:53:13',NULL),(92,21,'學校推薦-Kaplan International English, Auckland','平均一班學生數：10-15名<br>學校介紹：有體系且優秀的課程以及尖端技術，卓越的學生管理方式，以札實的英語學習課程而聞名世界的國際學校。<br>主要課程：一般英語課程、商務英語課程、考試檢定課程','upload/country/5c0d1e713a92a.jpeg',0,'2018-12-09 13:53:53','2018-12-14 08:00:34',NULL),(93,21,'學校推薦-New Zealand Language Centre, Auckland','平均一班學生數：13名<br>學校介紹：多元的優良英語課程、適當的國籍比例、提供便利的設施，為紐西蘭最大的語學院之一。<br>主要課程：一般英語課程、考試檢定英語課程實習、咖啡師','upload/country/5c0d1e8fb7b85.jpeg',0,'2018-12-09 13:54:23','2018-12-14 08:00:40',NULL),(94,22,'馬爾他在哪裡？','義大利南部的小島國，位於地中海的中心，歐洲人最愛的英語學習國家及度假勝地，馬爾他在語言上使用馬爾他語和英語，2007以後開始使用單一通用貨幣歐元Euro，且屬於申根國家，持有台灣護照可以免簽計畫停留最長90天。馬爾他的主要城市，從繁華的聖朱利安斯到擁有現代韻味與美麗夕陽的斯利馬，學生可享受徜徉自在地在地中海湛藍的海邊學習英文。','upload/country/5c0d388be3043.jpeg',0,'2018-12-09 15:45:15','2018-12-09 15:45:15',NULL),(95,22,'學校推薦-LAL(IELS)，Malta','學校位置：Sliema<br>平均學生數：400名<br>學校介紹：為DELTA高級英語教師資格考試中心，在美國佛羅里達、馬爾他、開普敦及英國倫敦和托貝介設有分校','upload/country/5c0d38ae9ac8e.jpeg',0,'2018-12-09 15:45:50','2018-12-09 15:45:50',NULL),(96,22,'學校推薦-EC English Language Centres，Malta','學校位置：St. Julian<br>平均學生數：650名<br>學校介紹：每年提供全世界60個國家的學生最高水準的英語教育與學生服務，於美國、加拿大、英國(包含布萊頓、倫敦)、南非、愛爾蘭皆設有分校。','upload/country/5c0d3ab89fd87.jpeg',0,'2018-12-09 15:54:32','2018-12-09 15:54:32',NULL),(97,22,'學校推薦-Eurocentres，Malta','學校位置：Msida<br>平均學生數：500名<br>學校介紹：超過65年以上的傳統學校，透過團體模式、個人的系統化教學，按照個人需求量身訂做的學習方式。','upload/country/5c0d3ae2eea52.jpeg',0,'2018-12-09 15:55:14','2018-12-09 15:55:14',NULL),(98,23,'英語 + 運動','EC English<br>學生滿意度超高，服務及教學品質優良的全球連鎖學校<br>-英語+衝浪 (English + Surfing) <br>Surfing USA！在美國西部加州海邊享受衝浪的清涼暢快<br>-英語+浮潛 (English + Diving) <br>-英語+舞蹈 (English + Dance) <br>在美國代表都市紐約學習多樣的舞風<p>British Study Centres (BSC)<br>設備新穎，充滿摩登現代感英國語言學校<br>-英語+風帆 (English + Windsurfing) 4-9月開課<br>在英國海邊體驗涼爽的風帆衝浪<br>-英語+水上滑板 (English + Wakeboarding) 4-9月開課<br>在英國海邊體驗乘風破浪的快感</p><p>The English Language Centre(ELC), Eastbourne<br>擁有70年悠久歷史，聲名遠播的語言學校<br>- 英語+馬術(English+Horse-riding)<br>帥氣指數破表！在英國體驗古典貴族的優雅興趣<br>英語+網球(English+Tennis) <br>由網球專業教練指導的網球課程<br>-英語+瑜珈(English+Yoga) <br>體驗英式傳統瑜珈，體操和按摩</p>','upload/country/5c0d3ec615e55.jpeg',0,'2018-12-09 16:11:50','2018-12-14 08:14:17',NULL),(99,23,'英語 + 運動','Language Studies International (LSI) <br>擁有40年教學經驗，開設豐富課程的連鎖學校<br>-英語+高爾夫 (English + Golf) <br>Golf！在英國或紐西蘭向專業教練學習<br>-英語+登山 (English + Forest Hiking) 4-9月開課<br>享受加拿大絕美的湖色山光<br>-英語+健行 (English + Urban Hiking) <br>漫步於英國、美國、加拿大、紐西蘭的大都市<br>-英語+極限運動 (English + Adrenaline sports) <br>在紐西蘭體驗高空彈跳、跳傘，挑戰自己的極限！<p>Rennert Language Schools<br>位於美國，開設豐富課程的專業語言中心<br>- 英語+自由搏擊(English+Kickboxing) <br>自己保護自己！來場自由搏擊吧！<br>-英語+芭蕾(English+Ballet) <br>像隻優雅的天鵝～</p>','upload/country/5c0d3f050fad4.jpeg',0,'2018-12-09 16:12:53','2018-12-09 16:12:53',NULL),(100,23,'英語 + 特色體驗','EC English<br>學生滿意度超高，服務及教學品質優良的全球連鎖學校<br>-英語+農場 (English Farmstay) 2-11月開課<br>在加拿大體驗勤奮的農事生活<br>-英語+志工(English + Volunteering)<br>奉獻之餘和不同的人對話，讓身心靈快速成長<p>British Study Centres (BSC)<br>設備新穎，充滿摩登現代感英國語言學校<br>-英語+料理 (English + Cookery) <br>在倫敦學習做出可以搭配英式下午茶的手工餅乾<br>-英語+慶典 (English + Festivals) 8月招生<br>參加當地慶典絕佳的機會</p><p>Language Studies International(LSI)<br>擁有40年教學經驗，開設豐富課程的連鎖學校<br>-英語+美食 (English + Food & Drink)<br>帶你一嘗英國、美國、澳洲在地美食<br>-英語+品酒(English + Wine Tasting)<br>品嘗美國、紐西蘭鮮釀酒品<br>-英語+音樂 (English + Music)<br>在英國體驗各種主題的音樂課程<br>-英語+藝術鑑賞(建築、美術、歷史文化)<br>參觀珍藏英國、美國、澳洲、紐西蘭經典文化的場所</p>','upload/country/5c0d3f33e9226.jpeg',0,'2018-12-09 16:13:39','2018-12-14 08:14:46',NULL),(101,23,'英語 + 潛能開發','Kings Education-60年以上悠久歷史，保持一流教學水準的語言中心<br>-英語+攝影 (English + Film)<br>3，2，1~Action！在美國好萊塢學習大導演們都怎麼拍電影<br>-英語+法律 (English + Law)<br>在英國倫敦學習法律相關用語<br>-英語+企業家精神 (English+Entrepreneurship)<br>聽聽成功企業家的講座，並實際參訪美國當地企業<br>-英語+運動科學 (English + Sports Science)<br>在英國伯恩茅斯學習運動科學相關知識<br>-英語+藝術設計 (English + Art & Design)<br>激發美術潛能，在充滿文藝氣息的英國創作<br>-英語+時尚設計 (English + Fashion, Art & Design)<br>在最佳的學習環境-時尚之都美國紐約學習<br>-英語+商業金融 (English+Business & Finance)<br>在英國的商業城鎮學習商業金融相關知識，還可以同時準備劍橋BEC考試<br>英語+數位媒體 (English + Business & Digital Media)<br>在英國學習現代社會主流的數位媒體</p>','upload/country/5c0d4064f15e6.jpeg',0,'2018-12-09 16:18:44','2018-12-14 08:14:58',NULL),(102,23,'英語 + 潛能開發','Language Studies International (LSI)<br>擁有40年教學經驗，開設豐富課程的連鎖學校<br>英語+程式編碼概論 (English + Coding)<br>一起創立屬於自己的網站集手機 APP 應用程式吧！<p>Rennert Language Schools<br>位於美國，開設豐富課程的專業語言中心<br>英語+數位攝影(English+Digital Photography)-需另外詢問開課日<br>喀擦！在美國紐約學習專業攝影</p>','upload/country/5c0d408738648.jpeg',0,'2018-12-09 16:19:19','2018-12-09 16:19:19',NULL),(103,24,'馬爾他在哪裡？','義大利南部的小島國，位於地中海的中心，歐洲人最愛的英語學習國家及度假勝地，馬爾他在語言上使用馬爾他語和英語，2007以後開始使用單一通用貨幣歐元Euro，且屬於申根國家，持有台灣護照可以免簽計畫停留最長90天。馬爾他的主要城市，從繁華的聖朱利安斯到擁有現代韻味與美麗夕陽的斯利馬，學生可享受徜徉自在地在地中海湛藍的海邊學習英文。','upload/country/5c0d40b5920ef.jpeg',0,'2018-12-09 16:20:05','2018-12-09 16:20:05',NULL),(104,24,'學校推薦-LAL(IELS), Malta','學校位置：Sliema<br>平均學生數：400名<br>學校介紹：為DELTA高級英語教師資格考試中心，在美國佛羅里達、馬爾他、開普敦及英國倫敦和托貝介設有分校','upload/country/5c0d40d6883ef.jpeg',0,'2018-12-09 16:20:38','2018-12-14 08:15:17',NULL),(105,24,'學校推薦-EC English Language Centres, Malta','學校位置：St. Julian<br>平均學生數：650名<br>學校介紹：每年提供全世界60個國家的學生最高水準的英語教育與學生服務，於美國、加拿大、英國(包含布萊頓、倫敦)、南非、愛爾蘭皆設有分校。','upload/country/5c0d40f7b7ab6.jpeg',0,'2018-12-09 16:21:11','2018-12-14 08:15:27',NULL),(106,24,'學校推薦-Eurocentres, Malta','學校位置：Msida<br>平均學生數：500名<br>學校介紹：超過65年以上的傳統學校，透過團體模式、個人的系統化教學，按照個人需求量身訂做的學習方式。','upload/country/5c0d4128233e5.jpeg',0,'2018-12-09 16:22:00','2018-12-14 08:15:41',NULL),(107,17,'為什麼要選擇菲律賓+加拿大雙城遊學？','近期詢問度非常高的菲律賓英語課程，以密集的訓練和１對１加強為兩大特色，幫助有相關需求的學生能在短期內大幅增進英語能力，而加拿大環境優美、氣候舒適，且英語教學品質聞名全球，是最多遊學生選擇的目的地，若有預算上的考量，菲律賓＋加拿大雙城遊學將會是最適合您的進修方案！','upload/country/5c0e9c4eed90f.jpeg',0,'2018-12-10 17:03:10','2018-12-10 17:03:16',NULL),(108,17,'優點有哪些？','1. 相對低廉的學費：菲律賓是以低廉學費著稱，最適合雙城遊學方案的國家，在菲律賓遊學3個月學費及住宿費加起來僅需約10萬台幣左右，而加拿大福利制度完善，境內的每個教育機關皆可得到政府補助，學費相較於英美低廉，對學生來說是最划算的選擇。<p>2. 英語基礎能力提升：菲律賓的斯巴達式英語教育以1：1、1：4、1：8等迷你班制，幫助需要紮穩英語基礎的學生，以最有效率的方式學習英文。</p><p>3. 豐富的英語學習課程：加拿大的英語教學歷史悠久，除了一般英語課程以外還可提供商業英文、考試準備課程。</p>','upload/country/5c0e9c6f08dae.jpeg',0,'2018-12-10 17:03:43','2018-12-10 17:03:43',NULL),(109,17,'遊學的小撇步','1. 確立自己的目標：經過一年半載的遊學生活，真正達成目標，滿載而歸的學生其實沒想像中的多，若能及早發現自己的需加強的部分，設定自己要達成的目標，就能在遊學期間衝刺學習。</p>2. 出國前的準備：如果在出發遊學前就開始自習，把英文加強到一定的程度，結果通常會大不相同。所以為了讓遊學的效益發揮到最大，事前準備是非常重要的哦！</p><p>3. 在外國人面前更要充滿自信：台灣學生通常在剛出國，第一次投入全英語環境時都會比較害羞，不敢開口講英文，如果可以持續的鼓起勇氣、充滿自信的和母語使用者練習英文對話，其中的成就感和樂趣會是海外生活最大的收穫。</p>','upload/country/5c0e9c87a4336.jpeg',0,'2018-12-10 17:04:07','2018-12-10 17:04:12',NULL),(110,25,'為什麼要選擇菲律賓斯巴達式英語教學呢？','1：1、1：4的超小班制教學和其他國家的語言學校不同，菲律賓的英語課程依每位學生的需求，進行小班制及一對一的教學，學生可即時提問提高學習效率，並扎穩基礎。除了每天安排8~12小時的英語課程，下課後學校也有規劃固定的自習時間，讓學生整天都在英語學習的環境下，快速加強英語能力。','upload/country/5c11c543a8579.jpeg',0,'2018-12-13 02:34:43','2018-12-13 02:34:43',NULL),(111,25,'學校推薦-SMEAG','學校介紹：SMEAG位於菲律賓宿霧、獲得菲律賓教育部(TESDA)和移民署認證而設立的寄宿式語言學校，以提供學生密集課程和生活管理系統聞名。此外，SMEAG的講師聘用標準十分嚴格，且實際投入教學前需經過長時間的教育訓練，為了最佳的教學品質而努力。<p>課程介紹：課程分為8個等級，每週一至週五早上7點到晚上9點皆有安排密集課程，中間的空堂自習時間也有電影、影集、音樂或會話等較豐富的選擇。開學時會進行分級測驗後分班，學習過程若有任何問題都可以和負責老師討論，講師也非常勤給回饋。</p>','upload/country/5c11c566cc469.jpeg',0,'2018-12-13 02:35:18','2018-12-13 02:35:18',NULL),(112,25,'學校推薦-PINES','學校介紹：PINES位於菲律賓碧瑤，並有2個校區，以提供客製化的口說課程聞名。除了一般英語課程，還透過志工活動、文化體驗等活動，來引導對英語口說卻步的學生克服心理障礙開口練習，能同時培養英語能力和人文素養。<p>課程介紹：SPARTA3課程不僅平日一天有12小時的必修，週六早上也有安排課程，並透過每週的測驗來掌握每位學生的學習狀況，讓學生可以在最短的時間內達到理想的英文程度。</p>','upload/country/5c11c588b0aff.jpeg',0,'2018-12-13 02:35:52','2018-12-13 02:35:52',NULL),(113,26,'宿霧和碧瑤各位於哪裡呢？','宿霧：位於菲律賓中部的海島，氣候全年濕熱，乾雨季不分明。<p>碧瑤：位於菲律賓北部的高原都市，因種植大量松樹而有Pine City的別稱，氣候涼爽宜人。</p>','upload/country/5c11c5c15ab73.jpeg',0,'2018-12-13 02:36:49','2018-12-13 02:36:49',NULL),(114,26,'生活','宿霧：市中心有百貨公司和購物中心，且鄰近長灘島、薄荷島等知名度假勝地。<p>碧瑤：位於山上，整體氛圍較平靜，文化較單一，為菲律賓的大學城，文化教育氣息濃厚。</p>','upload/country/5c11c5ea08d12.jpeg',0,'2018-12-13 02:37:30','2018-12-13 02:37:30',NULL),(115,26,'教育','宿霧：各國遊客與學生的熱門目的地，私立英語教育中心多，適合希望學習和旅遊並重的學生。<p>碧瑤：為菲律賓的大學城，學校密度高，以斯巴達式英與教育聞名，適合需要集中於英語學習的學生</p>','upload/country/5c11c60a316aa.jpeg',0,'2018-12-13 02:38:02','2018-12-13 02:38:02',NULL),(116,10,'課程特徵','在競爭激烈的創業生態中實戰學習<br>有全球最佳創業基地之稱的美國矽谷，是您實現未來創業夢的最佳磨練場所','upload/country/5c1332a19ff53.jpeg',0,'2018-12-14 04:33:37','2018-12-14 04:34:52',NULL),(117,10,'科系選擇','Biotechnology生物科技<br>Business Administration 企業管理<br>Computer Science 電腦科學<br>Database and Data Analytics 數據分析<br>Information Technology 資訊科技<br>Web & Interactive Media Design 互動式媒體網頁設計<br>Very Large Scale Integration(VLSI) Engineering VLSI 工程設計<br>Linux Programming & Administration\r\nLinux 系統管理<br>Marketing Management 行銷管理<br>Project & Program Management 專案管理<br>Embedded Systems 嵌入式機械系統<br>Software Engineering & Quality 軟體工程<br>Internet Programming & Development 網路程式開發','upload/country/5c1332fc98f13.jpeg',0,'2018-12-14 04:35:08','2018-12-14 04:35:08',NULL),(118,10,'申請資訊','申請資格：大學畢業生/無需GPA成績/TOEFL 66分或IELTS 6.0<br>學費：一年約$9000-$19995','upload/country/5c1333090643e.jpeg',0,'2018-12-14 04:35:21','2018-12-14 04:35:21',NULL),(119,14,'咖啡師培訓課程內容','1. 學習於咖啡店及其他服務業性質工作所需的英語會話技能<br>2. 服務業禮儀及應對進退<br>3. 咖啡製作-咖啡濃縮、手沖咖啡、拿鐵拉花實作<br>4. 酒類服務責任證照(RSA)、品酒、食品安全衛生相關事項','upload/country/5c133701ec489.jpeg',0,'2018-12-14 04:51:28','2018-12-14 04:52:17',NULL),(120,14,'資格條件','1. Browns Level：Pre-intermediate<br>2. 持有打工度假簽證(持有觀光簽證可以參與課程，但無法在當地工作)','upload/country/5c13372c85aa4.jpeg',0,'2018-12-14 04:53:00','2018-12-14 04:53:00',NULL),(121,14,'修業證書','1. Barista@BROWNS Certificate<br>2. SITXFSA101-Use hygienic practice for food safety<br>3. SITHFAB204-Prepare and service espresso coffee<br>4. SITHFAB201-Provide responsible service of alcohol','upload/country/5c13373bbc2fa.jpeg',0,'2018-12-14 04:53:15','2018-12-14 04:53:15',NULL);

--
-- Table structure for table `language_recommand_course_intro`
--

CREATE TABLE `language_recommand_course_intro` (
  `lrci_id` int(10) unsigned NOT NULL AUTO_INCREMENT,
  `id` int(10) DEFAULT '0',
  `title` varchar(100) DEFAULT NULL,
  `description` varchar(2000) DEFAULT NULL,
  `logo` varchar(100) DEFAULT NULL,
  `pic_1` varchar(100) DEFAULT NULL,
  `pic_2` varchar(100) DEFAULT NULL,
  `pic_3` varchar(100) DEFAULT NULL,
  `pic_4` varchar(100) DEFAULT NULL,
  `sort` int(10) DEFAULT '0',
  `created_at` timestamp NULL DEFAULT NULL,
  `updated_at` timestamp NULL DEFAULT NULL,
  `deleted_at` timestamp NULL DEFAULT NULL,
  PRIMARY KEY (`lrci_id`)
) ENGINE=InnoDB AUTO_INCREMENT=12 DEFAULT CHARSET=utf8;

--
-- Dumping data for table `language_recommand_course_intro`
--

INSERT INTO `language_recommand_course_intro` VALUES (1,1,'test-Eurocentres, London Central','test 課程注重個人學習成就\r\n可終身學習之網路平台: my.Eurocentres \r\n學生來自多樣的地區，能確保環境之多樣性 \r\n高度溝通能力','upload/country/5c0d123266b3a.jpeg','upload/country/5c0d123267772.jpeg','upload/country/5c0d123267b21.jpeg','upload/country/5c0d123267e58.jpeg','upload/country/5c0d1232680af.jpeg',3,'2018-11-28 07:39:29','2018-12-13 13:37:17','2018-12-13 13:37:17'),(2,7,'1','1','upload/country/5c02082363720.jpeg','upload/country/5c02082363e2e.jpeg','upload/country/5c02082364594.jpeg','upload/country/5c0208236481c.jpeg','upload/country/5c02082364aa7.jpeg',NULL,'2018-12-01 04:03:47','2018-12-01 04:03:47',NULL),(3,7,'2','22\r\n22222\r\n\r\n222','upload/country/5c02098326cff.jpeg','upload/country/5c020983270b1.jpeg','upload/country/5c0209832736e.jpeg','upload/country/5c02098327578.jpeg',NULL,0,'2018-12-01 04:09:39','2018-12-01 04:09:39',NULL),(4,3,'1','2','upload/country/5c08e8bc259f3.png','upload/country/5c08e8bc25d90.jpeg','upload/country/5c08e8bc25ebd.jpeg',NULL,NULL,1,'2018-12-06 09:15:40','2018-12-06 14:52:09','2018-12-06 14:52:09'),(5,3,'1','1','upload/country/5c0937d94ec74.jpeg',NULL,NULL,NULL,NULL,NULL,'2018-12-06 14:53:13','2018-12-06 14:53:21','2018-12-06 14:53:21'),(6,3,'1','1',NULL,NULL,NULL,NULL,NULL,1,'2018-12-07 03:00:28','2018-12-07 03:00:34','2018-12-07 03:00:34'),(7,19,'111','字不應該這麼長\r\n字不應該這麼長\r\n字不應該這麼長\r\n字不應該這麼長','upload/country/5c0b52e0cf8f5.jpeg','upload/country/5c0b52e0cfcce.jpeg','upload/country/5c0b52e0cfe5d.jpeg','upload/country/5c0b52e0d05c6.jpeg',NULL,0,'2018-12-08 05:13:04','2018-12-08 05:13:04',NULL),(8,3,'伯恩茅斯印象','/推薦課程\r\n/推薦課程\r\n/推薦課程','upload/country/5c0b5ee1cb253.jpeg','upload/country/5c0b5ee1cb646.jpeg','upload/country/5c0b5ee1cb7be.jpeg','upload/country/5c0b5ee1cbef5.jpeg','upload/country/5c0b5ee1cc641.jpeg',0,'2018-12-08 06:04:17','2018-12-08 06:04:45','2018-12-08 06:04:45'),(9,3,'伯恩茅斯印象','國是一個有悠久教育傳統的國家，其教育體系經過幾百年的沿革，以傑出的教學品質著稱，被稱為世界高等教育的發源地，於世界大學排名前10名中，英國大學就佔了4所，並培養出近百位的諾貝爾獎得主，是全球獲諾貝爾獎人數第2多的國家。國是一個有悠久教育傳統的國家，其教育體系經過幾百年的沿革，以傑出的教學品質著稱，被稱為世界高等教育的發源地，於世界大學排名前10名中，英國大學就佔了4所，並培養出近百位的諾貝爾獎得主，是全球獲諾貝爾獎人數第2多的國家。','upload/country/5c0b6208c8310.jpeg','upload/country/5c0b6208c8cca.jpeg','upload/country/5c0b6208c8f02.jpeg','upload/country/5c0b6208c9118.jpeg','upload/country/5c0b6208c9926.jpeg',0,'2018-12-08 06:17:44','2018-12-08 06:26:18','2018-12-08 06:26:18'),(10,3,'111','國是一個有悠久教育傳統的國家，其教育體系經過幾百年的沿革，以傑出的教學品質著稱，被稱為世界高等教育的發源地，於世界大學排名前10名中，英國大學就佔了4所，並培養出近百位的諾貝爾獎得主，是全球獲諾貝爾獎人數第2多的國家。','upload/country/5c0b622095fda.jpeg','upload/country/5c0b622096395.jpeg','upload/country/5c0b622096c9c.jpeg','upload/country/5c0b62209734d.jpeg',NULL,0,'2018-12-08 06:18:08','2018-12-08 06:26:19','2018-12-08 06:26:19'),(11,2,NULL,NULL,'upload/country/5c0d12b00b8e7.jpeg','upload/country/5c1218f191172.jpeg','upload/country/5c1218f19156e.jpeg','upload/country/5c1218f191c7a.jpeg','upload/country/5c1218f191f72.jpeg',0,'2018-12-09 13:03:44','2018-12-14 03:46:10','2018-12-14 03:46:10');

--
